216.73.217.151 - - [24/Aug/2026:07:53:32 +0800] "GET /?fileloc=%2Fhome%2Fhttpd%2Fvhosts%2Frajlaw.com.tw%2Fhttpdocs%2Fwp-admin%2Fimages%2Fmenu-vs.png&path=%2Fhome%2Fhttpd%2Fvhosts%2Frajlaw.com.tw%2Fhttpdocs%2Fwp-admin%2Fimages HTTP/1.1" 200 12705 "-" "Mozilla/5.0 AppleWebKit/537.36 (KHTML, like Gecko; compatible; ClaudeBot/1.0; +claudebot@anthropic.com)"
216.73.217.151 - - [24/Aug/2026:07:53:32 +0800] "GET /?fileloc=%2Fhome%2Fhttpd%2Fvhosts%2Frajlaw.com.tw%2Fhttpdocs%2Fwp-admin%2Fimages%2Fmenu.png&path=%2Fhome%2Fhttpd%2Fvhosts%2Frajlaw.com.tw%2Fhttpdocs%2Fwp-admin%2Fimages HTTP/1.1" 200 12702 "-" "Mozilla/5.0 AppleWebKit/537.36 (KHTML, like Gecko; compatible; ClaudeBot/1.0; +claudebot@anthropic.com)"
216.73.217.151 - - [24/Aug/2026:07:53:32 +0800] "GET /?fileloc=%2Fhome%2Fhttpd%2Fvhosts%2Frajlaw.com.tw%2Fhttpdocs%2Fwp-admin%2Fimages%2Fspinner.gif&path=%2Fhome%2Fhttpd%2Fvhosts%2Frajlaw.com.tw%2Fhttpdocs%2Fwp-admin%2Fimages HTTP/1.1" 200 12705 "-" "Mozilla/5.0 AppleWebKit/537.36 (KHTML, like Gecko; compatible; ClaudeBot/1.0; +claudebot@anthropic.com)"
216.73.217.151 - - [24/Aug/2026:07:53:32 +0800] "GET /?fileloc=%2Fhome%2Fhttpd%2Fvhosts%2Frajlaw.com.tw%2Fhttpdocs%2Fwp-admin%2Fimages%2Fprivacy.svg&path=%2Fhome%2Fhttpd%2Fvhosts%2Frajlaw.com.tw%2Fhttpdocs%2Fwp-admin%2Fimages HTTP/1.1" 200 14317 "-" "Mozilla/5.0 AppleWebKit/537.36 (KHTML, like Gecko; compatible; ClaudeBot/1.0; +claudebot@anthropic.com)"
216.73.217.151 - - [24/Aug/2026:07:53:33 +0800] "GET /?fileloc=%2Fhome%2Fhttpd%2Fvhosts%2Frajlaw.com.tw%2Fhttpdocs%2Fwp-admin%2Fimages%2Fsort-2x.gif&path=%2Fhome%2Fhttpd%2Fvhosts%2Frajlaw.com.tw%2Fhttpdocs%2Fwp-admin%2Fimages HTTP/1.1" 200 12705 "-" "Mozilla/5.0 AppleWebKit/537.36 (KHTML, like Gecko; compatible; ClaudeBot/1.0; +claudebot@anthropic.com)"
216.73.217.151 - - [24/Aug/2026:07:53:33 +0800] "GET /?fileloc=%2Fhome%2Fhttpd%2Fvhosts%2Frajlaw.com.tw%2Fhttpdocs%2Fwp-admin%2Fimages%2Falign-none.png&path=%2Fhome%2Fhttpd%2Fvhosts%2Frajlaw.com.tw%2Fhttpdocs%2Fwp-admin%2Fimages HTTP/1.1" 200 12708 "-" "Mozilla/5.0 AppleWebKit/537.36 (KHTML, like Gecko; compatible; ClaudeBot/1.0; +claudebot@anthropic.com)"
216.73.217.151 - - [24/Aug/2026:07:53:33 +0800] "GET /?fileloc=%2Fhome%2Fhttpd%2Fvhosts%2Frajlaw.com.tw%2Fhttpdocs%2Fwp-admin%2Fimages%2Fbrowser-rtl.png&path=%2Fhome%2Fhttpd%2Fvhosts%2Frajlaw.com.tw%2Fhttpdocs%2Fwp-admin%2Fimages HTTP/1.1" 200 12709 "-" "Mozilla/5.0 AppleWebKit/537.36 (KHTML, like Gecko; compatible; ClaudeBot/1.0; +claudebot@anthropic.com)"
216.73.217.151 - - [24/Aug/2026:07:53:34 +0800] "GET /?fileloc=%2Fhome%2Fhttpd%2Fvhosts%2Frajlaw.com.tw%2Fhttpdocs%2Fwp-admin%2Fimages%2Fabout-header-get-involved.svg&path=%2Fhome%2Fhttpd%2Fvhosts%2Frajlaw.com.tw%2Fhttpdocs%2Fwp-admin%2Fimages HTTP/1.1" 200 14381 "-" "Mozilla/5.0 AppleWebKit/537.36 (KHTML, like Gecko; compatible; ClaudeBot/1.0; +claudebot@anthropic.com)"
216.73.217.151 - - [24/Aug/2026:07:53:35 +0800] "GET /?fileloc=%2Fhome%2Fhttpd%2Fvhosts%2Frajlaw.com.tw%2Fhttpdocs%2Fwp-admin%2Fimages%2Falign-left.png&path=%2Fhome%2Fhttpd%2Fvhosts%2Frajlaw.com.tw%2Fhttpdocs%2Fwp-admin%2Fimages HTTP/1.1" 200 12708 "-" "Mozilla/5.0 AppleWebKit/537.36 (KHTML, like Gecko; compatible; ClaudeBot/1.0; +claudebot@anthropic.com)"
216.73.217.151 - - [24/Aug/2026:07:53:35 +0800] "GET /?fileloc=%2Fhome%2Fhttpd%2Fvhosts%2Frajlaw.com.tw%2Fhttpdocs%2Fwp-admin%2Fimages%2Fgeneric.png&path=%2Fhome%2Fhttpd%2Fvhosts%2Frajlaw.com.tw%2Fhttpdocs%2Fwp-admin%2Fimages HTTP/1.1" 200 12705 "-" "Mozilla/5.0 AppleWebKit/537.36 (KHTML, like Gecko; compatible; ClaudeBot/1.0; +claudebot@anthropic.com)"
216.73.217.151 - - [24/Aug/2026:07:53:35 +0800] "GET /?fileloc=%2Fhome%2Fhttpd%2Fvhosts%2Frajlaw.com.tw%2Fhttpdocs%2Fwp-admin%2Fimages%2Fwordpress-logo.png&path=%2Fhome%2Fhttpd%2Fvhosts%2Frajlaw.com.tw%2Fhttpdocs%2Fwp-admin%2Fimages HTTP/1.1" 200 12712 "-" "Mozilla/5.0 AppleWebKit/537.36 (KHTML, like Gecko; compatible; ClaudeBot/1.0; +claudebot@anthropic.com)"
216.73.217.151 - - [24/Aug/2026:07:53:37 +0800] "GET /?fileloc=%2Fhome%2Fhttpd%2Fvhosts%2Frajlaw.com.tw%2Fhttpdocs%2Fwp-admin%2Fimages%2Fabout-header-privacy.svg&path=%2Fhome%2Fhttpd%2Fvhosts%2Frajlaw.com.tw%2Fhttpdocs%2Fwp-admin%2Fimages HTTP/1.1" 200 14145 "-" "Mozilla/5.0 AppleWebKit/537.36 (KHTML, like Gecko; compatible; ClaudeBot/1.0; +claudebot@anthropic.com)"
216.73.217.151 - - [24/Aug/2026:07:53:37 +0800] "GET /?fileloc=%2Fhome%2Fhttpd%2Fvhosts%2Frajlaw.com.tw%2Fhttpdocs%2Fwp-admin%2Fimages%2Fresize.gif&path=%2Fhome%2Fhttpd%2Fvhosts%2Frajlaw.com.tw%2Fhttpdocs%2Fwp-admin%2Fimages HTTP/1.1" 200 12704 "-" "Mozilla/5.0 AppleWebKit/537.36 (KHTML, like Gecko; compatible; ClaudeBot/1.0; +claudebot@anthropic.com)"
216.73.217.151 - - [24/Aug/2026:07:53:38 +0800] "GET /?fileloc=%2Fhome%2Fhttpd%2Fvhosts%2Frajlaw.com.tw%2Fhttpdocs%2Fwp-admin%2Fimages%2Fbrowser.png&path=%2Fhome%2Fhttpd%2Fvhosts%2Frajlaw.com.tw%2Fhttpdocs%2Fwp-admin%2Fimages HTTP/1.1" 200 12705 "-" "Mozilla/5.0 AppleWebKit/537.36 (KHTML, like Gecko; compatible; ClaudeBot/1.0; +claudebot@anthropic.com)"
216.73.217.151 - - [24/Aug/2026:07:53:37 +0800] "GET /?fileloc=%2Fhome%2Fhttpd%2Fvhosts%2Frajlaw.com.tw%2Fhttpdocs%2Fwp-admin%2Fimages%2Fdate-button-2x.gif&path=%2Fhome%2Fhttpd%2Fvhosts%2Frajlaw.com.tw%2Fhttpdocs%2Fwp-admin%2Fimages HTTP/1.1" 200 12712 "-" "Mozilla/5.0 AppleWebKit/537.36 (KHTML, like Gecko; compatible; ClaudeBot/1.0; +claudebot@anthropic.com)"
216.73.217.151 - - [24/Aug/2026:07:53:38 +0800] "GET /?fileloc=%2Fhome%2Fhttpd%2Fvhosts%2Frajlaw.com.tw%2Fhttpdocs%2Fwp-admin%2Fimages%2Fwordpress-logo-white.svg&path=%2Fhome%2Fhttpd%2Fvhosts%2Frajlaw.com.tw%2Fhttpdocs%2Fwp-admin%2Fimages HTTP/1.1" 200 14487 "-" "Mozilla/5.0 AppleWebKit/537.36 (KHTML, like Gecko; compatible; ClaudeBot/1.0; +claudebot@anthropic.com)"
216.73.217.151 - - [24/Aug/2026:07:53:39 +0800] "GET /?fileloc=%2Fhome%2Fhttpd%2Fvhosts%2Frajlaw.com.tw%2Fhttpdocs%2Fwp-admin%2Fimages%2Fdashboard-background.svg&path=%2Fhome%2Fhttpd%2Fvhosts%2Frajlaw.com.tw%2Fhttpdocs%2Fwp-admin%2Fimages HTTP/1.1" 200 17949 "-" "Mozilla/5.0 AppleWebKit/537.36 (KHTML, like Gecko; compatible; ClaudeBot/1.0; +claudebot@anthropic.com)"
216.73.217.151 - - [24/Aug/2026:07:53:39 +0800] "GET /?fileloc=%2Fhome%2Fhttpd%2Fvhosts%2Frajlaw.com.tw%2Fhttpdocs%2Fwp-admin%2Fimages%2Fwordpress-logo-gray.svg&path=%2Fhome%2Fhttpd%2Fvhosts%2Frajlaw.com.tw%2Fhttpdocs%2Fwp-admin%2Fimages HTTP/1.1" 200 14422 "-" "Mozilla/5.0 AppleWebKit/537.36 (KHTML, like Gecko; compatible; ClaudeBot/1.0; +claudebot@anthropic.com)"
216.73.217.151 - - [24/Aug/2026:07:53:40 +0800] "GET /?fileloc=%2Fhome%2Fhttpd%2Fvhosts%2Frajlaw.com.tw%2Fhttpdocs%2Fwp-admin%2Fimages%2Fsort.gif&path=%2Fhome%2Fhttpd%2Fvhosts%2Frajlaw.com.tw%2Fhttpdocs%2Fwp-admin%2Fimages HTTP/1.1" 200 12702 "-" "Mozilla/5.0 AppleWebKit/537.36 (KHTML, like Gecko; compatible; ClaudeBot/1.0; +claudebot@anthropic.com)"
216.73.217.151 - - [24/Aug/2026:07:53:40 +0800] "GET /?fileloc=%2Fhome%2Fhttpd%2Fvhosts%2Frajlaw.com.tw%2Fhttpdocs%2Fwp-admin%2Fimages%2Fdate-button.gif&path=%2Fhome%2Fhttpd%2Fvhosts%2Frajlaw.com.tw%2Fhttpdocs%2Fwp-admin%2Fimages HTTP/1.1" 200 12709 "-" "Mozilla/5.0 AppleWebKit/537.36 (KHTML, like Gecko; compatible; ClaudeBot/1.0; +claudebot@anthropic.com)"
216.73.217.151 - - [24/Aug/2026:07:53:40 +0800] "GET /?fileloc=%2Fhome%2Fhttpd%2Fvhosts%2Frajlaw.com.tw%2Fhttpdocs%2Fwp-admin%2Fimages%2Fwordpress-logo.svg&path=%2Fhome%2Fhttpd%2Fvhosts%2Frajlaw.com.tw%2Fhttpdocs%2Fwp-admin%2Fimages HTTP/1.1" 200 14417 "-" "Mozilla/5.0 AppleWebKit/537.36 (KHTML, like Gecko; compatible; ClaudeBot/1.0; +claudebot@anthropic.com)"
216.73.217.151 - - [24/Aug/2026:07:53:41 +0800] "GET /?fileloc=%2Fhome%2Fhttpd%2Fvhosts%2Frajlaw.com.tw%2Fhttpdocs%2Fwp-admin%2Fjs%2Fsite-health.min.js&path=%2Fhome%2Fhttpd%2Fvhosts%2Frajlaw.com.tw%2Fhttpdocs%2Fwp-admin%2Fjs HTTP/1.1" 200 20793 "-" "Mozilla/5.0 AppleWebKit/537.36 (KHTML, like Gecko; compatible; ClaudeBot/1.0; +claudebot@anthropic.com)"
216.73.217.151 - - [24/Aug/2026:07:53:41 +0800] "GET /?fileloc=%2Fhome%2Fhttpd%2Fvhosts%2Frajlaw.com.tw%2Fhttpdocs%2Fwp-admin%2Fimages%2Fabout-header-default-rtl.svg&path=%2Fhome%2Fhttpd%2Fvhosts%2Frajlaw.com.tw%2Fhttpdocs%2Fwp-admin%2Fimages HTTP/1.1" 200 17411 "-" "Mozilla/5.0 AppleWebKit/537.36 (KHTML, like Gecko; compatible; ClaudeBot/1.0; +claudebot@anthropic.com)"
216.73.217.151 - - [24/Aug/2026:07:53:41 +0800] "GET /?fileloc=%2Fhome%2Fhttpd%2Fvhosts%2Frajlaw.com.tw%2Fhttpdocs%2Fwp-admin%2Fimages%2Fabout-header-default.svg&path=%2Fhome%2Fhttpd%2Fvhosts%2Frajlaw.com.tw%2Fhttpdocs%2Fwp-admin%2Fimages HTTP/1.1" 200 17230 "-" "Mozilla/5.0 AppleWebKit/537.36 (KHTML, like Gecko; compatible; ClaudeBot/1.0; +claudebot@anthropic.com)"
216.73.217.151 - - [24/Aug/2026:07:53:42 +0800] "GET /?fileloc=%2Fhome%2Fhttpd%2Fvhosts%2Frajlaw.com.tw%2Fhttpdocs%2Fwp-admin%2Fjs%2Fsite-health.js&path=%2Fhome%2Fhttpd%2Fvhosts%2Frajlaw.com.tw%2Fhttpdocs%2Fwp-admin%2Fjs HTTP/1.1" 200 26860 "-" "Mozilla/5.0 AppleWebKit/537.36 (KHTML, like Gecko; compatible; ClaudeBot/1.0; +claudebot@anthropic.com)"
216.73.217.151 - - [24/Aug/2026:07:53:42 +0800] "GET /?fileloc=%2Fhome%2Fhttpd%2Fvhosts%2Frajlaw.com.tw%2Fhttpdocs%2Fwp-admin%2Fimages%2Floading.gif&path=%2Fhome%2Fhttpd%2Fvhosts%2Frajlaw.com.tw%2Fhttpdocs%2Fwp-admin%2Fimages HTTP/1.1" 200 12705 "-" "Mozilla/5.0 AppleWebKit/537.36 (KHTML, like Gecko; compatible; ClaudeBot/1.0; +claudebot@anthropic.com)"
216.73.217.151 - - [24/Aug/2026:07:53:42 +0800] "GET /?fileloc=%2Fhome%2Fhttpd%2Fvhosts%2Frajlaw.com.tw%2Fhttpdocs%2Fwp-admin%2Fimages%2Fcontribute-no-code.svg&path=%2Fhome%2Fhttpd%2Fvhosts%2Frajlaw.com.tw%2Fhttpdocs%2Fwp-admin%2Fimages HTTP/1.1" 200 23709 "-" "Mozilla/5.0 AppleWebKit/537.36 (KHTML, like Gecko; compatible; ClaudeBot/1.0; +claudebot@anthropic.com)"
216.73.217.151 - - [24/Aug/2026:07:53:43 +0800] "GET /?fileloc=%2Fhome%2Fhttpd%2Fvhosts%2Frajlaw.com.tw%2Fhttpdocs%2Fwp-admin%2Fjs%2Finline-edit-tax.min.js&path=%2Fhome%2Fhttpd%2Fvhosts%2Frajlaw.com.tw%2Fhttpdocs%2Fwp-admin%2Fjs HTTP/1.1" 200 16634 "-" "Mozilla/5.0 AppleWebKit/537.36 (KHTML, like Gecko; compatible; ClaudeBot/1.0; +claudebot@anthropic.com)"
216.73.217.151 - - [24/Aug/2026:07:53:43 +0800] "GET /?fileloc=%2Fhome%2Fhttpd%2Fvhosts%2Frajlaw.com.tw%2Fhttpdocs%2Fwp-admin%2Fjs%2Finline-edit-tax.js&path=%2Fhome%2Fhttpd%2Fvhosts%2Frajlaw.com.tw%2Fhttpdocs%2Fwp-admin%2Fjs HTTP/1.1" 200 20599 "-" "Mozilla/5.0 AppleWebKit/537.36 (KHTML, like Gecko; compatible; ClaudeBot/1.0; +claudebot@anthropic.com)"
216.73.217.151 - - [24/Aug/2026:07:53:44 +0800] "GET /?fileloc=%2Fhome%2Fhttpd%2Fvhosts%2Frajlaw.com.tw%2Fhttpdocs%2Fwp-admin%2Fjs%2Faccordion.min.js&path=%2Fhome%2Fhttpd%2Fvhosts%2Frajlaw.com.tw%2Fhttpdocs%2Fwp-admin%2Fjs HTTP/1.1" 200 13674 "-" "Mozilla/5.0 AppleWebKit/537.36 (KHTML, like Gecko; compatible; ClaudeBot/1.0; +claudebot@anthropic.com)"
216.73.217.151 - - [24/Aug/2026:07:53:44 +0800] "GET /?fileloc=%2Fhome%2Fhttpd%2Fvhosts%2Frajlaw.com.tw%2Fhttpdocs%2Fwp-admin%2Fimages%2Fcontribute-code.svg&path=%2Fhome%2Fhttpd%2Fvhosts%2Frajlaw.com.tw%2Fhttpdocs%2Fwp-admin%2Fimages HTTP/1.1" 200 24331 "-" "Mozilla/5.0 AppleWebKit/537.36 (KHTML, like Gecko; compatible; ClaudeBot/1.0; +claudebot@anthropic.com)"
216.73.217.151 - - [24/Aug/2026:07:53:44 +0800] "GET /?fileloc=%2Fhome%2Fhttpd%2Fvhosts%2Frajlaw.com.tw%2Fhttpdocs%2Fwp-admin%2Fjs%2Fmedia-gallery.min.js&path=%2Fhome%2Fhttpd%2Fvhosts%2Frajlaw.com.tw%2Fhttpdocs%2Fwp-admin%2Fjs HTTP/1.1" 200 13429 "-" "Mozilla/5.0 AppleWebKit/537.36 (KHTML, like Gecko; compatible; ClaudeBot/1.0; +claudebot@anthropic.com)"
216.73.217.151 - - [24/Aug/2026:07:53:45 +0800] "GET /?fileloc=%2Fhome%2Fhttpd%2Fvhosts%2Frajlaw.com.tw%2Fhttpdocs%2Fwp-admin%2Fjs%2Fcolor-picker.min.js&path=%2Fhome%2Fhttpd%2Fvhosts%2Frajlaw.com.tw%2Fhttpdocs%2Fwp-admin%2Fjs HTTP/1.1" 200 17066 "-" "Mozilla/5.0 AppleWebKit/537.36 (KHTML, like Gecko; compatible; ClaudeBot/1.0; +claudebot@anthropic.com)"
216.73.217.151 - - [24/Aug/2026:07:53:45 +0800] "GET /?fileloc=%2Fhome%2Fhttpd%2Fvhosts%2Frajlaw.com.tw%2Fhttpdocs%2Fwp-admin%2Fjs%2Faccordion.js&path=%2Fhome%2Fhttpd%2Fvhosts%2Frajlaw.com.tw%2Fhttpdocs%2Fwp-admin%2Fjs HTTP/1.1" 200 16003 "-" "Mozilla/5.0 AppleWebKit/537.36 (KHTML, like Gecko; compatible; ClaudeBot/1.0; +claudebot@anthropic.com)"
216.73.217.151 - - [24/Aug/2026:07:53:46 +0800] "GET /?fileloc=%2Fhome%2Fhttpd%2Fvhosts%2Frajlaw.com.tw%2Fhttpdocs%2Fwp-admin%2Fjs%2Fmedia-gallery.js&path=%2Fhome%2Fhttpd%2Fvhosts%2Frajlaw.com.tw%2Fhttpdocs%2Fwp-admin%2Fjs HTTP/1.1" 200 14019 "-" "Mozilla/5.0 AppleWebKit/537.36 (KHTML, like Gecko; compatible; ClaudeBot/1.0; +claudebot@anthropic.com)"
216.73.217.151 - - [24/Aug/2026:07:53:46 +0800] "GET /?fileloc=%2Fhome%2Fhttpd%2Fvhosts%2Frajlaw.com.tw%2Fhttpdocs%2Fwp-admin%2Fjs%2Fsite-icon.min.js&path=%2Fhome%2Fhttpd%2Fvhosts%2Frajlaw.com.tw%2Fhttpdocs%2Fwp-admin%2Fjs HTTP/1.1" 200 15901 "-" "Mozilla/5.0 AppleWebKit/537.36 (KHTML, like Gecko; compatible; ClaudeBot/1.0; +claudebot@anthropic.com)"
216.73.217.151 - - [24/Aug/2026:07:53:47 +0800] "GET /?fileloc=%2Fhome%2Fhttpd%2Fvhosts%2Frajlaw.com.tw%2Fhttpdocs%2Fwp-admin%2Fjs%2Fxfn.min.js&path=%2Fhome%2Fhttpd%2Fvhosts%2Frajlaw.com.tw%2Fhttpdocs%2Fwp-admin%2Fjs HTTP/1.1" 200 13336 "-" "Mozilla/5.0 AppleWebKit/537.36 (KHTML, like Gecko; compatible; ClaudeBot/1.0; +claudebot@anthropic.com)"
216.73.217.151 - - [24/Aug/2026:07:53:47 +0800] "GET /?fileloc=%2Fhome%2Fhttpd%2Fvhosts%2Frajlaw.com.tw%2Fhttpdocs%2Fwp-admin%2Fjs%2Fsvg-painter.min.js&path=%2Fhome%2Fhttpd%2Fvhosts%2Frajlaw.com.tw%2Fhttpdocs%2Fwp-admin%2Fjs HTTP/1.1" 200 14635 "-" "Mozilla/5.0 AppleWebKit/537.36 (KHTML, like Gecko; compatible; ClaudeBot/1.0; +claudebot@anthropic.com)"
216.73.217.151 - - [24/Aug/2026:07:53:47 +0800] "GET /?fileloc=%2Fhome%2Fhttpd%2Fvhosts%2Frajlaw.com.tw%2Fhttpdocs%2Fwp-admin%2Fjs%2Fcolor-picker.js&path=%2Fhome%2Fhttpd%2Fvhosts%2Frajlaw.com.tw%2Fhttpdocs%2Fwp-admin%2Fjs HTTP/1.1" 200 22666 "-" "Mozilla/5.0 AppleWebKit/537.36 (KHTML, like Gecko; compatible; ClaudeBot/1.0; +claudebot@anthropic.com)"
216.73.217.151 - - [24/Aug/2026:07:53:47 +0800] "GET /?fileloc=%2Fhome%2Fhttpd%2Fvhosts%2Frajlaw.com.tw%2Fhttpdocs%2Fwp-admin%2Fjs%2Fpassword-strength-meter.min.js&path=%2Fhome%2Fhttpd%2Fvhosts%2Frajlaw.com.tw%2Fhttpdocs%2Fwp-admin%2Fjs HTTP/1.1" 200 14067 "-" "Mozilla/5.0 AppleWebKit/537.36 (KHTML, like Gecko; compatible; ClaudeBot/1.0; +claudebot@anthropic.com)"
216.73.217.151 - - [24/Aug/2026:07:53:48 +0800] "GET /?fileloc=%2Fhome%2Fhttpd%2Fvhosts%2Frajlaw.com.tw%2Fhttpdocs%2Fwp-admin%2Fjs%2Fmedia-upload.min.js&path=%2Fhome%2Fhttpd%2Fvhosts%2Frajlaw.com.tw%2Fhttpdocs%2Fwp-admin%2Fjs HTTP/1.1" 200 14148 "-" "Mozilla/5.0 AppleWebKit/537.36 (KHTML, like Gecko; compatible; ClaudeBot/1.0; +claudebot@anthropic.com)"
216.73.217.151 - - [24/Aug/2026:07:53:48 +0800] "GET /?fileloc=%2Fhome%2Fhttpd%2Fvhosts%2Frajlaw.com.tw%2Fhttpdocs%2Fwp-admin%2Fjs%2Fmedia.min.js&path=%2Fhome%2Fhttpd%2Fvhosts%2Frajlaw.com.tw%2Fhttpdocs%2Fwp-admin%2Fjs HTTP/1.1" 200 15779 "-" "Mozilla/5.0 AppleWebKit/537.36 (KHTML, like Gecko; compatible; ClaudeBot/1.0; +claudebot@anthropic.com)"
216.73.217.151 - - [24/Aug/2026:07:53:49 +0800] "GET /?fileloc=%2Fhome%2Fhttpd%2Fvhosts%2Frajlaw.com.tw%2Fhttpdocs%2Fwp-admin%2Fjs%2Fcustomize-nav-menus.min.js&path=%2Fhome%2Fhttpd%2Fvhosts%2Frajlaw.com.tw%2Fhttpdocs%2Fwp-admin%2Fjs HTTP/1.1" 200 69985 "-" "Mozilla/5.0 AppleWebKit/537.36 (KHTML, like Gecko; compatible; ClaudeBot/1.0; +claudebot@anthropic.com)"
216.73.217.151 - - [24/Aug/2026:07:53:49 +0800] "GET /?fileloc=%2Fhome%2Fhttpd%2Fvhosts%2Frajlaw.com.tw%2Fhttpdocs%2Fwp-admin%2Fjs%2Fsite-icon.js&path=%2Fhome%2Fhttpd%2Fvhosts%2Frajlaw.com.tw%2Fhttpdocs%2Fwp-admin%2Fjs HTTP/1.1" 200 19599 "-" "Mozilla/5.0 AppleWebKit/537.36 (KHTML, like Gecko; compatible; ClaudeBot/1.0; +claudebot@anthropic.com)"
216.73.217.151 - - [24/Aug/2026:07:53:50 +0800] "GET /?fileloc=%2Fhome%2Fhttpd%2Fvhosts%2Frajlaw.com.tw%2Fhttpdocs%2Fwp-admin%2Fincludes%2Fclass-wp-site-health-auto-updates.php&path=%2Fhome%2Fhttpd%2Fvhosts%2Frajlaw.com.tw%2Fhttpdocs%2Fwp-admin%2Fincludes HTTP/1.1" 200 27718 "-" "Mozilla/5.0 AppleWebKit/537.36 (KHTML, like Gecko; compatible; ClaudeBot/1.0; +claudebot@anthropic.com)"
216.73.217.151 - - [24/Aug/2026:07:53:50 +0800] "GET /?fileloc=%2Fhome%2Fhttpd%2Fvhosts%2Frajlaw.com.tw%2Fhttpdocs%2Fwp-admin%2Fjs%2Fword-count.min.js&path=%2Fhome%2Fhttpd%2Fvhosts%2Frajlaw.com.tw%2Fhttpdocs%2Fwp-admin%2Fjs HTTP/1.1" 200 14574 "-" "Mozilla/5.0 AppleWebKit/537.36 (KHTML, like Gecko; compatible; ClaudeBot/1.0; +claudebot@anthropic.com)"
66.249.72.199 - - [24/Aug/2026:07:53:50 +0800] "GET /?fileloc=/home/httpd/vhosts/rajlaw.com.tw/httpdocs/wp-admin/css/list-tables-rtl.css&path=/home/httpd/vhosts/rajlaw.com.tw/httpdocs/wp-admin/css HTTP/1.1" 200 65379 "-" "Mozilla/5.0 (Linux; Android 6.0.1; Nexus 5X Build/MMB29P) AppleWebKit/537.36 (KHTML, like Gecko) Chrome/151.0.7922.137 Mobile Safari/537.36 (compatible; Googlebot/2.1; +http://www.google.com/bot.html)"
216.73.217.151 - - [24/Aug/2026:07:53:50 +0800] "GET /?fileloc=%2Fhome%2Fhttpd%2Fvhosts%2Frajlaw.com.tw%2Fhttpdocs%2Fwp-admin%2Fjs%2Fxfn.js&path=%2Fhome%2Fhttpd%2Fvhosts%2Frajlaw.com.tw%2Fhttpdocs%2Fwp-admin%2Fjs HTTP/1.1" 200 13436 "-" "Mozilla/5.0 AppleWebKit/537.36 (KHTML, like Gecko; compatible; ClaudeBot/1.0; +claudebot@anthropic.com)"
216.73.217.151 - - [24/Aug/2026:07:53:51 +0800] "GET /?fileloc=%2Fhome%2Fhttpd%2Fvhosts%2Frajlaw.com.tw%2Fhttpdocs%2Fwp-admin%2Fmaint%2Frepair.php&path=%2Fhome%2Fhttpd%2Fvhosts%2Frajlaw.com.tw%2Fhttpdocs%2Fwp-admin%2Fmaint HTTP/1.1" 200 21506 "-" "Mozilla/5.0 AppleWebKit/537.36 (KHTML, like Gecko; compatible; ClaudeBot/1.0; +claudebot@anthropic.com)"
216.73.217.151 - - [24/Aug/2026:07:53:51 +0800] "GET /?fileloc=%2Fhome%2Fhttpd%2Fvhosts%2Frajlaw.com.tw%2Fhttpdocs%2Fwp-admin%2Fjs%2Feditor-expand.min.js&path=%2Fhome%2Fhttpd%2Fvhosts%2Frajlaw.com.tw%2Fhttpdocs%2Fwp-admin%2Fjs HTTP/1.1" 200 29979 "-" "Mozilla/5.0 AppleWebKit/537.36 (KHTML, like Gecko; compatible; ClaudeBot/1.0; +claudebot@anthropic.com)"
216.73.217.151 - - [24/Aug/2026:07:53:51 +0800] "GET /?fileloc=%2Fhome%2Fhttpd%2Fvhosts%2Frajlaw.com.tw%2Fhttpdocs%2Fwp-admin%2Fjs%2Fsvg-painter.js&path=%2Fhome%2Fhttpd%2Fvhosts%2Frajlaw.com.tw%2Fhttpdocs%2Fwp-admin%2Fjs HTTP/1.1" 200 16080 "-" "Mozilla/5.0 AppleWebKit/537.36 (KHTML, like Gecko; compatible; ClaudeBot/1.0; +claudebot@anthropic.com)"
216.73.217.151 - - [24/Aug/2026:07:53:52 +0800] "GET /?fileloc=%2Fhome%2Fhttpd%2Fvhosts%2Frajlaw.com.tw%2Fhttpdocs%2Fwp-admin%2Fjs%2Flink.min.js&path=%2Fhome%2Fhttpd%2Fvhosts%2Frajlaw.com.tw%2Fhttpdocs%2Fwp-admin%2Fjs HTTP/1.1" 200 15963 "-" "Mozilla/5.0 AppleWebKit/537.36 (KHTML, like Gecko; compatible; ClaudeBot/1.0; +claudebot@anthropic.com)"
216.73.217.151 - - [24/Aug/2026:07:53:52 +0800] "GET /?fileloc=%2Fhome%2Fhttpd%2Fvhosts%2Frajlaw.com.tw%2Fhttpdocs%2Fwp-admin%2Fjs%2Fuser-suggest.min.js&path=%2Fhome%2Fhttpd%2Fvhosts%2Frajlaw.com.tw%2Fhttpdocs%2Fwp-admin%2Fjs HTTP/1.1" 200 13585 "-" "Mozilla/5.0 AppleWebKit/537.36 (KHTML, like Gecko; compatible; ClaudeBot/1.0; +claudebot@anthropic.com)"
216.73.217.151 - - [24/Aug/2026:07:53:53 +0800] "GET /?fileloc=%2Fhome%2Fhttpd%2Fvhosts%2Frajlaw.com.tw%2Fhttpdocs%2Fwp-admin%2Fjs%2Flanguage-chooser.min.js&path=%2Fhome%2Fhttpd%2Fvhosts%2Frajlaw.com.tw%2Fhttpdocs%2Fwp-admin%2Fjs HTTP/1.1" 200 13296 "-" "Mozilla/5.0 AppleWebKit/537.36 (KHTML, like Gecko; compatible; ClaudeBot/1.0; +claudebot@anthropic.com)"
216.73.217.151 - - [24/Aug/2026:07:53:53 +0800] "GET /?fileloc=%2Fhome%2Fhttpd%2Fvhosts%2Frajlaw.com.tw%2Fhttpdocs%2Fwp-admin%2Fjs%2Frevisions.min.js&path=%2Fhome%2Fhttpd%2Fvhosts%2Frajlaw.com.tw%2Fhttpdocs%2Fwp-admin%2Fjs HTTP/1.1" 200 33777 "-" "Mozilla/5.0 AppleWebKit/537.36 (KHTML, like Gecko; compatible; ClaudeBot/1.0; +claudebot@anthropic.com)"
216.73.217.151 - - [24/Aug/2026:07:53:53 +0800] "GET /?fileloc=%2Fhome%2Fhttpd%2Fvhosts%2Frajlaw.com.tw%2Fhttpdocs%2Fwp-admin%2Fjs%2Fpassword-strength-meter.js&path=%2Fhome%2Fhttpd%2Fvhosts%2Frajlaw.com.tw%2Fhttpdocs%2Fwp-admin%2Fjs HTTP/1.1" 200 17001 "-" "Mozilla/5.0 AppleWebKit/537.36 (KHTML, like Gecko; compatible; ClaudeBot/1.0; +claudebot@anthropic.com)"
216.73.217.151 - - [24/Aug/2026:07:53:54 +0800] "GET /?fileloc=%2Fhome%2Fhttpd%2Fvhosts%2Frajlaw.com.tw%2Fhttpdocs%2Fwp-admin%2Fincludes%2Fclass-wp-ajax-upgrader-skin.php&path=%2Fhome%2Fhttpd%2Fvhosts%2Frajlaw.com.tw%2Fhttpdocs%2Fwp-admin%2Fincludes HTTP/1.1" 200 17048 "-" "Mozilla/5.0 AppleWebKit/537.36 (KHTML, like Gecko; compatible; ClaudeBot/1.0; +claudebot@anthropic.com)"
216.73.217.151 - - [24/Aug/2026:07:53:54 +0800] "GET /?fileloc=%2Fhome%2Fhttpd%2Fvhosts%2Frajlaw.com.tw%2Fhttpdocs%2Fwp-admin%2Fjs%2Fmedia-upload.js&path=%2Fhome%2Fhttpd%2Fvhosts%2Frajlaw.com.tw%2Fhttpdocs%2Fwp-admin%2Fjs HTTP/1.1" 200 16197 "-" "Mozilla/5.0 AppleWebKit/537.36 (KHTML, like Gecko; compatible; ClaudeBot/1.0; +claudebot@anthropic.com)"
216.73.217.151 - - [24/Aug/2026:07:53:55 +0800] "GET /?fileloc=%2Fhome%2Fhttpd%2Fvhosts%2Frajlaw.com.tw%2Fhttpdocs%2Fwp-admin%2Fjs%2Fgallery.min.js&path=%2Fhome%2Fhttpd%2Fvhosts%2Frajlaw.com.tw%2Fhttpdocs%2Fwp-admin%2Fjs HTTP/1.1" 200 17663 "-" "Mozilla/5.0 AppleWebKit/537.36 (KHTML, like Gecko; compatible; ClaudeBot/1.0; +claudebot@anthropic.com)"
52.167.144.227 - - [24/Aug/2026:07:54:01 +0800] "GET /to-view-all-of-our-over-slots-library-check-out-our-very-own-dedicated-100-free-slots-page/ HTTP/1.1" 200 53768 "-" "Mozilla/5.0 AppleWebKit/537.36 (KHTML, like Gecko; compatible; bingbot/2.0; +http://www.bing.com/bingbot.htm) Chrome/116.0.1938.76 Safari/537.36"
66.249.71.227 - - [24/Aug/2026:07:54:04 +0800] "GET /?fileloc=/home/httpd/vhosts/rajlaw.com.tw/httpdocs/wp-admin/css/admin-menu.min.css&path=/home/httpd/vhosts/rajlaw.com.tw/httpdocs/wp-admin/css HTTP/1.1" 200 33085 "-" "Mozilla/5.0 (Linux; Android 6.0.1; Nexus 5X Build/MMB29P) AppleWebKit/537.36 (KHTML, like Gecko) Chrome/151.0.7922.137 Mobile Safari/537.36 (compatible; Googlebot/2.1; +http://www.google.com/bot.html)"
66.249.72.200 - - [24/Aug/2026:07:54:10 +0800] "GET /regardless-of-if-transmits-can-take-slightly-more-than-most-other-commission-procedures-they-could-be-common-getting-larger-deals/?fileloc=/home/httpd/vhosts/rajlaw.com.tw/httpdocs/license.txt&path=/home/httpd/vhosts/rajlaw.com.tw/httpdocs HTTP/1.1" 200 37479 "-" "Mozilla/5.0 (Linux; Android 6.0.1; Nexus 5X Build/MMB29P) AppleWebKit/537.36 (KHTML, like Gecko) Chrome/151.0.7922.137 Mobile Safari/537.36 (compatible; GoogleOther)"
57.141.14.6 - - [24/Aug/2026:07:54:13 +0800] "GET / HTTP/1.1" 200 53824 "-" "facebookexternalhit/1.1 (+http://www.facebook.com/externalhit_uatext.php)"
40.77.167.76 - - [24/Aug/2026:07:54:15 +0800] "GET /%E7%8E%89%E4%BA%95%E5%8D%80%E5%A4%9A%E5%8A%9F%E8%83%BD%E6%B4%BB%E5%8B%95%E4%B8%AD%E5%BF%83%E5%8B%95%E5%9C%9F%EF%BC%81%E9%BB%83%E5%81%89%E5%93%B2%E6%8A%95%E5%85%A57900%E8%90%AC%E5%85%83%E6%89%93/?path=/home/httpd/vhosts/rajlaw.com.tw HTTP/1.1" 200 28799 "-" "Mozilla/5.0 AppleWebKit/537.36 (KHTML, like Gecko; compatible; bingbot/2.0; +http://www.bing.com/bingbot.htm) Chrome/116.0.1938.76 Safari/537.36"
66.249.72.199 - - [24/Aug/2026:07:54:15 +0800] "GET /?fileloc=/home/httpd/vhosts/rajlaw.com.tw/httpdocs/wp-admin/css/admin-menu-rtl.css&path=/home/httpd/vhosts/rajlaw.com.tw/httpdocs/wp-admin/css HTTP/1.1" 200 36670 "-" "Mozilla/5.0 (Linux; Android 6.0.1; Nexus 5X Build/MMB29P) AppleWebKit/537.36 (KHTML, like Gecko) Chrome/151.0.7922.137 Mobile Safari/537.36 (compatible; Googlebot/2.1; +http://www.google.com/bot.html)"
40.77.167.76 - - [24/Aug/2026:07:54:16 +0800] "GET /%E7%8E%89%E4%BA%95%E5%8D%80%E5%A4%9A%E5%8A%9F%E8%83%BD%E6%B4%BB%E5%8B%95%E4%B8%AD%E5%BF%83%E5%8B%95%E5%9C%9F%EF%BC%81%E9%BB%83%E5%81%89%E5%93%B2%E6%8A%95%E5%85%A57900%E8%90%AC%E5%85%83%E6%89%93/?path=/home/httpd/vhosts/rajlaw.com.tw/httpdocs/wp-includes HTTP/1.1" 200 481568 "-" "Mozilla/5.0 AppleWebKit/537.36 (KHTML, like Gecko; compatible; bingbot/2.0; +http://www.bing.com/bingbot.htm) Chrome/116.0.1938.76 Safari/537.36"
40.77.167.76 - - [24/Aug/2026:07:54:18 +0800] "GET /%E7%8E%89%E4%BA%95%E5%8D%80%E5%A4%9A%E5%8A%9F%E8%83%BD%E6%B4%BB%E5%8B%95%E4%B8%AD%E5%BF%83%E5%8B%95%E5%9C%9F%EF%BC%81%E9%BB%83%E5%81%89%E5%93%B2%E6%8A%95%E5%85%A57900%E8%90%AC%E5%85%83%E6%89%93/?fileloc=/home/httpd/vhosts/rajlaw.com.tw/httpdocs/wp-comments-post.php&path=/home/httpd/vhosts/rajlaw.com.tw/httpdocs HTTP/1.1" 200 14927 "-" "Mozilla/5.0 AppleWebKit/537.36 (KHTML, like Gecko; compatible; bingbot/2.0; +http://www.bing.com/bingbot.htm) Chrome/116.0.1938.76 Safari/537.36"
40.77.167.76 - - [24/Aug/2026:07:54:19 +0800] "GET /%E7%8E%89%E4%BA%95%E5%8D%80%E5%A4%9A%E5%8A%9F%E8%83%BD%E6%B4%BB%E5%8B%95%E4%B8%AD%E5%BF%83%E5%8B%95%E5%9C%9F%EF%BC%81%E9%BB%83%E5%81%89%E5%93%B2%E6%8A%95%E5%85%A57900%E8%90%AC%E5%85%83%E6%89%93/?path=/home/httpd/vhosts/rajlaw.com.tw/httpdocs/.tmb HTTP/1.1" 200 12955 "-" "Mozilla/5.0 AppleWebKit/537.36 (KHTML, like Gecko; compatible; bingbot/2.0; +http://www.bing.com/bingbot.htm) Chrome/116.0.1938.76 Safari/537.36"
40.77.167.76 - - [24/Aug/2026:07:54:20 +0800] "GET /%E7%8E%89%E4%BA%95%E5%8D%80%E5%A4%9A%E5%8A%9F%E8%83%BD%E6%B4%BB%E5%8B%95%E4%B8%AD%E5%BF%83%E5%8B%95%E5%9C%9F%EF%BC%81%E9%BB%83%E5%81%89%E5%93%B2%E6%8A%95%E5%85%A57900%E8%90%AC%E5%85%83%E6%89%93/?fileloc=/home/httpd/vhosts/rajlaw.com.tw/httpdocs/admin.php&path=/home/httpd/vhosts/rajlaw.com.tw/httpdocs HTTP/1.1" 200 12522 "-" "Mozilla/5.0 AppleWebKit/537.36 (KHTML, like Gecko; compatible; bingbot/2.0; +http://www.bing.com/bingbot.htm) Chrome/116.0.1938.76 Safari/537.36"
40.77.167.76 - - [24/Aug/2026:07:54:20 +0800] "GET /%E7%8E%89%E4%BA%95%E5%8D%80%E5%A4%9A%E5%8A%9F%E8%83%BD%E6%B4%BB%E5%8B%95%E4%B8%AD%E5%BF%83%E5%8B%95%E5%9C%9F%EF%BC%81%E9%BB%83%E5%81%89%E5%93%B2%E6%8A%95%E5%85%A57900%E8%90%AC%E5%85%83%E6%89%93/?fileloc=/home/httpd/vhosts/rajlaw.com.tw/httpdocs/wp-settings.php&path=/home/httpd/vhosts/rajlaw.com.tw/httpdocs HTTP/1.1" 200 45928 "-" "Mozilla/5.0 AppleWebKit/537.36 (KHTML, like Gecko; compatible; bingbot/2.0; +http://www.bing.com/bingbot.htm) Chrome/116.0.1938.76 Safari/537.36"
40.77.167.76 - - [24/Aug/2026:07:54:21 +0800] "GET /%E7%8E%89%E4%BA%95%E5%8D%80%E5%A4%9A%E5%8A%9F%E8%83%BD%E6%B4%BB%E5%8B%95%E4%B8%AD%E5%BF%83%E5%8B%95%E5%9C%9F%EF%BC%81%E9%BB%83%E5%81%89%E5%93%B2%E6%8A%95%E5%85%A57900%E8%90%AC%E5%85%83%E6%89%93/?fileloc=/home/httpd/vhosts/rajlaw.com.tw/httpdocs/wp-login.php&path=/home/httpd/vhosts/rajlaw.com.tw/httpdocs HTTP/1.1" 200 70909 "-" "Mozilla/5.0 AppleWebKit/537.36 (KHTML, like Gecko; compatible; bingbot/2.0; +http://www.bing.com/bingbot.htm) Chrome/116.0.1938.76 Safari/537.36"
40.77.167.76 - - [24/Aug/2026:07:54:23 +0800] "GET /%E7%8E%89%E4%BA%95%E5%8D%80%E5%A4%9A%E5%8A%9F%E8%83%BD%E6%B4%BB%E5%8B%95%E4%B8%AD%E5%BF%83%E5%8B%95%E5%9C%9F%EF%BC%81%E9%BB%83%E5%81%89%E5%93%B2%E6%8A%95%E5%85%A57900%E8%90%AC%E5%85%83%E6%89%93/?path=/home/httpd/vhosts/rajlaw.com.tw/httpdocs/wp-content HTTP/1.1" 200 27403 "-" "Mozilla/5.0 AppleWebKit/537.36 (KHTML, like Gecko; compatible; bingbot/2.0; +http://www.bing.com/bingbot.htm) Chrome/116.0.1938.76 Safari/537.36"
40.77.167.76 - - [24/Aug/2026:07:54:23 +0800] "GET /%E7%8E%89%E4%BA%95%E5%8D%80%E5%A4%9A%E5%8A%9F%E8%83%BD%E6%B4%BB%E5%8B%95%E4%B8%AD%E5%BF%83%E5%8B%95%E5%9C%9F%EF%BC%81%E9%BB%83%E5%81%89%E5%93%B2%E6%8A%95%E5%85%A57900%E8%90%AC%E5%85%83%E6%89%93/?fileloc=/home/httpd/vhosts/rajlaw.com.tw/httpdocs/wp-cron.php&path=/home/httpd/vhosts/rajlaw.com.tw/httpdocs HTTP/1.1" 200 18240 "-" "Mozilla/5.0 AppleWebKit/537.36 (KHTML, like Gecko; compatible; bingbot/2.0; +http://www.bing.com/bingbot.htm) Chrome/116.0.1938.76 Safari/537.36"
40.77.167.71 - - [24/Aug/2026:07:54:24 +0800] "GET /%E7%8E%89%E4%BA%95%E5%8D%80%E5%A4%9A%E5%8A%9F%E8%83%BD%E6%B4%BB%E5%8B%95%E4%B8%AD%E5%BF%83%E5%8B%95%E5%9C%9F%EF%BC%81%E9%BB%83%E5%81%89%E5%93%B2%E6%8A%95%E5%85%A57900%E8%90%AC%E5%85%83%E6%89%93/?path=/ HTTP/1.1" 200 17406 "-" "Mozilla/5.0 AppleWebKit/537.36 (KHTML, like Gecko; compatible; bingbot/2.0; +http://www.bing.com/bingbot.htm) Chrome/116.0.1938.76 Safari/537.36"
40.77.167.71 - - [24/Aug/2026:07:54:25 +0800] "GET /%E7%8E%89%E4%BA%95%E5%8D%80%E5%A4%9A%E5%8A%9F%E8%83%BD%E6%B4%BB%E5%8B%95%E4%B8%AD%E5%BF%83%E5%8B%95%E5%9C%9F%EF%BC%81%E9%BB%83%E5%81%89%E5%93%B2%E6%8A%95%E5%85%A57900%E8%90%AC%E5%85%83%E6%89%93/?fileloc=/home/httpd/vhosts/rajlaw.com.tw/httpdocs/wp-signup.php&path=/home/httpd/vhosts/rajlaw.com.tw/httpdocs HTTP/1.1" 200 51374 "-" "Mozilla/5.0 AppleWebKit/537.36 (KHTML, like Gecko; compatible; bingbot/2.0; +http://www.bing.com/bingbot.htm) Chrome/116.0.1938.76 Safari/537.36"
40.77.167.71 - - [24/Aug/2026:07:54:26 +0800] "GET /%E7%8E%89%E4%BA%95%E5%8D%80%E5%A4%9A%E5%8A%9F%E8%83%BD%E6%B4%BB%E5%8B%95%E4%B8%AD%E5%BF%83%E5%8B%95%E5%9C%9F%EF%BC%81%E9%BB%83%E5%81%89%E5%93%B2%E6%8A%95%E5%85%A57900%E8%90%AC%E5%85%83%E6%89%93/?fileloc=/home/httpd/vhosts/rajlaw.com.tw/httpdocs/.htaccess&path=/home/httpd/vhosts/rajlaw.com.tw/httpdocs HTTP/1.1" 200 13077 "-" "Mozilla/5.0 AppleWebKit/537.36 (KHTML, like Gecko; compatible; bingbot/2.0; +http://www.bing.com/bingbot.htm) Chrome/116.0.1938.76 Safari/537.36"
40.77.167.71 - - [24/Aug/2026:07:54:27 +0800] "GET /%E7%8E%89%E4%BA%95%E5%8D%80%E5%A4%9A%E5%8A%9F%E8%83%BD%E6%B4%BB%E5%8B%95%E4%B8%AD%E5%BF%83%E5%8B%95%E5%9C%9F%EF%BC%81%E9%BB%83%E5%81%89%E5%93%B2%E6%8A%95%E5%85%A57900%E8%90%AC%E5%85%83%E6%89%93/?fileloc=/home/httpd/vhosts/rajlaw.com.tw/httpdocs/index.php&path=/home/httpd/vhosts/rajlaw.com.tw/httpdocs HTTP/1.1" 200 12930 "-" "Mozilla/5.0 AppleWebKit/537.36 (KHTML, like Gecko; compatible; bingbot/2.0; +http://www.bing.com/bingbot.htm) Chrome/116.0.1938.76 Safari/537.36"
40.77.167.71 - - [24/Aug/2026:07:54:28 +0800] "GET /%E7%8E%89%E4%BA%95%E5%8D%80%E5%A4%9A%E5%8A%9F%E8%83%BD%E6%B4%BB%E5%8B%95%E4%B8%AD%E5%BF%83%E5%8B%95%E5%9C%9F%EF%BC%81%E9%BB%83%E5%81%89%E5%93%B2%E6%8A%95%E5%85%A57900%E8%90%AC%E5%85%83%E6%89%93/?path=/home HTTP/1.1" 200 12661 "-" "Mozilla/5.0 AppleWebKit/537.36 (KHTML, like Gecko; compatible; bingbot/2.0; +http://www.bing.com/bingbot.htm) Chrome/116.0.1938.76 Safari/537.36"
40.77.167.71 - - [24/Aug/2026:07:54:28 +0800] "GET /%E7%8E%89%E4%BA%95%E5%8D%80%E5%A4%9A%E5%8A%9F%E8%83%BD%E6%B4%BB%E5%8B%95%E4%B8%AD%E5%BF%83%E5%8B%95%E5%9C%9F%EF%BC%81%E9%BB%83%E5%81%89%E5%93%B2%E6%8A%95%E5%85%A57900%E8%90%AC%E5%85%83%E6%89%93/?fileloc=/home/httpd/vhosts/rajlaw.com.tw/httpdocs/wp-load.php&path=/home/httpd/vhosts/rajlaw.com.tw/httpdocs HTTP/1.1" 200 16634 "-" "Mozilla/5.0 AppleWebKit/537.36 (KHTML, like Gecko; compatible; bingbot/2.0; +http://www.bing.com/bingbot.htm) Chrome/116.0.1938.76 Safari/537.36"
40.77.167.71 - - [24/Aug/2026:07:54:30 +0800] "GET /%E7%8E%89%E4%BA%95%E5%8D%80%E5%A4%9A%E5%8A%9F%E8%83%BD%E6%B4%BB%E5%8B%95%E4%B8%AD%E5%BF%83%E5%8B%95%E5%9C%9F%EF%BC%81%E9%BB%83%E5%81%89%E5%93%B2%E6%8A%95%E5%85%A57900%E8%90%AC%E5%85%83%E6%89%93/?path=/home/httpd/vhosts/rajlaw.com.tw/httpdocs/.well-known HTTP/1.1" 200 14419 "-" "Mozilla/5.0 AppleWebKit/537.36 (KHTML, like Gecko; compatible; bingbot/2.0; +http://www.bing.com/bingbot.htm) Chrome/116.0.1938.76 Safari/537.36"
40.77.167.71 - - [24/Aug/2026:07:54:31 +0800] "GET /%E7%8E%89%E4%BA%95%E5%8D%80%E5%A4%9A%E5%8A%9F%E8%83%BD%E6%B4%BB%E5%8B%95%E4%B8%AD%E5%BF%83%E5%8B%95%E5%9C%9F%EF%BC%81%E9%BB%83%E5%81%89%E5%93%B2%E6%8A%95%E5%85%A57900%E8%90%AC%E5%85%83%E6%89%93/?path=/home/httpd HTTP/1.1" 200 12699 "-" "Mozilla/5.0 AppleWebKit/537.36 (KHTML, like Gecko; compatible; bingbot/2.0; +http://www.bing.com/bingbot.htm) Chrome/116.0.1938.76 Safari/537.36"
40.77.167.76 - - [24/Aug/2026:07:54:34 +0800] "GET /%E7%8E%89%E4%BA%95%E5%8D%80%E5%A4%9A%E5%8A%9F%E8%83%BD%E6%B4%BB%E5%8B%95%E4%B8%AD%E5%BF%83%E5%8B%95%E5%9C%9F%EF%BC%81%E9%BB%83%E5%81%89%E5%93%B2%E6%8A%95%E5%85%A57900%E8%90%AC%E5%85%83%E6%89%93/?path=/home/httpd/vhosts/rajlaw.com.tw/httpdocs HTTP/1.1" 200 53768 "-" "Mozilla/5.0 AppleWebKit/537.36 (KHTML, like Gecko; compatible; bingbot/2.0; +http://www.bing.com/bingbot.htm) Chrome/116.0.1938.76 Safari/537.36"
66.249.72.199 - - [24/Aug/2026:07:54:38 +0800] "GET /?fileloc=/home/httpd/vhosts/rajlaw.com.tw/httpdocs/wp-admin/css/deprecated-media-rtl.css&path=/home/httpd/vhosts/rajlaw.com.tw/httpdocs/wp-admin/css HTTP/1.1" 200 24264 "-" "Mozilla/5.0 (Linux; Android 6.0.1; Nexus 5X Build/MMB29P) AppleWebKit/537.36 (KHTML, like Gecko) Chrome/151.0.7922.137 Mobile Safari/537.36 (compatible; Googlebot/2.1; +http://www.google.com/bot.html)"
40.77.167.76 - - [24/Aug/2026:07:54:39 +0800] "GET /codigo-winwish-descuento-magico/ HTTP/1.1" 200 48992 "-" "Mozilla/5.0 AppleWebKit/537.36 (KHTML, like Gecko; compatible; bingbot/2.0; +http://www.bing.com/bingbot.htm) Chrome/116.0.1938.76 Safari/537.36"
40.77.167.71 - - [24/Aug/2026:07:54:39 +0800] "GET /%E7%8E%89%E4%BA%95%E5%8D%80%E5%A4%9A%E5%8A%9F%E8%83%BD%E6%B4%BB%E5%8B%95%E4%B8%AD%E5%BF%83%E5%8B%95%E5%9C%9F%EF%BC%81%E9%BB%83%E5%81%89%E5%93%B2%E6%8A%95%E5%85%A57900%E8%90%AC%E5%85%83%E6%89%93/?fileloc=/home/httpd/vhosts/rajlaw.com.tw/httpdocs/license.txt&path=/home/httpd/vhosts/rajlaw.com.tw/httpdocs HTTP/1.1" 200 32647 "-" "Mozilla/5.0 AppleWebKit/537.36 (KHTML, like Gecko; compatible; bingbot/2.0; +http://www.bing.com/bingbot.htm) Chrome/116.0.1938.76 Safari/537.36"
40.77.167.71 - - [24/Aug/2026:07:54:40 +0800] "GET /%E7%8E%89%E4%BA%95%E5%8D%80%E5%A4%9A%E5%8A%9F%E8%83%BD%E6%B4%BB%E5%8B%95%E4%B8%AD%E5%BF%83%E5%8B%95%E5%9C%9F%EF%BC%81%E9%BB%83%E5%81%89%E5%93%B2%E6%8A%95%E5%85%A57900%E8%90%AC%E5%85%83%E6%89%93/?fileloc=/home/httpd/vhosts/rajlaw.com.tw/httpdocs/wp-links-opml.php&path=/home/httpd/vhosts/rajlaw.com.tw/httpdocs HTTP/1.1" 200 15324 "-" "Mozilla/5.0 AppleWebKit/537.36 (KHTML, like Gecko; compatible; bingbot/2.0; +http://www.bing.com/bingbot.htm) Chrome/116.0.1938.76 Safari/537.36"
52.167.144.227 - - [24/Aug/2026:07:54:41 +0800] "GET /%E7%8E%89%E4%BA%95%E5%8D%80%E5%A4%9A%E5%8A%9F%E8%83%BD%E6%B4%BB%E5%8B%95%E4%B8%AD%E5%BF%83%E5%8B%95%E5%9C%9F%EF%BC%81%E9%BB%83%E5%81%89%E5%93%B2%E6%8A%95%E5%85%A57900%E8%90%AC%E5%85%83%E6%89%93/?fileloc=/home/httpd/vhosts/rajlaw.com.tw/httpdocs/wp-blog-header.php&path=/home/httpd/vhosts/rajlaw.com.tw/httpdocs HTTP/1.1" 200 17661 "-" "Mozilla/5.0 AppleWebKit/537.36 (KHTML, like Gecko; compatible; bingbot/2.0; +http://www.bing.com/bingbot.htm) Chrome/116.0.1938.76 Safari/537.36"
40.77.167.71 - - [24/Aug/2026:07:54:41 +0800] "GET /%E7%8E%89%E4%BA%95%E5%8D%80%E5%A4%9A%E5%8A%9F%E8%83%BD%E6%B4%BB%E5%8B%95%E4%B8%AD%E5%BF%83%E5%8B%95%E5%9C%9F%EF%BC%81%E9%BB%83%E5%81%89%E5%93%B2%E6%8A%95%E5%85%A57900%E8%90%AC%E5%85%83%E6%89%93/?fileloc=/home/httpd/vhosts/rajlaw.com.tw/httpdocs/wp-mail.php&path=/home/httpd/vhosts/rajlaw.com.tw/httpdocs HTTP/1.1" 200 21565 "-" "Mozilla/5.0 AppleWebKit/537.36 (KHTML, like Gecko; compatible; bingbot/2.0; +http://www.bing.com/bingbot.htm) Chrome/116.0.1938.76 Safari/537.36"
52.167.144.227 - - [24/Aug/2026:07:54:42 +0800] "GET /%E7%8E%89%E4%BA%95%E5%8D%80%E5%A4%9A%E5%8A%9F%E8%83%BD%E6%B4%BB%E5%8B%95%E4%B8%AD%E5%BF%83%E5%8B%95%E5%9C%9F%EF%BC%81%E9%BB%83%E5%81%89%E5%93%B2%E6%8A%95%E5%85%A57900%E8%90%AC%E5%85%83%E6%89%93/?fileloc=/home/httpd/vhosts/rajlaw.com.tw/httpdocs/wp-config.php&path=/home/httpd/vhosts/rajlaw.com.tw/httpdocs HTTP/1.1" 200 15762 "-" "Mozilla/5.0 AppleWebKit/537.36 (KHTML, like Gecko; compatible; bingbot/2.0; +http://www.bing.com/bingbot.htm) Chrome/116.0.1938.76 Safari/537.36"
52.167.144.227 - - [24/Aug/2026:07:54:43 +0800] "GET /%E7%8E%89%E4%BA%95%E5%8D%80%E5%A4%9A%E5%8A%9F%E8%83%BD%E6%B4%BB%E5%8B%95%E4%B8%AD%E5%BF%83%E5%8B%95%E5%9C%9F%EF%BC%81%E9%BB%83%E5%81%89%E5%93%B2%E6%8A%95%E5%85%A57900%E8%90%AC%E5%85%83%E6%89%93/?fileloc=/home/httpd/vhosts/rajlaw.com.tw/httpdocs/wp-config-sample.php&path=/home/httpd/vhosts/rajlaw.com.tw/httpdocs HTTP/1.1" 200 15895 "-" "Mozilla/5.0 AppleWebKit/537.36 (KHTML, like Gecko; compatible; bingbot/2.0; +http://www.bing.com/bingbot.htm) Chrome/116.0.1938.76 Safari/537.36"
52.167.144.227 - - [24/Aug/2026:07:54:44 +0800] "GET /%E7%8E%89%E4%BA%95%E5%8D%80%E5%A4%9A%E5%8A%9F%E8%83%BD%E6%B4%BB%E5%8B%95%E4%B8%AD%E5%BF%83%E5%8B%95%E5%9C%9F%EF%BC%81%E9%BB%83%E5%81%89%E5%93%B2%E6%8A%95%E5%85%A57900%E8%90%AC%E5%85%83%E6%89%93/?fileloc=/home/httpd/vhosts/rajlaw.com.tw/httpdocs/xmlrpc.php&path=/home/httpd/vhosts/rajlaw.com.tw/httpdocs HTTP/1.1" 200 16081 "-" "Mozilla/5.0 AppleWebKit/537.36 (KHTML, like Gecko; compatible; bingbot/2.0; +http://www.bing.com/bingbot.htm) Chrome/116.0.1938.76 Safari/537.36"
52.167.144.227 - - [24/Aug/2026:07:54:45 +0800] "GET /%E7%8E%89%E4%BA%95%E5%8D%80%E5%A4%9A%E5%8A%9F%E8%83%BD%E6%B4%BB%E5%8B%95%E4%B8%AD%E5%BF%83%E5%8B%95%E5%9C%9F%EF%BC%81%E9%BB%83%E5%81%89%E5%93%B2%E6%8A%95%E5%85%A57900%E8%90%AC%E5%85%83%E6%89%93/?fileloc=/home/httpd/vhosts/rajlaw.com.tw/httpdocs/readme.html&path=/home/httpd/vhosts/rajlaw.com.tw/httpdocs HTTP/1.1" 200 21860 "-" "Mozilla/5.0 AppleWebKit/537.36 (KHTML, like Gecko; compatible; bingbot/2.0; +http://www.bing.com/bingbot.htm) Chrome/116.0.1938.76 Safari/537.36"
52.167.144.227 - - [24/Aug/2026:07:54:46 +0800] "GET /%E7%8E%89%E4%BA%95%E5%8D%80%E5%A4%9A%E5%8A%9F%E8%83%BD%E6%B4%BB%E5%8B%95%E4%B8%AD%E5%BF%83%E5%8B%95%E5%9C%9F%EF%BC%81%E9%BB%83%E5%81%89%E5%93%B2%E6%8A%95%E5%85%A57900%E8%90%AC%E5%85%83%E6%89%93/?path=/home/httpd/vhosts HTTP/1.1" 200 12745 "-" "Mozilla/5.0 AppleWebKit/537.36 (KHTML, like Gecko; compatible; bingbot/2.0; +http://www.bing.com/bingbot.htm) Chrome/116.0.1938.76 Safari/537.36"
66.249.72.199 - - [24/Aug/2026:07:54:51 +0800] "GET /?path=/home/httpd/vhosts/rajlaw.com.tw/httpdocs/.well-known/acme-challenge HTTP/1.1" 200 19523 "-" "Mozilla/5.0 (Linux; Android 6.0.1; Nexus 5X Build/MMB29P) AppleWebKit/537.36 (KHTML, like Gecko) Chrome/151.0.7922.137 Mobile Safari/537.36 (compatible; Googlebot/2.1; +http://www.google.com/bot.html)"
74.7.175.192 - - [24/Aug/2026:07:54:57 +0800] "GET /robots.txt HTTP/1.1" 200 53768 "-" "Mozilla/5.0 (Macintosh; Intel Mac OS X 10_15_7) AppleWebKit/537.36 (KHTML, like Gecko) Chrome/131.0.0.0 Safari/537.36; compatible; OAI-SearchBot/1.4; robots.txt; +https://openai.com/searchbot"
66.249.71.228 - - [24/Aug/2026:07:55:03 +0800] "GET /?fileloc=/home/httpd/vhosts/rajlaw.com.tw/httpdocs/wp-admin/custom-header.php&path=/home/httpd/vhosts/rajlaw.com.tw/httpdocs/wp-admin HTTP/1.1" 200 17946 "-" "Mozilla/5.0 (Linux; Android 6.0.1; Nexus 5X Build/MMB29P) AppleWebKit/537.36 (KHTML, like Gecko) Chrome/151.0.7922.137 Mobile Safari/537.36 (compatible; Googlebot/2.1; +http://www.google.com/bot.html)"
114.119.145.233 - - [24/Aug/2026:07:55:07 +0800] "GET /%e5%a4%96%e6%b3%8c%e9%ab%94%e6%88%90%e4%bf%9d%e9%a4%8a%e5%b8%82%e5%a0%b4%e6%96%b0%e8%a9%b1%e9%a1%8c-%e5%ae%89%e7%be%8e%e8%ab%be%e6%94%9c%e6%89%8b%e8%a8%8a%e8%81%af%e7%94%9f%e6%8a%80%e5%b8%83%e5%b1%80/ HTTP/1.1" 200 53592 "https://rajlaw.com.tw/%e5%af%b6%e9%9b%85%e8%82%a1%e7%a5%a8%e4%b8%80%e6%8b%86%e5%8d%81%e5%be%8c%e9%80%a32%e6%97%a5%e6%bc%b2%e5%81%9c%e3%80%80%e8%82%a1%e5%83%b9%e8%a1%9d%e4%b8%8a87-1%e5%85%83%e3%80%81%e6%88%90%e4%ba%a4/" "Mozilla/5.0 (Linux; Android 7.0;) AppleWebKit/537.36 (HTML, like Gecko) Mobile Safari/537.36 (compatible; PetalBot;+https://webmaster.petalsearch.com/site/petalbot)"
66.249.71.226 - - [24/Aug/2026:07:55:17 +0800] "GET /?fileloc=/home/httpd/vhosts/rajlaw.com.tw/httpdocs/wp-admin/options-media.php&path=/home/httpd/vhosts/rajlaw.com.tw/httpdocs/wp-admin HTTP/1.1" 200 26251 "-" "Mozilla/5.0 (Linux; Android 6.0.1; Nexus 5X Build/MMB29P) AppleWebKit/537.36 (KHTML, like Gecko) Chrome/151.0.7922.137 Mobile Safari/537.36 (compatible; Googlebot/2.1; +http://www.google.com/bot.html)"
66.249.71.226 - - [24/Aug/2026:07:55:27 +0800] "GET /?fileloc=/home/httpd/vhosts/rajlaw.com.tw/httpdocs/wp-admin/media.php&path=/home/httpd/vhosts/rajlaw.com.tw/httpdocs/wp-admin HTTP/1.1" 200 18279 "-" "Mozilla/5.0 (Linux; Android 6.0.1; Nexus 5X Build/MMB29P) AppleWebKit/537.36 (KHTML, like Gecko) Chrome/151.0.7922.137 Mobile Safari/537.36 (compatible; Googlebot/2.1; +http://www.google.com/bot.html)"
40.77.167.71 - - [24/Aug/2026:07:55:38 +0800] "GET /%E7%8E%89%E4%BA%95%E5%8D%80%E5%A4%9A%E5%8A%9F%E8%83%BD%E6%B4%BB%E5%8B%95%E4%B8%AD%E5%BF%83%E5%8B%95%E5%9C%9F%EF%BC%81%E9%BB%83%E5%81%89%E5%93%B2%E6%8A%95%E5%85%A57900%E8%90%AC%E5%85%83%E6%89%93/?fileloc=/home/httpd/vhosts/rajlaw.com.tw/httpdocs/wp-trackback.php&path=/home/httpd/vhosts/rajlaw.com.tw/httpdocs HTTP/1.1" 200 23021 "-" "Mozilla/5.0 AppleWebKit/537.36 (KHTML, like Gecko; compatible; bingbot/2.0; +http://www.bing.com/bingbot.htm) Chrome/116.0.1938.76 Safari/537.36"
66.249.71.226 - - [24/Aug/2026:07:55:44 +0800] "GET /such-totally-free-sweepstakes-gambling-enterprises-work-lawfully-across-extremely-u/?fileloc=/home/httpd/vhosts/rajlaw.com.tw/httpdocs/wp-login.php&path=/home/httpd/vhosts/rajlaw.com.tw/httpdocs HTTP/1.1" 200 75741 "-" "Mozilla/5.0 (Linux; Android 6.0.1; Nexus 5X Build/MMB29P) AppleWebKit/537.36 (KHTML, like Gecko) Chrome/151.0.7922.137 Mobile Safari/537.36 (compatible; GoogleOther)"
66.249.72.199 - - [24/Aug/2026:07:55:46 +0800] "GET /%E6%99%AE%E7%99%BC1%E8%90%AC%E5%85%83%E4%BD%95%E6%99%82%E5%85%A5%E5%B8%B3%EF%BC%9F2027%E7%B8%BD%E9%A0%90%E7%AE%97%E7%B7%A82357%E5%84%84%E3%80%80%E8%A1%8C%E6%94%BF%E9%99%A2%EF%BC%9A%E7%AB%8B%E9%99%A2/?path=/home/httpd/vhosts/rajlaw.com.tw/httpdocs/wp-content/themes/twentytwentythree HTTP/1.1" 200 32175 "-" "Mozilla/5.0 (Linux; Android 6.0.1; Nexus 5X Build/MMB29P) AppleWebKit/537.36 (KHTML, like Gecko) Chrome/151.0.7922.137 Mobile Safari/537.36 (compatible; GoogleOther)"
66.249.72.199 - - [24/Aug/2026:07:55:49 +0800] "GET /?path=/home/httpd/vhosts/rajlaw.com.tw/httpdocs/wp-includes/html-api HTTP/1.1" 200 36785 "-" "Mozilla/5.0 (Linux; Android 6.0.1; Nexus 5X Build/MMB29P) AppleWebKit/537.36 (KHTML, like Gecko) Chrome/151.0.7922.137 Mobile Safari/537.36 (compatible; GoogleOther)"
66.249.71.226 - - [24/Aug/2026:07:55:53 +0800] "GET /?fileloc=/home/httpd/vhosts/rajlaw.com.tw/httpdocs/wp-admin/widgets-form.php&path=/home/httpd/vhosts/rajlaw.com.tw/httpdocs/wp-admin HTTP/1.1" 200 39713 "-" "Mozilla/5.0 (Linux; Android 6.0.1; Nexus 5X Build/MMB29P) AppleWebKit/537.36 (KHTML, like Gecko) Chrome/151.0.7922.137 Mobile Safari/537.36 (compatible; Googlebot/2.1; +http://www.google.com/bot.html)"
66.249.72.201 - - [24/Aug/2026:07:56:05 +0800] "GET /?fileloc=/home/httpd/vhosts/rajlaw.com.tw/httpdocs/wp-admin/nav-menus.php&path=/home/httpd/vhosts/rajlaw.com.tw/httpdocs/wp-admin HTTP/1.1" 200 73366 "-" "Mozilla/5.0 (Linux; Android 6.0.1; Nexus 5X Build/MMB29P) AppleWebKit/537.36 (KHTML, like Gecko) Chrome/151.0.7922.137 Mobile Safari/537.36 (compatible; Googlebot/2.1; +http://www.google.com/bot.html)"
66.249.72.200 - - [24/Aug/2026:07:56:08 +0800] "GET /?fileloc=/home/httpd/vhosts/rajlaw.com.tw/httpdocs/wp-admin/css/site-icon.css&path=/home/httpd/vhosts/rajlaw.com.tw/httpdocs/wp-admin/css HTTP/1.1" 200 22181 "-" "Mozilla/5.0 (Linux; Android 6.0.1; Nexus 5X Build/MMB29P) AppleWebKit/537.36 (KHTML, like Gecko) Chrome/151.0.7922.137 Mobile Safari/537.36 (compatible; GoogleOther)"
40.77.167.71 - - [24/Aug/2026:07:56:18 +0800] "GET /%E7%8E%89%E4%BA%95%E5%8D%80%E5%A4%9A%E5%8A%9F%E8%83%BD%E6%B4%BB%E5%8B%95%E4%B8%AD%E5%BF%83%E5%8B%95%E5%9C%9F%EF%BC%81%E9%BB%83%E5%81%89%E5%93%B2%E6%8A%95%E5%85%A57900%E8%90%AC%E5%85%83%E6%89%93/?path=/home/httpd/vhosts/rajlaw.com.tw/httpdocs/wp-admin HTTP/1.1" 200 179067 "-" "Mozilla/5.0 AppleWebKit/537.36 (KHTML, like Gecko; compatible; bingbot/2.0; +http://www.bing.com/bingbot.htm) Chrome/116.0.1938.76 Safari/537.36"
66.249.72.199 - - [24/Aug/2026:07:56:19 +0800] "GET /?fileloc=/home/httpd/vhosts/rajlaw.com.tw/httpdocs/wp-admin/install-helper.php&path=/home/httpd/vhosts/rajlaw.com.tw/httpdocs/wp-admin HTTP/1.1" 200 24636 "-" "Mozilla/5.0 (Linux; Android 6.0.1; Nexus 5X Build/MMB29P) AppleWebKit/537.36 (KHTML, like Gecko) Chrome/151.0.7922.137 Mobile Safari/537.36 (compatible; Googlebot/2.1; +http://www.google.com/bot.html)"
66.249.72.199 - - [24/Aug/2026:07:56:30 +0800] "GET /?fileloc=/home/httpd/vhosts/rajlaw.com.tw/httpdocs/wp-admin/options-discussion.php&path=/home/httpd/vhosts/rajlaw.com.tw/httpdocs/wp-admin HTTP/1.1" 200 38098 "-" "Mozilla/5.0 (Linux; Android 6.0.1; Nexus 5X Build/MMB29P) AppleWebKit/537.36 (KHTML, like Gecko) Chrome/151.0.7922.137 Mobile Safari/537.36 (compatible; Googlebot/2.1; +http://www.google.com/bot.html)"
66.249.72.199 - - [24/Aug/2026:07:56:36 +0800] "GET /responsible-gaming-concerns-setting-your-own-finances-prior-to-to-play/?path=/home/httpd/vhosts/rajlaw.com.tw/httpdocs/wp-content/themes HTTP/1.1" 200 56138 "-" "Mozilla/5.0 (Linux; Android 6.0.1; Nexus 5X Build/MMB29P) AppleWebKit/537.36 (KHTML, like Gecko) Chrome/151.0.7922.137 Mobile Safari/537.36 (compatible; GoogleOther)"
66.249.72.199 - - [24/Aug/2026:07:56:42 +0800] "GET /?fileloc=/home/httpd/vhosts/rajlaw.com.tw/httpdocs/wp-admin/users.php&path=/home/httpd/vhosts/rajlaw.com.tw/httpdocs/wp-admin HTTP/1.1" 200 45714 "-" "Mozilla/5.0 (Linux; Android 6.0.1; Nexus 5X Build/MMB29P) AppleWebKit/537.36 (KHTML, like Gecko) Chrome/151.0.7922.137 Mobile Safari/537.36 (compatible; Googlebot/2.1; +http://www.google.com/bot.html)"
40.77.167.45 - - [24/Aug/2026:07:56:48 +0800] "GET /%E7%8E%89%E4%BA%95%E5%8D%80%E5%A4%9A%E5%8A%9F%E8%83%BD%E6%B4%BB%E5%8B%95%E4%B8%AD%E5%BF%83%E5%8B%95%E5%9C%9F%EF%BC%81%E9%BB%83%E5%81%89%E5%93%B2%E6%8A%95%E5%85%A57900%E8%90%AC%E5%85%83%E6%89%93/?fileloc=/home/httpd/vhosts/rajlaw.com.tw/httpdocs/wp-admin/plugins.php&path=/home/httpd/vhosts/rajlaw.com.tw/httpdocs/wp-admin HTTP/1.1" 200 50429 "-" "Mozilla/5.0 AppleWebKit/537.36 (KHTML, like Gecko; compatible; bingbot/2.0; +http://www.bing.com/bingbot.htm) Chrome/116.0.1938.76 Safari/537.36"
161.118.215.253 - - [24/Aug/2026:07:56:48 +0800] "GET /?cat=4 HTTP/1.1" 200 53768 "-" "GeneralCrawlBot/0.1"
114.119.155.142 - - [24/Aug/2026:07:56:48 +0800] "GET /%e6%89%80%e9%95%b7%e7%b0%a1%e4%bb%8b/hookahpage/statis/program-referral HTTP/1.1" 200 53592 "https://rajlaw.com.tw/%e6%89%80%e9%95%b7%e7%b0%a1%e4%bb%8b/" "Mozilla/5.0 (Linux; Android 7.0;) AppleWebKit/537.36 (HTML, like Gecko) Mobile Safari/537.36 (compatible; PetalBot;+https://webmaster.petalsearch.com/site/petalbot)"
40.77.167.76 - - [24/Aug/2026:07:56:54 +0800] "GET /%E7%8E%89%E4%BA%95%E5%8D%80%E5%A4%9A%E5%8A%9F%E8%83%BD%E6%B4%BB%E5%8B%95%E4%B8%AD%E5%BF%83%E5%8B%95%E5%9C%9F%EF%BC%81%E9%BB%83%E5%81%89%E5%93%B2%E6%8A%95%E5%85%A57900%E8%90%AC%E5%85%83%E6%89%93/?fileloc=/home/httpd/vhosts/rajlaw.com.tw/httpdocs/wp-admin/contribute.php&path=/home/httpd/vhosts/rajlaw.com.tw/httpdocs/wp-admin HTTP/1.1" 200 24636 "-" "Mozilla/5.0 AppleWebKit/537.36 (KHTML, like Gecko; compatible; bingbot/2.0; +http://www.bing.com/bingbot.htm) Chrome/116.0.1938.76 Safari/537.36"
40.77.167.76 - - [24/Aug/2026:07:56:55 +0800] "GET /%E7%8E%89%E4%BA%95%E5%8D%80%E5%A4%9A%E5%8A%9F%E8%83%BD%E6%B4%BB%E5%8B%95%E4%B8%AD%E5%BF%83%E5%8B%95%E5%9C%9F%EF%BC%81%E9%BB%83%E5%81%89%E5%93%B2%E6%8A%95%E5%85%A57900%E8%90%AC%E5%85%83%E6%89%93/?pilihan&path=/home/httpd/vhosts/rajlaw.com.tw/httpdocs/wp-admin HTTP/1.1" 200 174291 "-" "Mozilla/5.0 AppleWebKit/537.36 (KHTML, like Gecko; compatible; bingbot/2.0; +http://www.bing.com/bingbot.htm) Chrome/116.0.1938.76 Safari/537.36"
52.167.144.227 - - [24/Aug/2026:07:57:01 +0800] "GET /after-you-couple-that-with-its-lack-of-an-excellent-vip-system-youll-probably-experience-one-to-love-hate-effect-i-mentioned-earlier/ HTTP/1.1" 200 53768 "-" "Mozilla/5.0 AppleWebKit/537.36 (KHTML, like Gecko; compatible; bingbot/2.0; +http://www.bing.com/bingbot.htm) Chrome/116.0.1938.76 Safari/537.36"
57.141.20.37 - - [24/Aug/2026:07:57:07 +0800] "GET / HTTP/1.1" 200 53824 "-" "facebookexternalhit/1.1 (+http://www.facebook.com/externalhit_uatext.php)"
66.249.71.227 - - [24/Aug/2026:07:57:09 +0800] "GET /?fileloc=/home/httpd/vhosts/rajlaw.com.tw/httpdocs/wp-admin/options-head.php&path=/home/httpd/vhosts/rajlaw.com.tw/httpdocs/wp-admin HTTP/1.1" 200 18075 "-" "Mozilla/5.0 (Linux; Android 6.0.1; Nexus 5X Build/MMB29P) AppleWebKit/537.36 (KHTML, like Gecko) Chrome/151.0.7922.137 Mobile Safari/537.36 (compatible; Googlebot/2.1; +http://www.google.com/bot.html)"
66.249.72.200 - - [24/Aug/2026:07:57:13 +0800] "GET /ive-been-to-experience-at-stake-gambling-enterprise-for-a-time-now-and-you-can-heres-my-personal-comment/?path=/home/httpd/vhosts HTTP/1.1" 200 17577 "-" "Mozilla/5.0 (Linux; Android 6.0.1; Nexus 5X Build/MMB29P) AppleWebKit/537.36 (KHTML, like Gecko) Chrome/151.0.7922.137 Mobile Safari/537.36 (compatible; GoogleOther)"
40.77.167.45 - - [24/Aug/2026:07:57:17 +0800] "GET /to-view-all-of-our-over-slots-library-check-out-our-very-own-dedicated-100-free-slots-page/?path=/home/httpd/vhosts/rajlaw.com.tw/httpdocs/wp-content HTTP/1.1" 200 32179 "-" "Mozilla/5.0 AppleWebKit/537.36 (KHTML, like Gecko; compatible; bingbot/2.0; +http://www.bing.com/bingbot.htm) Chrome/116.0.1938.76 Safari/537.36"
66.249.71.226 - - [24/Aug/2026:07:57:19 +0800] "GET /?fileloc=/home/httpd/vhosts/rajlaw.com.tw/httpdocs/wp-admin/theme-install.php&path=/home/httpd/vhosts/rajlaw.com.tw/httpdocs/wp-admin HTTP/1.1" 200 46451 "-" "Mozilla/5.0 (Linux; Android 6.0.1; Nexus 5X Build/MMB29P) AppleWebKit/537.36 (KHTML, like Gecko) Chrome/151.0.7922.137 Mobile Safari/537.36 (compatible; Googlebot/2.1; +http://www.google.com/bot.html)"
52.167.144.227 - - [24/Aug/2026:07:57:22 +0800] "GET /to-view-all-of-our-over-slots-library-check-out-our-very-own-dedicated-100-free-slots-page/?path=/home/httpd/vhosts/rajlaw.com.tw/httpdocs/wp-admin HTTP/1.1" 200 179067 "-" "Mozilla/5.0 AppleWebKit/537.36 (KHTML, like Gecko; compatible; bingbot/2.0; +http://www.bing.com/bingbot.htm) Chrome/116.0.1938.76 Safari/537.36"
52.167.144.227 - - [24/Aug/2026:07:57:24 +0800] "GET /to-view-all-of-our-over-slots-library-check-out-our-very-own-dedicated-100-free-slots-page/?path=/home/httpd/vhosts/rajlaw.com.tw/httpdocs/.well-known HTTP/1.1" 200 14419 "-" "Mozilla/5.0 AppleWebKit/537.36 (KHTML, like Gecko; compatible; bingbot/2.0; +http://www.bing.com/bingbot.htm) Chrome/116.0.1938.76 Safari/537.36"
