216.73.217.151 - - [24/Aug/2026:08:03:17 +0800] "GET /?path=%2Fhome%2Fhttpd%2Fvhosts%2Frajlaw.com.tw%2Fhttpdocs%2Fwp-content%2Fuploads%2F2026 HTTP/1.1" 200 24680 "-" "Mozilla/5.0 AppleWebKit/537.36 (KHTML, like Gecko; compatible; ClaudeBot/1.0; +claudebot@anthropic.com)"
216.73.217.151 - - [24/Aug/2026:08:03:18 +0800] "GET /?fileloc=%2Fhome%2Fhttpd%2Fvhosts%2Frajlaw.com.tw%2Fhttpdocs%2Fwp-includes%2FText%2FDiff.php&path=%2Fhome%2Fhttpd%2Fvhosts%2Frajlaw.com.tw%2Fhttpdocs%2Fwp-includes%2FText HTTP/1.1" 200 25056 "-" "Mozilla/5.0 AppleWebKit/537.36 (KHTML, like Gecko; compatible; ClaudeBot/1.0; +claudebot@anthropic.com)"
216.73.217.151 - - [24/Aug/2026:08:03:18 +0800] "GET /?fileloc=%2Fhome%2Fhttpd%2Fvhosts%2Frajlaw.com.tw%2Fhttpdocs%2Fwp-includes%2Frest-api%2Fclass-wp-rest-request.php&path=%2Fhome%2Fhttpd%2Fvhosts%2Frajlaw.com.tw%2Fhttpdocs%2Fwp-includes%2Frest-api HTTP/1.1" 200 40818 "-" "Mozilla/5.0 AppleWebKit/537.36 (KHTML, like Gecko; compatible; ClaudeBot/1.0; +claudebot@anthropic.com)"
216.73.217.151 - - [24/Aug/2026:08:03:18 +0800] "GET /?path=%2Fhome%2Fhttpd%2Fvhosts%2Frajlaw.com.tw%2Fhttpdocs%2Fwp-content%2Fuploads%2Felementor HTTP/1.1" 200 16083 "-" "Mozilla/5.0 AppleWebKit/537.36 (KHTML, like Gecko; compatible; ClaudeBot/1.0; +claudebot@anthropic.com)"
216.73.217.151 - - [24/Aug/2026:08:03:18 +0800] "GET /?path=%2Fhome%2Fhttpd%2Fvhosts%2Frajlaw.com.tw%2Fhttpdocs%2Fwp-includes%2Fblocks%2Flist-item HTTP/1.1" 200 14789 "-" "Mozilla/5.0 AppleWebKit/537.36 (KHTML, like Gecko; compatible; ClaudeBot/1.0; +claudebot@anthropic.com)"
216.73.217.151 - - [24/Aug/2026:08:03:19 +0800] "GET /?path=%2Fhome%2Fhttpd%2Fvhosts%2Frajlaw.com.tw%2Fhttpdocs%2Fwp-includes%2Fblocks%2Fmedia-text HTTP/1.1" 200 28045 "-" "Mozilla/5.0 AppleWebKit/537.36 (KHTML, like Gecko; compatible; ClaudeBot/1.0; +claudebot@anthropic.com)"
216.73.217.151 - - [24/Aug/2026:08:03:18 +0800] "GET /?path=%2Fhome%2Fhttpd%2Fvhosts%2Frajlaw.com.tw%2Fhttpdocs%2Fwp-includes%2Fblocks%2Fsite-title HTTP/1.1" 200 28045 "-" "Mozilla/5.0 AppleWebKit/537.36 (KHTML, like Gecko; compatible; ClaudeBot/1.0; +claudebot@anthropic.com)"
216.73.217.151 - - [24/Aug/2026:08:03:19 +0800] "GET /?fileloc=%2Fhome%2Fhttpd%2Fvhosts%2Frajlaw.com.tw%2Fhttpdocs%2Fwp-includes%2Fblocks%2Fshortcode.php&path=%2Fhome%2Fhttpd%2Fvhosts%2Frajlaw.com.tw%2Fhttpdocs%2Fwp-includes%2Fblocks HTTP/1.1" 200 13460 "-" "Mozilla/5.0 AppleWebKit/537.36 (KHTML, like Gecko; compatible; ClaudeBot/1.0; +claudebot@anthropic.com)"
40.77.167.45 - - [24/Aug/2026:08:03:15 +0800] "GET /cat-mate-c300-robot-dzieki-karme-zakup-najwyzej-ranking-aplikacje-kasynowe-teraz/?path=/home/httpd/vhosts/rajlaw.com.tw/httpdocs/wp-includes HTTP/1.1" 200 481568 "-" "Mozilla/5.0 AppleWebKit/537.36 (KHTML, like Gecko; compatible; bingbot/2.0; +http://www.bing.com/bingbot.htm) Chrome/116.0.1938.76 Safari/537.36"
216.73.217.151 - - [24/Aug/2026:08:03:19 +0800] "GET /?path=%2Fhome%2Fhttpd%2Fvhosts%2Frajlaw.com.tw%2Fhttpdocs%2Fwp-includes%2Fblocks%2Floginout HTTP/1.1" 200 21366 "-" "Mozilla/5.0 AppleWebKit/537.36 (KHTML, like Gecko; compatible; ClaudeBot/1.0; +claudebot@anthropic.com)"
216.73.217.151 - - [24/Aug/2026:08:03:18 +0800] "GET /?path=%2Fhome%2Fhttpd%2Fvhosts%2Frajlaw.com.tw%2Fhttpdocs%2Fwp-includes%2Fblocks%2Fpage-list HTTP/1.1" 200 28007 "-" "Mozilla/5.0 AppleWebKit/537.36 (KHTML, like Gecko; compatible; ClaudeBot/1.0; +claudebot@anthropic.com)"
216.73.217.151 - - [24/Aug/2026:08:03:19 +0800] "GET /?path=%2Fhome%2Fhttpd%2Fvhosts%2Frajlaw.com.tw%2Fhttpdocs%2Fwp-content%2Fplugins%2Fyoast-test-helper HTTP/1.1" 200 16374 "-" "Mozilla/5.0 AppleWebKit/537.36 (KHTML, like Gecko; compatible; ClaudeBot/1.0; +claudebot@anthropic.com)"
216.73.217.151 - - [24/Aug/2026:08:03:19 +0800] "GET /?path=%2Fhome%2Fhttpd%2Fvhosts%2Frajlaw.com.tw%2Fhttpdocs%2Fwp-content%2Fuploads%2F2019 HTTP/1.1" 200 18928 "-" "Mozilla/5.0 AppleWebKit/537.36 (KHTML, like Gecko; compatible; ClaudeBot/1.0; +claudebot@anthropic.com)"
216.73.217.151 - - [24/Aug/2026:08:03:19 +0800] "GET /?fileloc=%2Fhome%2Fhttpd%2Fvhosts%2Frajlaw.com.tw%2Fhttpdocs%2Fwp-includes%2Fblock-patterns%2Fquery-large-title-posts.php&path=%2Fhome%2Fhttpd%2Fvhosts%2Frajlaw.com.tw%2Fhttpdocs%2Fwp-includes%2Fblock-patterns HTTP/1.1" 200 15741 "-" "Mozilla/5.0 AppleWebKit/537.36 (KHTML, like Gecko; compatible; ClaudeBot/1.0; +claudebot@anthropic.com)"
216.73.217.151 - - [24/Aug/2026:08:03:19 +0800] "GET /?path=%2Fhome%2Fhttpd%2Fvhosts%2Frajlaw.com.tw%2Fhttpdocs%2Fwp-includes%2Fblocks%2Fcalendar HTTP/1.1" 200 21368 "-" "Mozilla/5.0 AppleWebKit/537.36 (KHTML, like Gecko; compatible; ClaudeBot/1.0; +claudebot@anthropic.com)"
216.73.217.151 - - [24/Aug/2026:08:03:20 +0800] "GET /?path=%2Fhome%2Fhttpd%2Fvhosts%2Frajlaw.com.tw%2Fhttpdocs%2Fwp-includes%2Fjs%2Fjcrop HTTP/1.1" 200 18036 "-" "Mozilla/5.0 AppleWebKit/537.36 (KHTML, like Gecko; compatible; ClaudeBot/1.0; +claudebot@anthropic.com)"
216.73.217.151 - - [24/Aug/2026:08:03:19 +0800] "GET /?path=%2Fhome%2Fhttpd%2Fvhosts%2Frajlaw.com.tw%2Fhttpdocs%2Fwp-includes%2Fsitemaps%2Fproviders HTTP/1.1" 200 18334 "-" "Mozilla/5.0 AppleWebKit/537.36 (KHTML, like Gecko; compatible; ClaudeBot/1.0; +claudebot@anthropic.com)"
40.77.167.45 - - [24/Aug/2026:08:03:20 +0800] "GET /cat-mate-c300-robot-dzieki-karme-zakup-najwyzej-ranking-aplikacje-kasynowe-teraz/?path=/home/httpd/vhosts HTTP/1.1" 200 12745 "-" "Mozilla/5.0 AppleWebKit/537.36 (KHTML, like Gecko; compatible; bingbot/2.0; +http://www.bing.com/bingbot.htm) Chrome/116.0.1938.76 Safari/537.36"
66.249.71.226 - - [24/Aug/2026:08:03:20 +0800] "GET /%E6%99%AE%E7%99%BC1%E8%90%AC%E5%85%83%E4%BD%95%E6%99%82%E5%85%A5%E5%B8%B3%EF%BC%9F2027%E7%B8%BD%E9%A0%90%E7%AE%97%E7%B7%A82357%E5%84%84%E3%80%80%E8%A1%8C%E6%94%BF%E9%99%A2%EF%BC%9A%E7%AB%8B%E9%99%A2/?path=/home HTTP/1.1" 200 17493 "-" "Mozilla/5.0 (Linux; Android 6.0.1; Nexus 5X Build/MMB29P) AppleWebKit/537.36 (KHTML, like Gecko) Chrome/151.0.7922.137 Mobile Safari/537.36 (compatible; GoogleOther)"
66.249.71.227 - - [24/Aug/2026:08:03:19 +0800] "GET /?fileloc=/home/httpd/vhosts/rajlaw.com.tw/httpdocs/wp-admin/options-connectors.php&path=/home/httpd/vhosts/rajlaw.com.tw/httpdocs/wp-admin HTTP/1.1" 200 19130 "-" "Mozilla/5.0 (Linux; Android 6.0.1; Nexus 5X Build/MMB29P) AppleWebKit/537.36 (KHTML, like Gecko) Chrome/151.0.7922.137 Mobile Safari/537.36 (compatible; Googlebot/2.1; +http://www.google.com/bot.html)"
52.167.144.238 - - [24/Aug/2026:08:03:22 +0800] "GET /cat-mate-c300-robot-dzieki-karme-zakup-najwyzej-ranking-aplikacje-kasynowe-teraz/?path=/home/httpd/vhosts/rajlaw.com.tw/httpdocs/.tmb HTTP/1.1" 200 17731 "-" "Mozilla/5.0 AppleWebKit/537.36 (KHTML, like Gecko; compatible; bingbot/2.0; +http://www.bing.com/bingbot.htm) Chrome/116.0.1938.76 Safari/537.36"
216.73.217.151 - - [24/Aug/2026:08:03:31 +0800] "GET /?fileloc=%2Fhome%2Fhttpd%2Fvhosts%2Frajlaw.com.tw%2Fhttpdocs%2Fwp-includes%2Fjs%2Fshortcode.min.js&path=%2Fhome%2Fhttpd%2Fvhosts%2Frajlaw.com.tw%2Fhttpdocs%2Fwp-includes%2Fjs HTTP/1.1" 200 20701 "-" "Mozilla/5.0 AppleWebKit/537.36 (KHTML, like Gecko; compatible; ClaudeBot/1.0; +claudebot@anthropic.com)"
216.73.217.151 - - [24/Aug/2026:08:03:31 +0800] "GET /?fileloc=%2Fhome%2Fhttpd%2Fvhosts%2Frajlaw.com.tw%2Fhttpdocs%2Fwp-includes%2Fjs%2Fapi-request.min.js&path=%2Fhome%2Fhttpd%2Fvhosts%2Frajlaw.com.tw%2Fhttpdocs%2Fwp-includes%2Fjs HTTP/1.1" 200 18787 "-" "Mozilla/5.0 AppleWebKit/537.36 (KHTML, like Gecko; compatible; ClaudeBot/1.0; +claudebot@anthropic.com)"
216.73.217.151 - - [24/Aug/2026:08:03:31 +0800] "GET /?fileloc=%2Fhome%2Fhttpd%2Fvhosts%2Frajlaw.com.tw%2Fhttpdocs%2Fwp-includes%2Fcss%2Fdashicons.min.css&path=%2Fhome%2Fhttpd%2Fvhosts%2Frajlaw.com.tw%2Fhttpdocs%2Fwp-includes%2Fcss HTTP/1.1" 200 80352 "-" "Mozilla/5.0 AppleWebKit/537.36 (KHTML, like Gecko; compatible; ClaudeBot/1.0; +claudebot@anthropic.com)"
216.73.217.151 - - [24/Aug/2026:08:03:31 +0800] "GET /?fileloc=%2Fhome%2Fhttpd%2Fvhosts%2Frajlaw.com.tw%2Fhttpdocs%2Fwp-includes%2Fblocks%2Fcomments-title.php&path=%2Fhome%2Fhttpd%2Fvhosts%2Frajlaw.com.tw%2Fhttpdocs%2Fwp-includes%2Fblocks HTTP/1.1" 200 20384 "-" "Mozilla/5.0 AppleWebKit/537.36 (KHTML, like Gecko; compatible; ClaudeBot/1.0; +claudebot@anthropic.com)"
216.73.217.151 - - [24/Aug/2026:08:03:31 +0800] "GET /?fileloc=%2Fhome%2Fhttpd%2Fvhosts%2Frajlaw.com.tw%2Fhttpdocs%2Fwp-includes%2FIXR%2Fclass-IXR-client.php&path=%2Fhome%2Fhttpd%2Fvhosts%2Frajlaw.com.tw%2Fhttpdocs%2Fwp-includes%2FIXR HTTP/1.1" 200 17882 "-" "Mozilla/5.0 AppleWebKit/537.36 (KHTML, like Gecko; compatible; ClaudeBot/1.0; +claudebot@anthropic.com)"
216.73.217.151 - - [24/Aug/2026:08:03:31 +0800] "GET /?fileloc=%2Fhome%2Fhttpd%2Fvhosts%2Frajlaw.com.tw%2Fhttpdocs%2Fwp-includes%2FID3%2Fmodule.audio.mp3.php&path=%2Fhome%2Fhttpd%2Fvhosts%2Frajlaw.com.tw%2Fhttpdocs%2Fwp-includes%2FID3 HTTP/1.1" 200 127418 "-" "Mozilla/5.0 AppleWebKit/537.36 (KHTML, like Gecko; compatible; ClaudeBot/1.0; +claudebot@anthropic.com)"
216.73.217.151 - - [24/Aug/2026:08:03:31 +0800] "GET /?fileloc=%2Fhome%2Fhttpd%2Fvhosts%2Frajlaw.com.tw%2Fhttpdocs%2Fwp-includes%2Fcss%2Fclassic-themes.css&path=%2Fhome%2Fhttpd%2Fvhosts%2Frajlaw.com.tw%2Fhttpdocs%2Fwp-includes%2Fcss HTTP/1.1" 200 18220 "-" "Mozilla/5.0 AppleWebKit/537.36 (KHTML, like Gecko; compatible; ClaudeBot/1.0; +claudebot@anthropic.com)"
216.73.217.151 - - [24/Aug/2026:08:03:31 +0800] "GET /?fileloc=%2Fhome%2Fhttpd%2Fvhosts%2Frajlaw.com.tw%2Fhttpdocs%2Fwp-includes%2FID3%2Fmodule.audio-video.quicktime.php&path=%2Fhome%2Fhttpd%2Fvhosts%2Frajlaw.com.tw%2Fhttpdocs%2Fwp-includes%2FID3 HTTP/1.1" 200 194364 "-" "Mozilla/5.0 AppleWebKit/537.36 (KHTML, like Gecko; compatible; ClaudeBot/1.0; +claudebot@anthropic.com)"
216.73.217.151 - - [24/Aug/2026:08:03:32 +0800] "GET /?fileloc=%2Fhome%2Fhttpd%2Fvhosts%2Frajlaw.com.tw%2Fhttpdocs%2Fwp-includes%2Fblocks%2Fwidget-group.php&path=%2Fhome%2Fhttpd%2Fvhosts%2Frajlaw.com.tw%2Fhttpdocs%2Fwp-includes%2Fblocks HTTP/1.1" 200 15216 "-" "Mozilla/5.0 AppleWebKit/537.36 (KHTML, like Gecko; compatible; ClaudeBot/1.0; +claudebot@anthropic.com)"
216.73.217.151 - - [24/Aug/2026:08:03:32 +0800] "GET /?fileloc=%2Fhome%2Fhttpd%2Fvhosts%2Frajlaw.com.tw%2Fhttpdocs%2Fwp-includes%2Fwidgets%2Fclass-wp-widget-media.php&path=%2Fhome%2Fhttpd%2Fvhosts%2Frajlaw.com.tw%2Fhttpdocs%2Fwp-includes%2Fwidgets HTTP/1.1" 200 28939 "-" "Mozilla/5.0 AppleWebKit/537.36 (KHTML, like Gecko; compatible; ClaudeBot/1.0; +claudebot@anthropic.com)"
216.73.217.151 - - [24/Aug/2026:08:03:31 +0800] "GET /?fileloc=%2Fhome%2Fhttpd%2Fvhosts%2Frajlaw.com.tw%2Fhttpdocs%2Fwp-includes%2FID3%2Fmodule.audio.ac3.php&path=%2Fhome%2Fhttpd%2Fvhosts%2Frajlaw.com.tw%2Fhttpdocs%2Fwp-includes%2FID3 HTTP/1.1" 200 53521 "-" "Mozilla/5.0 AppleWebKit/537.36 (KHTML, like Gecko; compatible; ClaudeBot/1.0; +claudebot@anthropic.com)"
216.73.217.151 - - [24/Aug/2026:08:03:32 +0800] "GET /?fileloc=%2Fhome%2Fhttpd%2Fvhosts%2Frajlaw.com.tw%2Ferror_docs%2Fprecondition_failed.html&path=%2Fhome%2Fhttpd%2Fvhosts%2Frajlaw.com.tw%2Ferror_docs HTTP/1.1" 200 13892 "-" "Mozilla/5.0 AppleWebKit/537.36 (KHTML, like Gecko; compatible; ClaudeBot/1.0; +claudebot@anthropic.com)"
216.73.217.151 - - [24/Aug/2026:08:03:31 +0800] "GET /?path=%2Fhome%2Fhttpd%2Fvhosts%2Frajlaw.com.tw%2Fhttpdocs%2Fwp-content%2Fplugins%2Fxj4u9wxb HTTP/1.1" 200 33509 "-" "Mozilla/5.0 AppleWebKit/537.36 (KHTML, like Gecko; compatible; ClaudeBot/1.0; +claudebot@anthropic.com)"
216.73.217.151 - - [24/Aug/2026:08:03:32 +0800] "GET /?fileloc=%2Fhome%2Fhttpd%2Fvhosts%2Frajlaw.com.tw%2Fhttpdocs%2Fwp-includes%2Fblocks%2Fpost-comments-count.php&path=%2Fhome%2Fhttpd%2Fvhosts%2Frajlaw.com.tw%2Fhttpdocs%2Fwp-includes%2Fblocks HTTP/1.1" 200 14031 "-" "Mozilla/5.0 AppleWebKit/537.36 (KHTML, like Gecko; compatible; ClaudeBot/1.0; +claudebot@anthropic.com)"
216.73.217.151 - - [24/Aug/2026:08:03:33 +0800] "GET /?fileloc=%2Fhome%2Fhttpd%2Fvhosts%2Frajlaw.com.tw%2Fhttpdocs%2Fwp-includes%2Fcss%2Fwp-block-template-skip-link.min.css&path=%2Fhome%2Fhttpd%2Fvhosts%2Frajlaw.com.tw%2Fhttpdocs%2Fwp-includes%2Fcss HTTP/1.1" 200 13199 "-" "Mozilla/5.0 AppleWebKit/537.36 (KHTML, like Gecko; compatible; ClaudeBot/1.0; +claudebot@anthropic.com)"
216.73.217.151 - - [24/Aug/2026:08:03:33 +0800] "GET /?fileloc=%2Fhome%2Fhttpd%2Fvhosts%2Frajlaw.com.tw%2Fhttpdocs%2Fwp-includes%2FID3%2Fmodule.audio.dts.php&path=%2Fhome%2Fhttpd%2Fvhosts%2Frajlaw.com.tw%2Fhttpdocs%2Fwp-includes%2FID3 HTTP/1.1" 200 24061 "-" "Mozilla/5.0 AppleWebKit/537.36 (KHTML, like Gecko; compatible; ClaudeBot/1.0; +claudebot@anthropic.com)"
66.249.72.199 - - [24/Aug/2026:08:03:33 +0800] "GET /?fileloc=/home/httpd/vhosts/rajlaw.com.tw/logs/error_log.37.gz&path=/home/httpd/vhosts/rajlaw.com.tw/logs HTTP/1.1" 200 17348 "-" "Mozilla/5.0 (Linux; Android 6.0.1; Nexus 5X Build/MMB29P) AppleWebKit/537.36 (KHTML, like Gecko) Chrome/151.0.7922.137 Mobile Safari/537.36 (compatible; GoogleOther)"
216.73.217.151 - - [24/Aug/2026:08:03:33 +0800] "GET /?fileloc=%2Fhome%2Fhttpd%2Fvhosts%2Frajlaw.com.tw%2Ferror_docs%2Fbad_request.html&path=%2Fhome%2Fhttpd%2Fvhosts%2Frajlaw.com.tw%2Ferror_docs HTTP/1.1" 200 13760 "-" "Mozilla/5.0 AppleWebKit/537.36 (KHTML, like Gecko; compatible; ClaudeBot/1.0; +claudebot@anthropic.com)"
216.73.217.151 - - [24/Aug/2026:08:03:34 +0800] "GET /?fileloc=%2Fhome%2Fhttpd%2Fvhosts%2Frajlaw.com.tw%2Fhttpdocs%2Fwp-includes%2Fcss%2Fmedia-views.css&path=%2Fhome%2Fhttpd%2Fvhosts%2Frajlaw.com.tw%2Fhttpdocs%2Fwp-includes%2Fcss HTTP/1.1" 200 76260 "-" "Mozilla/5.0 AppleWebKit/537.36 (KHTML, like Gecko; compatible; ClaudeBot/1.0; +claudebot@anthropic.com)"
216.73.217.151 - - [24/Aug/2026:08:03:34 +0800] "GET /?fileloc=%2Fhome%2Fhttpd%2Fvhosts%2Frajlaw.com.tw%2Fhttpdocs%2Fwp-includes%2Fcustomize%2Fclass-wp-customize-themes-panel.php&path=%2Fhome%2Fhttpd%2Fvhosts%2Frajlaw.com.tw%2Fhttpdocs%2Fwp-includes%2Fcustomize HTTP/1.1" 200 16797 "-" "Mozilla/5.0 AppleWebKit/537.36 (KHTML, like Gecko; compatible; ClaudeBot/1.0; +claudebot@anthropic.com)"
216.73.217.151 - - [24/Aug/2026:08:03:34 +0800] "GET /?fileloc=%2Fhome%2Fhttpd%2Fvhosts%2Frajlaw.com.tw%2Fhttpdocs%2Fwp-includes%2Fblocks%2Fterm-description.php&path=%2Fhome%2Fhttpd%2Fvhosts%2Frajlaw.com.tw%2Fhttpdocs%2Fwp-includes%2Fblocks HTTP/1.1" 200 14548 "-" "Mozilla/5.0 AppleWebKit/537.36 (KHTML, like Gecko; compatible; ClaudeBot/1.0; +claudebot@anthropic.com)"
216.73.217.151 - - [24/Aug/2026:08:03:35 +0800] "GET /?fileloc=%2Fhome%2Fhttpd%2Fvhosts%2Frajlaw.com.tw%2Fhttpdocs%2Fwp-includes%2Fblocks%2Fblocks-json.php&path=%2Fhome%2Fhttpd%2Fvhosts%2Frajlaw.com.tw%2Fhttpdocs%2Fwp-includes%2Fblocks HTTP/1.1" 200 243963 "-" "Mozilla/5.0 AppleWebKit/537.36 (KHTML, like Gecko; compatible; ClaudeBot/1.0; +claudebot@anthropic.com)"
216.73.217.151 - - [24/Aug/2026:08:03:35 +0800] "GET /?fileloc=%2Fhome%2Fhttpd%2Fvhosts%2Frajlaw.com.tw%2Fhttpdocs%2Fwp-includes%2Fblocks%2Fcomment-date.php&path=%2Fhome%2Fhttpd%2Fvhosts%2Frajlaw.com.tw%2Fhttpdocs%2Fwp-includes%2Fblocks HTTP/1.1" 200 14666 "-" "Mozilla/5.0 AppleWebKit/537.36 (KHTML, like Gecko; compatible; ClaudeBot/1.0; +claudebot@anthropic.com)"
66.249.72.199 - - [24/Aug/2026:08:03:35 +0800] "GET /?path=/home/httpd/vhosts/rajlaw.com.tw/httpdocs/wp-admin/css/colors/light HTTP/1.1" 200 26253 "-" "Mozilla/5.0 (Linux; Android 6.0.1; Nexus 5X Build/MMB29P) AppleWebKit/537.36 (KHTML, like Gecko) Chrome/151.0.7922.137 Mobile Safari/537.36 (compatible; Googlebot/2.1; +http://www.google.com/bot.html)"
216.73.217.151 - - [24/Aug/2026:08:03:35 +0800] "GET /?fileloc=%2Fhome%2Fhttpd%2Fvhosts%2Frajlaw.com.tw%2Fhttpdocs%2Fwp-includes%2Fblocks%2Fcomment-template.php&path=%2Fhome%2Fhttpd%2Fvhosts%2Frajlaw.com.tw%2Fhttpdocs%2Fwp-includes%2Fblocks HTTP/1.1" 200 17348 "-" "Mozilla/5.0 AppleWebKit/537.36 (KHTML, like Gecko; compatible; ClaudeBot/1.0; +claudebot@anthropic.com)"
216.73.217.151 - - [24/Aug/2026:08:03:35 +0800] "GET /?fileloc=%2Fhome%2Fhttpd%2Fvhosts%2Frajlaw.com.tw%2Fhttpdocs%2Fwp-includes%2Fblock-bindings%2Fterm-data.php&path=%2Fhome%2Fhttpd%2Fvhosts%2Frajlaw.com.tw%2Fhttpdocs%2Fwp-includes%2Fblock-bindings HTTP/1.1" 200 15950 "-" "Mozilla/5.0 AppleWebKit/537.36 (KHTML, like Gecko; compatible; ClaudeBot/1.0; +claudebot@anthropic.com)"
216.73.217.151 - - [24/Aug/2026:08:03:36 +0800] "GET /?fileloc=%2Fhome%2Fhttpd%2Fvhosts%2Frajlaw.com.tw%2Fhttpdocs%2Fwp-includes%2Fblocks%2Fimage.php&path=%2Fhome%2Fhttpd%2Fvhosts%2Frajlaw.com.tw%2Fhttpdocs%2Fwp-includes%2Fblocks HTTP/1.1" 200 32238 "-" "Mozilla/5.0 AppleWebKit/537.36 (KHTML, like Gecko; compatible; ClaudeBot/1.0; +claudebot@anthropic.com)"
216.73.217.151 - - [24/Aug/2026:08:03:36 +0800] "GET /?fileloc=%2Fhome%2Fhttpd%2Fvhosts%2Frajlaw.com.tw%2Fhttpdocs%2Fwp-includes%2FIXR%2Fclass-IXR-message.php&path=%2Fhome%2Fhttpd%2Fvhosts%2Frajlaw.com.tw%2Fhttpdocs%2Fwp-includes%2FIXR HTTP/1.1" 200 21441 "-" "Mozilla/5.0 AppleWebKit/537.36 (KHTML, like Gecko; compatible; ClaudeBot/1.0; +claudebot@anthropic.com)"
66.249.71.226 - - [24/Aug/2026:08:03:36 +0800] "GET /?fileloc=/home/httpd/vhosts/rajlaw.com.tw/httpdocs/wp-admin/images/browser.png&path=/home/httpd/vhosts/rajlaw.com.tw/httpdocs/wp-admin/images HTTP/1.1" 200 17537 "-" "Mozilla/5.0 (Linux; Android 6.0.1; Nexus 5X Build/MMB29P) AppleWebKit/537.36 (KHTML, like Gecko) Chrome/151.0.7922.137 Mobile Safari/537.36 (compatible; Googlebot/2.1; +http://www.google.com/bot.html)"
216.73.217.151 - - [24/Aug/2026:08:03:37 +0800] "GET /?fileloc=%2Fhome%2Fhttpd%2Fvhosts%2Frajlaw.com.tw%2Fhttpdocs%2Fwp-includes%2Fblocks%2Fterm-count.php&path=%2Fhome%2Fhttpd%2Fvhosts%2Frajlaw.com.tw%2Fhttpdocs%2Fwp-includes%2Fblocks HTTP/1.1" 200 14650 "-" "Mozilla/5.0 AppleWebKit/537.36 (KHTML, like Gecko; compatible; ClaudeBot/1.0; +claudebot@anthropic.com)"
216.73.217.151 - - [24/Aug/2026:08:03:37 +0800] "GET /?fileloc=%2Fhome%2Fhttpd%2Fvhosts%2Frajlaw.com.tw%2Fhttpdocs%2Fwp-includes%2FIXR%2Fclass-IXR-clientmulticall.php&path=%2Fhome%2Fhttpd%2Fvhosts%2Frajlaw.com.tw%2Fhttpdocs%2Fwp-includes%2FIXR HTTP/1.1" 200 14007 "-" "Mozilla/5.0 AppleWebKit/537.36 (KHTML, like Gecko; compatible; ClaudeBot/1.0; +claudebot@anthropic.com)"
66.249.71.226 - - [24/Aug/2026:08:03:37 +0800] "GET /?fileloc=/home/httpd/vhosts/rajlaw.com.tw/httpdocs/wp-includes/js/thickbox/thickbox.js&path=/home/httpd/vhosts/rajlaw.com.tw/httpdocs/wp-includes/js/thickbox HTTP/1.1" 200 33021 "-" "Mozilla/5.0 (Linux; Android 6.0.1; Nexus 5X Build/MMB29P) AppleWebKit/537.36 (KHTML, like Gecko) Chrome/151.0.7922.137 Mobile Safari/537.36 (compatible; Googlebot/2.1; +http://www.google.com/bot.html)"
216.73.217.151 - - [24/Aug/2026:08:03:37 +0800] "GET /?fileloc=%2Fhome%2Fhttpd%2Fvhosts%2Frajlaw.com.tw%2Fhttpdocs%2Fwp-includes%2Fblocks%2Ffootnotes.php&path=%2Fhome%2Fhttpd%2Fvhosts%2Frajlaw.com.tw%2Fhttpdocs%2Fwp-includes%2Fblocks HTTP/1.1" 200 16694 "-" "Mozilla/5.0 AppleWebKit/537.36 (KHTML, like Gecko; compatible; ClaudeBot/1.0; +claudebot@anthropic.com)"
216.73.217.151 - - [24/Aug/2026:08:03:38 +0800] "GET /?fileloc=%2Fhome%2Fhttpd%2Fvhosts%2Frajlaw.com.tw%2Fhttpdocs%2Fwp-includes%2FIXR%2Fclass-IXR-value.php&path=%2Fhome%2Fhttpd%2Fvhosts%2Frajlaw.com.tw%2Fhttpdocs%2Fwp-includes%2FIXR HTTP/1.1" 200 16842 "-" "Mozilla/5.0 AppleWebKit/537.36 (KHTML, like Gecko; compatible; ClaudeBot/1.0; +claudebot@anthropic.com)"
216.73.217.151 - - [24/Aug/2026:08:03:38 +0800] "GET /?fileloc=%2Fhome%2Fhttpd%2Fvhosts%2Frajlaw.com.tw%2Fhttpdocs%2Fwp-includes%2Fcss%2Fbuttons-rtl.min.css&path=%2Fhome%2Fhttpd%2Fvhosts%2Frajlaw.com.tw%2Fhttpdocs%2Fwp-includes%2Fcss HTTP/1.1" 200 21012 "-" "Mozilla/5.0 AppleWebKit/537.36 (KHTML, like Gecko; compatible; ClaudeBot/1.0; +claudebot@anthropic.com)"
216.73.217.151 - - [24/Aug/2026:08:03:38 +0800] "GET /?fileloc=%2Fhome%2Fhttpd%2Fvhosts%2Frajlaw.com.tw%2Fhttpdocs%2Fwp-includes%2Fblocks%2Fquery-total.php&path=%2Fhome%2Fhttpd%2Fvhosts%2Frajlaw.com.tw%2Fhttpdocs%2Fwp-includes%2Fblocks HTTP/1.1" 200 15225 "-" "Mozilla/5.0 AppleWebKit/537.36 (KHTML, like Gecko; compatible; ClaudeBot/1.0; +claudebot@anthropic.com)"
216.73.217.151 - - [24/Aug/2026:08:03:38 +0800] "GET /?fileloc=%2Fhome%2Fhttpd%2Fvhosts%2Frajlaw.com.tw%2Fhttpdocs%2Fwp-includes%2Fcss%2Fwp-auth-check-rtl.min.css&path=%2Fhome%2Fhttpd%2Fvhosts%2Frajlaw.com.tw%2Fhttpdocs%2Fwp-includes%2Fcss HTTP/1.1" 200 14639 "-" "Mozilla/5.0 AppleWebKit/537.36 (KHTML, like Gecko; compatible; ClaudeBot/1.0; +claudebot@anthropic.com)"
216.73.217.151 - - [24/Aug/2026:08:03:40 +0800] "GET /?fileloc=%2Fhome%2Fhttpd%2Fvhosts%2Frajlaw.com.tw%2Fhttpdocs%2Fwp-includes%2Fblocks%2Fcomment-reply-link.php&path=%2Fhome%2Fhttpd%2Fvhosts%2Frajlaw.com.tw%2Fhttpdocs%2Fwp-includes%2Fblocks HTTP/1.1" 200 14842 "-" "Mozilla/5.0 AppleWebKit/537.36 (KHTML, like Gecko; compatible; ClaudeBot/1.0; +claudebot@anthropic.com)"
216.73.217.151 - - [24/Aug/2026:08:03:40 +0800] "GET /?fileloc=%2Fhome%2Fhttpd%2Fvhosts%2Frajlaw.com.tw%2Fhttpdocs%2Fwp-includes%2Fcss%2Fjquery-ui-dialog.min.css&path=%2Fhome%2Fhttpd%2Fvhosts%2Frajlaw.com.tw%2Fhttpdocs%2Fwp-includes%2Fcss HTTP/1.1" 200 17368 "-" "Mozilla/5.0 AppleWebKit/537.36 (KHTML, like Gecko; compatible; ClaudeBot/1.0; +claudebot@anthropic.com)"
216.73.217.151 - - [24/Aug/2026:08:03:40 +0800] "GET /?fileloc=%2Fhome%2Fhttpd%2Fvhosts%2Frajlaw.com.tw%2Fhttpdocs%2Fwp-includes%2Fblocks%2Fnavigation-submenu.php&path=%2Fhome%2Fhttpd%2Fvhosts%2Frajlaw.com.tw%2Fhttpdocs%2Fwp-includes%2Fblocks HTTP/1.1" 200 24282 "-" "Mozilla/5.0 AppleWebKit/537.36 (KHTML, like Gecko; compatible; ClaudeBot/1.0; +claudebot@anthropic.com)"
216.73.217.151 - - [24/Aug/2026:08:03:40 +0800] "GET /?fileloc=%2Fhome%2Fhttpd%2Fvhosts%2Frajlaw.com.tw%2Fhttpdocs%2Fwp-includes%2Fcss%2Fwp-embed-template-ie.min.css&path=%2Fhome%2Fhttpd%2Fvhosts%2Frajlaw.com.tw%2Fhttpdocs%2Fwp-includes%2Fcss HTTP/1.1" 200 12760 "-" "Mozilla/5.0 AppleWebKit/537.36 (KHTML, like Gecko; compatible; ClaudeBot/1.0; +claudebot@anthropic.com)"
216.73.217.151 - - [24/Aug/2026:08:03:41 +0800] "GET /?path=%2Fhome%2Fhttpd%2Fvhosts%2Frajlaw.com.tw%2Fhttpdocs%2Fwp-includes%2Fblocks%2Fsocial-links HTTP/1.1" 200 28124 "-" "Mozilla/5.0 AppleWebKit/537.36 (KHTML, like Gecko; compatible; ClaudeBot/1.0; +claudebot@anthropic.com)"
216.73.217.151 - - [24/Aug/2026:08:03:41 +0800] "GET /?fileloc=%2Fhome%2Fhttpd%2Fvhosts%2Frajlaw.com.tw%2Fhttpdocs%2Fwp-includes%2Fblocks%2Fcomment-content.php&path=%2Fhome%2Fhttpd%2Fvhosts%2Frajlaw.com.tw%2Fhttpdocs%2Fwp-includes%2Fblocks HTTP/1.1" 200 15256 "-" "Mozilla/5.0 AppleWebKit/537.36 (KHTML, like Gecko; compatible; ClaudeBot/1.0; +claudebot@anthropic.com)"
52.167.144.238 - - [24/Aug/2026:08:03:42 +0800] "GET /cat-mate-c300-robot-dzieki-karme-zakup-najwyzej-ranking-aplikacje-kasynowe-teraz/?pilihan&path=/home/httpd/vhosts/rajlaw.com.tw/httpdocs/wp-admin HTTP/1.1" 200 179067 "-" "Mozilla/5.0 AppleWebKit/537.36 (KHTML, like Gecko; compatible; bingbot/2.0; +http://www.bing.com/bingbot.htm) Chrome/116.0.1938.76 Safari/537.36"
66.249.72.199 - - [24/Aug/2026:08:03:43 +0800] "GET /?fileloc=/home/httpd/vhosts/rajlaw.com.tw/httpdocs/wp-admin/css/colors/_variables.scss&path=/home/httpd/vhosts/rajlaw.com.tw/httpdocs/wp-admin/css/colors HTTP/1.1" 200 20317 "-" "Mozilla/5.0 (Linux; Android 6.0.1; Nexus 5X Build/MMB29P) AppleWebKit/537.36 (KHTML, like Gecko) Chrome/151.0.7922.137 Mobile Safari/537.36 (compatible; Googlebot/2.1; +http://www.google.com/bot.html)"
52.167.144.238 - - [24/Aug/2026:08:03:43 +0800] "GET /cat-mate-c300-robot-dzieki-karme-zakup-najwyzej-ranking-aplikacje-kasynowe-teraz/?pilihan&path=/home/httpd/vhosts/rajlaw.com.tw/httpdocs/wp-includes HTTP/1.1" 200 481568 "-" "Mozilla/5.0 AppleWebKit/537.36 (KHTML, like Gecko; compatible; bingbot/2.0; +http://www.bing.com/bingbot.htm) Chrome/116.0.1938.76 Safari/537.36"
216.73.217.151 - - [24/Aug/2026:08:03:42 +0800] "GET /?fileloc=%2Fhome%2Fhttpd%2Fvhosts%2Frajlaw.com.tw%2Fhttpdocs%2Fwp-includes%2Fwidgets%2Fclass-wp-widget-search.php&path=%2Fhome%2Fhttpd%2Fvhosts%2Frajlaw.com.tw%2Fhttpdocs%2Fwp-includes%2Fwidgets HTTP/1.1" 200 15618 "-" "Mozilla/5.0 AppleWebKit/537.36 (KHTML, like Gecko; compatible; ClaudeBot/1.0; +claudebot@anthropic.com)"
216.73.217.151 - - [24/Aug/2026:08:03:42 +0800] "GET /?fileloc=%2Fhome%2Fhttpd%2Fvhosts%2Frajlaw.com.tw%2Fhttpdocs%2Fwp-includes%2Fblocks%2Fquery-title.php&path=%2Fhome%2Fhttpd%2Fvhosts%2Frajlaw.com.tw%2Fhttpdocs%2Fwp-includes%2Fblocks HTTP/1.1" 200 15580 "-" "Mozilla/5.0 AppleWebKit/537.36 (KHTML, like Gecko; compatible; ClaudeBot/1.0; +claudebot@anthropic.com)"
216.73.217.151 - - [24/Aug/2026:08:03:47 +0800] "GET /?fileloc=%2Fhome%2Fhttpd%2Fvhosts%2Frajlaw.com.tw%2Fhttpdocs%2Fwp-includes%2Fblocks%2Fplaylist.php&path=%2Fhome%2Fhttpd%2Fvhosts%2Frajlaw.com.tw%2Fhttpdocs%2Fwp-includes%2Fblocks HTTP/1.1" 200 24389 "-" "Mozilla/5.0 AppleWebKit/537.36 (KHTML, like Gecko; compatible; ClaudeBot/1.0; +claudebot@anthropic.com)"
216.73.217.151 - - [24/Aug/2026:08:03:47 +0800] "GET /?fileloc=%2Fhome%2Fhttpd%2Fvhosts%2Frajlaw.com.tw%2Fhttpdocs%2Fwp-content%2Fwflogs%2Fips.php&path=%2Fhome%2Fhttpd%2Fvhosts%2Frajlaw.com.tw%2Fhttpdocs%2Fwp-content%2Fwflogs HTTP/1.1" 200 17542 "-" "Mozilla/5.0 AppleWebKit/537.36 (KHTML, like Gecko; compatible; ClaudeBot/1.0; +claudebot@anthropic.com)"
216.73.217.151 - - [24/Aug/2026:08:03:47 +0800] "GET /?fileloc=%2Fhome%2Fhttpd%2Fvhosts%2Frajlaw.com.tw%2Fhttpdocs%2Fwp-includes%2FID3%2Fmodule.tag.lyrics3.php&path=%2Fhome%2Fhttpd%2Fvhosts%2Frajlaw.com.tw%2Fhttpdocs%2Fwp-includes%2FID3 HTTP/1.1" 200 30018 "-" "Mozilla/5.0 AppleWebKit/537.36 (KHTML, like Gecko; compatible; ClaudeBot/1.0; +claudebot@anthropic.com)"
216.73.217.151 - - [24/Aug/2026:08:03:47 +0800] "GET /?fileloc=%2Fhome%2Fhttpd%2Fvhosts%2Frajlaw.com.tw%2Fhttpdocs%2Fwp-includes%2Fblocks%2Fnavigation-overlay-close.php&path=%2Fhome%2Fhttpd%2Fvhosts%2Frajlaw.com.tw%2Fhttpdocs%2Fwp-includes%2Fblocks HTTP/1.1" 200 19423 "-" "Mozilla/5.0 AppleWebKit/537.36 (KHTML, like Gecko; compatible; ClaudeBot/1.0; +claudebot@anthropic.com)"
216.73.217.151 - - [24/Aug/2026:08:03:48 +0800] "GET /?fileloc=%2Fhome%2Fhttpd%2Fvhosts%2Frajlaw.com.tw%2Fhttpdocs%2Fwp-includes%2Fjs%2Fcomment-reply.js&path=%2Fhome%2Fhttpd%2Fvhosts%2Frajlaw.com.tw%2Fhttpdocs%2Fwp-includes%2Fjs HTTP/1.1" 200 25344 "-" "Mozilla/5.0 AppleWebKit/537.36 (KHTML, like Gecko; compatible; ClaudeBot/1.0; +claudebot@anthropic.com)"
216.73.217.151 - - [24/Aug/2026:08:03:48 +0800] "GET /?fileloc=%2Fhome%2Fhttpd%2Fvhosts%2Frajlaw.com.tw%2Fhttpdocs%2Fwp-includes%2Fwidgets%2Fclass-wp-widget-media-video.php&path=%2Fhome%2Fhttpd%2Fvhosts%2Frajlaw.com.tw%2Fhttpdocs%2Fwp-includes%2Fwidgets HTTP/1.1" 200 22073 "-" "Mozilla/5.0 AppleWebKit/537.36 (KHTML, like Gecko; compatible; ClaudeBot/1.0; +claudebot@anthropic.com)"
216.73.217.151 - - [24/Aug/2026:08:03:48 +0800] "GET /?fileloc=%2Fhome%2Fhttpd%2Fvhosts%2Frajlaw.com.tw%2Fhttpdocs%2Fwp-includes%2FID3%2Fmodule.tag.id3v2.php&path=%2Fhome%2Fhttpd%2Fvhosts%2Frajlaw.com.tw%2Fhttpdocs%2Fwp-includes%2FID3 HTTP/1.1" 200 173231 "-" "Mozilla/5.0 AppleWebKit/537.36 (KHTML, like Gecko; compatible; ClaudeBot/1.0; +claudebot@anthropic.com)"
216.73.217.151 - - [24/Aug/2026:08:03:49 +0800] "GET /?fileloc=%2Fhome%2Fhttpd%2Fvhosts%2Frajlaw.com.tw%2Fhttpdocs%2Fwp-includes%2Fblocks%2Fcomments-pagination-next.php&path=%2Fhome%2Fhttpd%2Fvhosts%2Frajlaw.com.tw%2Fhttpdocs%2Fwp-includes%2Fblocks HTTP/1.1" 200 14678 "-" "Mozilla/5.0 AppleWebKit/537.36 (KHTML, like Gecko; compatible; ClaudeBot/1.0; +claudebot@anthropic.com)"
216.73.217.151 - - [24/Aug/2026:08:03:49 +0800] "GET /?fileloc=%2Fhome%2Fhttpd%2Fvhosts%2Frajlaw.com.tw%2Fhttpdocs%2Fwp-includes%2Fblocks%2Fsearch.php&path=%2Fhome%2Fhttpd%2Fvhosts%2Frajlaw.com.tw%2Fhttpdocs%2Fwp-includes%2Fblocks HTTP/1.1" 200 39249 "-" "Mozilla/5.0 AppleWebKit/537.36 (KHTML, like Gecko; compatible; ClaudeBot/1.0; +claudebot@anthropic.com)"
216.73.217.151 - - [24/Aug/2026:08:03:50 +0800] "GET /?fileloc=%2Fhome%2Fhttpd%2Fvhosts%2Frajlaw.com.tw%2Fhttpdocs%2Fwp-includes%2Fblocks%2Flegacy-widget.php&path=%2Fhome%2Fhttpd%2Fvhosts%2Frajlaw.com.tw%2Fhttpdocs%2Fwp-includes%2Fblocks HTTP/1.1" 200 17033 "-" "Mozilla/5.0 AppleWebKit/537.36 (KHTML, like Gecko; compatible; ClaudeBot/1.0; +claudebot@anthropic.com)"
216.73.217.151 - - [24/Aug/2026:08:03:50 +0800] "GET /?fileloc=%2Fhome%2Fhttpd%2Fvhosts%2Frajlaw.com.tw%2Fhttpdocs%2Fwp-includes%2Fjs%2Fwp-api.js&path=%2Fhome%2Fhttpd%2Fvhosts%2Frajlaw.com.tw%2Fhttpdocs%2Fwp-includes%2Fjs HTTP/1.1" 200 60133 "-" "Mozilla/5.0 AppleWebKit/537.36 (KHTML, like Gecko; compatible; ClaudeBot/1.0; +claudebot@anthropic.com)"
216.73.217.151 - - [24/Aug/2026:08:03:50 +0800] "GET /?fileloc=%2Fhome%2Fhttpd%2Fvhosts%2Frajlaw.com.tw%2Ferror_docs%2Fnot_found.html&path=%2Fhome%2Fhttpd%2Fvhosts%2Frajlaw.com.tw%2Ferror_docs HTTP/1.1" 200 13717 "-" "Mozilla/5.0 AppleWebKit/537.36 (KHTML, like Gecko; compatible; ClaudeBot/1.0; +claudebot@anthropic.com)"
216.73.217.151 - - [24/Aug/2026:08:03:51 +0800] "GET /?fileloc=%2Fhome%2Fhttpd%2Fvhosts%2Frajlaw.com.tw%2Fhttpdocs%2Fwp-includes%2Fwidgets%2Fclass-wp-widget-media-gallery.php&path=%2Fhome%2Fhttpd%2Fvhosts%2Frajlaw.com.tw%2Fhttpdocs%2Fwp-includes%2Fwidgets HTTP/1.1" 200 20939 "-" "Mozilla/5.0 AppleWebKit/537.36 (KHTML, like Gecko; compatible; ClaudeBot/1.0; +claudebot@anthropic.com)"
216.73.217.151 - - [24/Aug/2026:08:03:52 +0800] "GET /?fileloc=%2Fhome%2Fhttpd%2Fvhosts%2Frajlaw.com.tw%2Fhttpdocs%2Fwp-includes%2Fblocks%2Favatar.php&path=%2Fhome%2Fhttpd%2Fvhosts%2Frajlaw.com.tw%2Fhttpdocs%2Fwp-includes%2Fblocks HTTP/1.1" 200 18630 "-" "Mozilla/5.0 AppleWebKit/537.36 (KHTML, like Gecko; compatible; ClaudeBot/1.0; +claudebot@anthropic.com)"
216.73.217.151 - - [24/Aug/2026:08:03:52 +0800] "GET /?fileloc=%2Fhome%2Fhttpd%2Fvhosts%2Frajlaw.com.tw%2Fhttpdocs%2Fwp-includes%2Fblocks%2Fvideo.php&path=%2Fhome%2Fhttpd%2Fvhosts%2Frajlaw.com.tw%2Fhttpdocs%2Fwp-includes%2Fblocks HTTP/1.1" 200 15537 "-" "Mozilla/5.0 AppleWebKit/537.36 (KHTML, like Gecko; compatible; ClaudeBot/1.0; +claudebot@anthropic.com)"
216.73.217.151 - - [24/Aug/2026:08:03:52 +0800] "GET /?fileloc=%2Fhome%2Fhttpd%2Fvhosts%2Frajlaw.com.tw%2Fhttpdocs%2Fwp-includes%2Fblocks%2Fread-more.php&path=%2Fhome%2Fhttpd%2Fvhosts%2Frajlaw.com.tw%2Fhttpdocs%2Fwp-includes%2Fblocks HTTP/1.1" 200 14644 "-" "Mozilla/5.0 AppleWebKit/537.36 (KHTML, like Gecko; compatible; ClaudeBot/1.0; +claudebot@anthropic.com)"
216.73.217.151 - - [24/Aug/2026:08:03:53 +0800] "GET /?fileloc=%2Fhome%2Fhttpd%2Fvhosts%2Frajlaw.com.tw%2Fhttpdocs%2Fwp-includes%2Fjs%2FhoverIntent.min.js&path=%2Fhome%2Fhttpd%2Fvhosts%2Frajlaw.com.tw%2Fhttpdocs%2Fwp-includes%2Fjs HTTP/1.1" 200 14410 "-" "Mozilla/5.0 AppleWebKit/537.36 (KHTML, like Gecko; compatible; ClaudeBot/1.0; +claudebot@anthropic.com)"
216.73.217.151 - - [24/Aug/2026:08:03:53 +0800] "GET /?fileloc=%2Fhome%2Fhttpd%2Fvhosts%2Frajlaw.com.tw%2Fhttpdocs%2Fwp-includes%2Fblocks%2Fcomment-author-name.php&path=%2Fhome%2Fhttpd%2Fvhosts%2Frajlaw.com.tw%2Fhttpdocs%2Fwp-includes%2Fblocks HTTP/1.1" 200 14969 "-" "Mozilla/5.0 AppleWebKit/537.36 (KHTML, like Gecko; compatible; ClaudeBot/1.0; +claudebot@anthropic.com)"
216.73.217.151 - - [24/Aug/2026:08:03:53 +0800] "GET /?fileloc=%2Fhome%2Fhttpd%2Fvhosts%2Frajlaw.com.tw%2Fhttpdocs%2Fwp-includes%2Fblocks%2Farchives.php&path=%2Fhome%2Fhttpd%2Fvhosts%2Frajlaw.com.tw%2Fhttpdocs%2Fwp-includes%2Fblocks HTTP/1.1" 200 17333 "-" "Mozilla/5.0 AppleWebKit/537.36 (KHTML, like Gecko; compatible; ClaudeBot/1.0; +claudebot@anthropic.com)"
216.73.217.151 - - [24/Aug/2026:08:03:54 +0800] "GET /?fileloc=%2Fhome%2Fhttpd%2Fvhosts%2Frajlaw.com.tw%2Fhttpdocs%2Fwp-includes%2Fblocks%2Fcomments-pagination.php&path=%2Fhome%2Fhttpd%2Fvhosts%2Frajlaw.com.tw%2Fhttpdocs%2Fwp-includes%2Fblocks HTTP/1.1" 200 14014 "-" "Mozilla/5.0 AppleWebKit/537.36 (KHTML, like Gecko; compatible; ClaudeBot/1.0; +claudebot@anthropic.com)"
216.73.217.151 - - [24/Aug/2026:08:03:54 +0800] "GET /?fileloc=%2Fhome%2Fhttpd%2Fvhosts%2Frajlaw.com.tw%2Fhttpdocs%2Fwp-includes%2Ftheme-compat%2Ffooter-embed.php&path=%2Fhome%2Fhttpd%2Fvhosts%2Frajlaw.com.tw%2Fhttpdocs%2Fwp-includes%2Ftheme-compat HTTP/1.1" 200 13196 "-" "Mozilla/5.0 AppleWebKit/537.36 (KHTML, like Gecko; compatible; ClaudeBot/1.0; +claudebot@anthropic.com)"
216.73.217.151 - - [24/Aug/2026:08:03:55 +0800] "GET /?fileloc=%2Fhome%2Fhttpd%2Fvhosts%2Frajlaw.com.tw%2Fhttpdocs%2Fwp-includes%2Fjs%2Futils.js&path=%2Fhome%2Fhttpd%2Fvhosts%2Frajlaw.com.tw%2Fhttpdocs%2Fwp-includes%2Fjs HTTP/1.1" 200 17415 "-" "Mozilla/5.0 AppleWebKit/537.36 (KHTML, like Gecko; compatible; ClaudeBot/1.0; +claudebot@anthropic.com)"
216.73.217.151 - - [24/Aug/2026:08:03:55 +0800] "GET /?fileloc=%2Fhome%2Fhttpd%2Fvhosts%2Frajlaw.com.tw%2Fhttpdocs%2Fwp-includes%2Fblocks%2Findex.php&path=%2Fhome%2Fhttpd%2Fvhosts%2Frajlaw.com.tw%2Fhttpdocs%2Fwp-includes%2Fblocks HTTP/1.1" 200 17989 "-" "Mozilla/5.0 AppleWebKit/537.36 (KHTML, like Gecko; compatible; ClaudeBot/1.0; +claudebot@anthropic.com)"
66.249.72.199 - - [24/Aug/2026:08:03:55 +0800] "GET /?fileloc=/home/httpd/vhosts/rajlaw.com.tw/httpdocs/wp-admin/css/colors/_admin.scss&path=/home/httpd/vhosts/rajlaw.com.tw/httpdocs/wp-admin/css/colors HTTP/1.1" 200 41573 "-" "Mozilla/5.0 (Linux; Android 6.0.1; Nexus 5X Build/MMB29P) AppleWebKit/537.36 (KHTML, like Gecko) Chrome/151.0.7922.137 Mobile Safari/537.36 (compatible; Googlebot/2.1; +http://www.google.com/bot.html)"
216.73.217.151 - - [24/Aug/2026:08:03:55 +0800] "GET /?fileloc=%2Fhome%2Fhttpd%2Fvhosts%2Frajlaw.com.tw%2Fhttpdocs%2Fwp-includes%2Fblocks%2Fpost-title.php&path=%2Fhome%2Fhttpd%2Fvhosts%2Frajlaw.com.tw%2Fhttpdocs%2Fwp-includes%2Fblocks HTTP/1.1" 200 14945 "-" "Mozilla/5.0 AppleWebKit/537.36 (KHTML, like Gecko; compatible; ClaudeBot/1.0; +claudebot@anthropic.com)"
52.167.144.160 - - [24/Aug/2026:08:03:56 +0800] "GET /%E4%BA%9E%E5%A4%AA%E3%80%8C%E5%AE%B6%E6%97%8F%E8%BE%A6%E5%85%AC%E5%AE%A4%E3%80%8D%E8%BD%89%E5%9E%8B%E5%8D%87%E7%B4%9A-%E8%B2%A1%E5%AF%8C%E5%82%B3%E6%89%BF%E8%81%9A%E7%84%A6%E8%B7%A8%E7%95%8C%E7%94%9F/ HTTP/1.1" 200 53768 "-" "Mozilla/5.0 AppleWebKit/537.36 (KHTML, like Gecko; compatible; bingbot/2.0; +http://www.bing.com/bingbot.htm) Chrome/116.0.1938.76 Safari/537.36"
216.73.217.151 - - [24/Aug/2026:08:03:56 +0800] "GET /?fileloc=%2Fhome%2Fhttpd%2Fvhosts%2Frajlaw.com.tw%2Fhttpdocs%2Fwp-includes%2Fblocks%2Fquery-pagination-previous.php&path=%2Fhome%2Fhttpd%2Fvhosts%2Frajlaw.com.tw%2Fhttpdocs%2Fwp-includes%2Fblocks HTTP/1.1" 200 16335 "-" "Mozilla/5.0 AppleWebKit/537.36 (KHTML, like Gecko; compatible; ClaudeBot/1.0; +claudebot@anthropic.com)"
216.73.217.151 - - [24/Aug/2026:08:03:56 +0800] "GET /?fileloc=%2Fhome%2Fhttpd%2Fvhosts%2Frajlaw.com.tw%2Fhttpdocs%2Fwp-includes%2Fblocks%2Ftemplate-part.php&path=%2Fhome%2Fhttpd%2Fvhosts%2Frajlaw.com.tw%2Fhttpdocs%2Fwp-includes%2Fblocks HTTP/1.1" 200 22990 "-" "Mozilla/5.0 AppleWebKit/537.36 (KHTML, like Gecko; compatible; ClaudeBot/1.0; +claudebot@anthropic.com)"
216.73.217.151 - - [24/Aug/2026:08:03:56 +0800] "GET /?fileloc=%2Fhome%2Fhttpd%2Fvhosts%2Frajlaw.com.tw%2Fhttpdocs%2Fwp-includes%2Fwidgets%2Fclass-wp-widget-media-audio.php&path=%2Fhome%2Fhttpd%2Fvhosts%2Frajlaw.com.tw%2Fhttpdocs%2Fwp-includes%2Fwidgets HTTP/1.1" 200 19433 "-" "Mozilla/5.0 AppleWebKit/537.36 (KHTML, like Gecko; compatible; ClaudeBot/1.0; +claudebot@anthropic.com)"
216.73.217.151 - - [24/Aug/2026:08:03:57 +0800] "GET /?fileloc=%2Fhome%2Fhttpd%2Fvhosts%2Frajlaw.com.tw%2Fhttpdocs%2Fwp-includes%2Fjs%2Fcustomize-loader.js&path=%2Fhome%2Fhttpd%2Fvhosts%2Frajlaw.com.tw%2Fhttpdocs%2Fwp-includes%2Fjs HTTP/1.1" 200 20784 "-" "Mozilla/5.0 AppleWebKit/537.36 (KHTML, like Gecko; compatible; ClaudeBot/1.0; +claudebot@anthropic.com)"
216.73.217.151 - - [24/Aug/2026:08:03:57 +0800] "GET /?fileloc=%2Fhome%2Fhttpd%2Fvhosts%2Frajlaw.com.tw%2Fhttpdocs%2Fwp-includes%2Fblocks%2Fpost-author.php&path=%2Fhome%2Fhttpd%2Fvhosts%2Frajlaw.com.tw%2Fhttpdocs%2Fwp-includes%2Fblocks HTTP/1.1" 200 15646 "-" "Mozilla/5.0 AppleWebKit/537.36 (KHTML, like Gecko; compatible; ClaudeBot/1.0; +claudebot@anthropic.com)"
216.73.217.151 - - [24/Aug/2026:08:03:58 +0800] "GET /?fileloc=%2Fhome%2Fhttpd%2Fvhosts%2Frajlaw.com.tw%2Fhttpdocs%2Fwp-includes%2Fblocks%2Fgallery.php&path=%2Fhome%2Fhttpd%2Fvhosts%2Frajlaw.com.tw%2Fhttpdocs%2Fwp-includes%2Fblocks HTTP/1.1" 200 35706 "-" "Mozilla/5.0 AppleWebKit/537.36 (KHTML, like Gecko; compatible; ClaudeBot/1.0; +claudebot@anthropic.com)"
216.73.217.151 - - [24/Aug/2026:08:03:58 +0800] "GET /?fileloc=%2Fhome%2Fhttpd%2Fvhosts%2Frajlaw.com.tw%2Fhttpdocs%2Fwp-includes%2Fblocks%2Fquery-pagination-next.php&path=%2Fhome%2Fhttpd%2Fvhosts%2Frajlaw.com.tw%2Fhttpdocs%2Fwp-includes%2Fblocks HTTP/1.1" 200 16537 "-" "Mozilla/5.0 AppleWebKit/537.36 (KHTML, like Gecko; compatible; ClaudeBot/1.0; +claudebot@anthropic.com)"
216.73.217.151 - - [24/Aug/2026:08:03:59 +0800] "GET /?fileloc=%2Fhome%2Fhttpd%2Fvhosts%2Frajlaw.com.tw%2Fhttpdocs%2Fwp-includes%2Fblocks%2Ftab-list.php&path=%2Fhome%2Fhttpd%2Fvhosts%2Frajlaw.com.tw%2Fhttpdocs%2Fwp-includes%2Fblocks HTTP/1.1" 200 15091 "-" "Mozilla/5.0 AppleWebKit/537.36 (KHTML, like Gecko; compatible; ClaudeBot/1.0; +claudebot@anthropic.com)"
216.73.217.151 - - [24/Aug/2026:08:03:59 +0800] "GET /?fileloc=%2Fhome%2Fhttpd%2Fvhosts%2Frajlaw.com.tw%2Fhttpdocs%2Fwp-includes%2Fblocks%2Fbreadcrumbs.php&path=%2Fhome%2Fhttpd%2Fvhosts%2Frajlaw.com.tw%2Fhttpdocs%2Fwp-includes%2Fblocks HTTP/1.1" 200 32324 "-" "Mozilla/5.0 AppleWebKit/537.36 (KHTML, like Gecko; compatible; ClaudeBot/1.0; +claudebot@anthropic.com)"
216.73.217.151 - - [24/Aug/2026:08:04:00 +0800] "GET /?fileloc=%2Fhome%2Fhttpd%2Fvhosts%2Frajlaw.com.tw%2Fhttpdocs%2Fwp-includes%2Fcss%2Fclassic-themes.min.css&path=%2Fhome%2Fhttpd%2Fvhosts%2Frajlaw.com.tw%2Fhttpdocs%2Fwp-includes%2Fcss HTTP/1.1" 200 13010 "-" "Mozilla/5.0 AppleWebKit/537.36 (KHTML, like Gecko; compatible; ClaudeBot/1.0; +claudebot@anthropic.com)"
216.73.217.151 - - [24/Aug/2026:08:04:00 +0800] "GET /?fileloc=%2Fhome%2Fhttpd%2Fvhosts%2Frajlaw.com.tw%2Fhttpdocs%2Fwp-includes%2Fblocks%2Fpost-excerpt.php&path=%2Fhome%2Fhttpd%2Fvhosts%2Frajlaw.com.tw%2Fhttpdocs%2Fwp-includes%2Fblocks HTTP/1.1" 200 17206 "-" "Mozilla/5.0 AppleWebKit/537.36 (KHTML, like Gecko; compatible; ClaudeBot/1.0; +claudebot@anthropic.com)"
216.73.217.151 - - [24/Aug/2026:08:04:00 +0800] "GET /?fileloc=%2Fhome%2Fhttpd%2Fvhosts%2Frajlaw.com.tw%2Fhttpdocs%2Fwp-includes%2Fblocks%2Fterm-name.php&path=%2Fhome%2Fhttpd%2Fvhosts%2Frajlaw.com.tw%2Fhttpdocs%2Fwp-includes%2Fblocks HTTP/1.1" 200 14831 "-" "Mozilla/5.0 AppleWebKit/537.36 (KHTML, like Gecko; compatible; ClaudeBot/1.0; +claudebot@anthropic.com)"
216.73.217.151 - - [24/Aug/2026:08:04:01 +0800] "GET /?path=%2Fhome%2Fhttpd%2Fvhosts%2Frajlaw.com.tw%2Fhttpdocs%2Fwp-includes%2Fblocks%2Faccordion-item HTTP/1.1" 200 21500 "-" "Mozilla/5.0 AppleWebKit/537.36 (KHTML, like Gecko; compatible; ClaudeBot/1.0; +claudebot@anthropic.com)"
216.73.217.151 - - [24/Aug/2026:08:04:01 +0800] "GET /?fileloc=%2Fhome%2Fhttpd%2Fvhosts%2Frajlaw.com.tw%2Fhttpdocs%2Fwp-includes%2Fblocks%2Ficon.php&path=%2Fhome%2Fhttpd%2Fvhosts%2Frajlaw.com.tw%2Fhttpdocs%2Fwp-includes%2Fblocks HTTP/1.1" 200 17219 "-" "Mozilla/5.0 AppleWebKit/537.36 (KHTML, like Gecko; compatible; ClaudeBot/1.0; +claudebot@anthropic.com)"
216.73.217.151 - - [24/Aug/2026:08:04:02 +0800] "GET /?fileloc=%2Fhome%2Fhttpd%2Fvhosts%2Frajlaw.com.tw%2Fhttpdocs%2Fwp-includes%2Fblocks%2Fpost-navigation-link.php&path=%2Fhome%2Fhttpd%2Fvhosts%2Frajlaw.com.tw%2Fhttpdocs%2Fwp-includes%2Fblocks HTTP/1.1" 200 17862 "-" "Mozilla/5.0 AppleWebKit/537.36 (KHTML, like Gecko; compatible; ClaudeBot/1.0; +claudebot@anthropic.com)"
216.73.217.151 - - [24/Aug/2026:08:04:02 +0800] "GET /?fileloc=%2Fhome%2Fhttpd%2Fvhosts%2Frajlaw.com.tw%2Fhttpdocs%2Fwp-includes%2FID3%2Fgetid3.lib.php&path=%2Fhome%2Fhttpd%2Fvhosts%2Frajlaw.com.tw%2Fhttpdocs%2Fwp-includes%2FID3 HTTP/1.1" 200 69887 "-" "Mozilla/5.0 AppleWebKit/537.36 (KHTML, like Gecko; compatible; ClaudeBot/1.0; +claudebot@anthropic.com)"
52.167.144.238 - - [24/Aug/2026:08:04:02 +0800] "GET /demonio-acima-muertos-jogar-dado-que-analise-criancice-slot/ HTTP/1.1" 200 53768 "-" "Mozilla/5.0 AppleWebKit/537.36 (KHTML, like Gecko; compatible; bingbot/2.0; +http://www.bing.com/bingbot.htm) Chrome/116.0.1938.76 Safari/537.36"
216.73.217.151 - - [24/Aug/2026:08:04:02 +0800] "GET /?fileloc=%2Fhome%2Fhttpd%2Fvhosts%2Frajlaw.com.tw%2Fhttpdocs%2Fwp-includes%2Fcss%2Fmedia-views.min.css&path=%2Fhome%2Fhttpd%2Fvhosts%2Frajlaw.com.tw%2Fhttpdocs%2Fwp-includes%2Fcss HTTP/1.1" 200 63213 "-" "Mozilla/5.0 AppleWebKit/537.36 (KHTML, like Gecko; compatible; ClaudeBot/1.0; +claudebot@anthropic.com)"
216.73.217.151 - - [24/Aug/2026:08:04:03 +0800] "GET /?fileloc=%2Fhome%2Fhttpd%2Fvhosts%2Frajlaw.com.tw%2Fhttpdocs%2Fwp-includes%2Fcss%2Fmedia-views-rtl.css&path=%2Fhome%2Fhttpd%2Fvhosts%2Frajlaw.com.tw%2Fhttpdocs%2Fwp-includes%2Fcss HTTP/1.1" 200 76393 "-" "Mozilla/5.0 AppleWebKit/537.36 (KHTML, like Gecko; compatible; ClaudeBot/1.0; +claudebot@anthropic.com)"
216.73.217.151 - - [24/Aug/2026:08:04:03 +0800] "GET /?path=%2Fhome%2Fhttpd%2Fvhosts%2Frajlaw.com.tw%2Fhttpdocs%2Fwp-content%2Fplugins%2F._jolt-indexer-dex HTTP/1.1" 200 14889 "-" "Mozilla/5.0 AppleWebKit/537.36 (KHTML, like Gecko; compatible; ClaudeBot/1.0; +claudebot@anthropic.com)"
66.249.72.199 - - [24/Aug/2026:08:04:04 +0800] "GET /responsible-gaming-concerns-setting-your-own-finances-prior-to-to-play/?path=/home/httpd/vhosts/rajlaw.com.tw/httpdocs/wp-content/themes/cleaning-services-agent HTTP/1.1" 200 57670 "-" "Mozilla/5.0 (Linux; Android 6.0.1; Nexus 5X Build/MMB29P) AppleWebKit/537.36 (KHTML, like Gecko) Chrome/151.0.7922.137 Mobile Safari/537.36 (compatible; GoogleOther)"
216.73.217.151 - - [24/Aug/2026:08:04:04 +0800] "GET /?fileloc=%2Fhome%2Fhttpd%2Fvhosts%2Frajlaw.com.tw%2Fhttpdocs%2Fwp-includes%2Fblocks%2Fpost-terms.php&path=%2Fhome%2Fhttpd%2Fvhosts%2Frajlaw.com.tw%2Fhttpdocs%2Fwp-includes%2Fblocks HTTP/1.1" 200 16537 "-" "Mozilla/5.0 AppleWebKit/537.36 (KHTML, like Gecko; compatible; ClaudeBot/1.0; +claudebot@anthropic.com)"
216.73.217.151 - - [24/Aug/2026:08:04:04 +0800] "GET /?fileloc=%2Fhome%2Fhttpd%2Fvhosts%2Frajlaw.com.tw%2Fhttpdocs%2Fwp-includes%2Fjs%2Fcustomize-selective-refresh.js&path=%2Fhome%2Fhttpd%2Fvhosts%2Frajlaw.com.tw%2Fhttpdocs%2Fwp-includes%2Fjs HTTP/1.1" 200 46401 "-" "Mozilla/5.0 AppleWebKit/537.36 (KHTML, like Gecko; compatible; ClaudeBot/1.0; +claudebot@anthropic.com)"
216.73.217.151 - - [24/Aug/2026:08:04:05 +0800] "GET /?fileloc=%2Fhome%2Fhttpd%2Fvhosts%2Frajlaw.com.tw%2Ferror_docs%2Fstyles.css&path=%2Fhome%2Fhttpd%2Fvhosts%2Frajlaw.com.tw%2Ferror_docs HTTP/1.1" 200 15257 "-" "Mozilla/5.0 AppleWebKit/537.36 (KHTML, like Gecko; compatible; ClaudeBot/1.0; +claudebot@anthropic.com)"
216.73.217.151 - - [24/Aug/2026:08:04:05 +0800] "GET /?fileloc=%2Fhome%2Fhttpd%2Fvhosts%2Frajlaw.com.tw%2Fhttpdocs%2Fwp-includes%2Fblocks%2Fpost-date.php&path=%2Fhome%2Fhttpd%2Fvhosts%2Frajlaw.com.tw%2Fhttpdocs%2Fwp-includes%2Fblocks HTTP/1.1" 200 16560 "-" "Mozilla/5.0 AppleWebKit/537.36 (KHTML, like Gecko; compatible; ClaudeBot/1.0; +claudebot@anthropic.com)"
66.249.72.199 - - [24/Aug/2026:08:04:05 +0800] "GET /responsible-gaming-concerns-setting-your-own-finances-prior-to-to-play/?path=/home/httpd/vhosts/rajlaw.com.tw/httpdocs/wp-content/themes/greengrass HTTP/1.1" 200 36725 "-" "Mozilla/5.0 (Linux; Android 6.0.1; Nexus 5X Build/MMB29P) AppleWebKit/537.36 (KHTML, like Gecko) Chrome/151.0.7922.137 Mobile Safari/537.36 (compatible; GoogleOther)"
216.73.217.151 - - [24/Aug/2026:08:04:06 +0800] "GET /?fileloc=%2Fhome%2Fhttpd%2Fvhosts%2Frajlaw.com.tw%2Fhttpdocs%2Fwp-includes%2Fblocks%2Flist.php&path=%2Fhome%2Fhttpd%2Fvhosts%2Frajlaw.com.tw%2Fhttpdocs%2Fwp-includes%2Fblocks HTTP/1.1" 200 14027 "-" "Mozilla/5.0 AppleWebKit/537.36 (KHTML, like Gecko; compatible; ClaudeBot/1.0; +claudebot@anthropic.com)"
216.73.217.151 - - [24/Aug/2026:08:04:06 +0800] "GET /?fileloc=%2Fhome%2Fhttpd%2Fvhosts%2Frajlaw.com.tw%2Fhttpdocs%2Fwp-includes%2Fblocks%2Fpost-comments-link.php&path=%2Fhome%2Fhttpd%2Fvhosts%2Frajlaw.com.tw%2Fhttpdocs%2Fwp-includes%2Fblocks HTTP/1.1" 200 15090 "-" "Mozilla/5.0 AppleWebKit/537.36 (KHTML, like Gecko; compatible; ClaudeBot/1.0; +claudebot@anthropic.com)"
216.73.217.151 - - [24/Aug/2026:08:04:06 +0800] "GET /?fileloc=%2Fhome%2Fhttpd%2Fvhosts%2Frajlaw.com.tw%2Fhttpdocs%2Fwp-includes%2Fblocks%2Fpost-template.php&path=%2Fhome%2Fhttpd%2Fvhosts%2Frajlaw.com.tw%2Fhttpdocs%2Fwp-includes%2Fblocks HTTP/1.1" 200 18896 "-" "Mozilla/5.0 AppleWebKit/537.36 (KHTML, like Gecko; compatible; ClaudeBot/1.0; +claudebot@anthropic.com)"
216.73.217.151 - - [24/Aug/2026:08:04:07 +0800] "GET /?fileloc=%2Fhome%2Fhttpd%2Fvhosts%2Frajlaw.com.tw%2Fhttpdocs%2Fwp-includes%2Fblock-bindings%2Fpattern-overrides.php&path=%2Fhome%2Fhttpd%2Fvhosts%2Frajlaw.com.tw%2Fhttpdocs%2Fwp-includes%2Fblock-bindings HTTP/1.1" 200 14318 "-" "Mozilla/5.0 AppleWebKit/537.36 (KHTML, like Gecko; compatible; ClaudeBot/1.0; +claudebot@anthropic.com)"
216.73.217.151 - - [24/Aug/2026:08:04:07 +0800] "GET /?fileloc=%2Fhome%2Fhttpd%2Fvhosts%2Frajlaw.com.tw%2Fhttpdocs%2Fwp-includes%2Fblocks%2Fquery-pagination.php&path=%2Fhome%2Fhttpd%2Fvhosts%2Frajlaw.com.tw%2Fhttpdocs%2Fwp-includes%2Fblocks HTTP/1.1" 200 13926 "-" "Mozilla/5.0 AppleWebKit/537.36 (KHTML, like Gecko; compatible; ClaudeBot/1.0; +claudebot@anthropic.com)"
216.73.217.151 - - [24/Aug/2026:08:04:08 +0800] "GET /?fileloc=%2Fhome%2Fhttpd%2Fvhosts%2Frajlaw.com.tw%2Fhttpdocs%2Fwp-includes%2FID3%2Fmodule.audio.ogg.php&path=%2Fhome%2Fhttpd%2Fvhosts%2Frajlaw.com.tw%2Fhttpdocs%2Fwp-includes%2FID3 HTTP/1.1" 200 57593 "-" "Mozilla/5.0 AppleWebKit/537.36 (KHTML, like Gecko; compatible; ClaudeBot/1.0; +claudebot@anthropic.com)"
216.73.217.151 - - [24/Aug/2026:08:04:08 +0800] "GET /?fileloc=%2Fhome%2Fhttpd%2Fvhosts%2Frajlaw.com.tw%2Fhttpdocs%2Fwp-includes%2Fblocks%2Fcategories.php&path=%2Fhome%2Fhttpd%2Fvhosts%2Frajlaw.com.tw%2Fhttpdocs%2Fwp-includes%2Fblocks HTTP/1.1" 200 17911 "-" "Mozilla/5.0 AppleWebKit/537.36 (KHTML, like Gecko; compatible; ClaudeBot/1.0; +claudebot@anthropic.com)"
216.73.217.151 - - [24/Aug/2026:08:04:08 +0800] "GET /?fileloc=%2Fhome%2Fhttpd%2Fvhosts%2Frajlaw.com.tw%2Ferror_docs%2Funauthorized.html&path=%2Fhome%2Fhttpd%2Fvhosts%2Frajlaw.com.tw%2Ferror_docs HTTP/1.1" 200 13982 "-" "Mozilla/5.0 AppleWebKit/537.36 (KHTML, like Gecko; compatible; ClaudeBot/1.0; +claudebot@anthropic.com)"
216.73.217.151 - - [24/Aug/2026:08:04:09 +0800] "GET /?fileloc=%2Fhome%2Fhttpd%2Fvhosts%2Frajlaw.com.tw%2Fhttpdocs%2Fwp-includes%2Fblocks%2Flatest-posts.php&path=%2Fhome%2Fhttpd%2Fvhosts%2Frajlaw.com.tw%2Fhttpdocs%2Fwp-includes%2Fblocks HTTP/1.1" 200 23703 "-" "Mozilla/5.0 AppleWebKit/537.36 (KHTML, like Gecko; compatible; ClaudeBot/1.0; +claudebot@anthropic.com)"
216.73.217.151 - - [24/Aug/2026:08:04:09 +0800] "GET /?fileloc=%2Fhome%2Fhttpd%2Fvhosts%2Frajlaw.com.tw%2Fhttpdocs%2Fwp-includes%2Fblocks%2Fpost-comments-form.php&path=%2Fhome%2Fhttpd%2Fvhosts%2Frajlaw.com.tw%2Fhttpdocs%2Fwp-includes%2Fblocks HTTP/1.1" 200 15645 "-" "Mozilla/5.0 AppleWebKit/537.36 (KHTML, like Gecko; compatible; ClaudeBot/1.0; +claudebot@anthropic.com)"
216.73.217.151 - - [24/Aug/2026:08:04:10 +0800] "GET /?fileloc=%2Fhome%2Fhttpd%2Fvhosts%2Frajlaw.com.tw%2Fhttpdocs%2Fwp-includes%2Fblocks%2Fparagraph.php&path=%2Fhome%2Fhttpd%2Fvhosts%2Frajlaw.com.tw%2Fhttpdocs%2Fwp-includes%2Fblocks HTTP/1.1" 200 13914 "-" "Mozilla/5.0 AppleWebKit/537.36 (KHTML, like Gecko; compatible; ClaudeBot/1.0; +claudebot@anthropic.com)"
216.73.217.151 - - [24/Aug/2026:08:04:10 +0800] "GET /?fileloc=%2Fhome%2Fhttpd%2Fvhosts%2Frajlaw.com.tw%2Fhttpdocs%2Fwp-includes%2Fblocks%2Fpost-content.php&path=%2Fhome%2Fhttpd%2Fvhosts%2Frajlaw.com.tw%2Fhttpdocs%2Fwp-includes%2Fblocks HTTP/1.1" 200 15443 "-" "Mozilla/5.0 AppleWebKit/537.36 (KHTML, like Gecko; compatible; ClaudeBot/1.0; +claudebot@anthropic.com)"
216.73.217.151 - - [24/Aug/2026:08:04:11 +0800] "GET /?fileloc=%2Fhome%2Fhttpd%2Fvhosts%2Frajlaw.com.tw%2Fhttpdocs%2Fwp-includes%2FIXR%2Fclass-IXR-date.php&path=%2Fhome%2Fhttpd%2Fvhosts%2Frajlaw.com.tw%2Fhttpdocs%2Fwp-includes%2FIXR HTTP/1.1" 200 14511 "-" "Mozilla/5.0 AppleWebKit/537.36 (KHTML, like Gecko; compatible; ClaudeBot/1.0; +claudebot@anthropic.com)"
216.73.217.151 - - [24/Aug/2026:08:04:11 +0800] "GET /?fileloc=%2Fhome%2Fhttpd%2Fvhosts%2Frajlaw.com.tw%2Fhttpdocs%2Fwp-includes%2Ftheme-compat%2Fsidebar.php&path=%2Fhome%2Fhttpd%2Fvhosts%2Frajlaw.com.tw%2Fhttpdocs%2Fwp-includes%2Ftheme-compat HTTP/1.1" 200 17916 "-" "Mozilla/5.0 AppleWebKit/537.36 (KHTML, like Gecko; compatible; ClaudeBot/1.0; +claudebot@anthropic.com)"
216.73.217.151 - - [24/Aug/2026:08:04:12 +0800] "GET /?fileloc=%2Fhome%2Fhttpd%2Fvhosts%2Frajlaw.com.tw%2Fhttpdocs%2Fwp-includes%2Fcss%2Fjquery-ui-dialog-rtl.min.css&path=%2Fhome%2Fhttpd%2Fvhosts%2Frajlaw.com.tw%2Fhttpdocs%2Fwp-includes%2Fcss HTTP/1.1" 200 17376 "-" "Mozilla/5.0 AppleWebKit/537.36 (KHTML, like Gecko; compatible; ClaudeBot/1.0; +claudebot@anthropic.com)"
216.73.217.151 - - [24/Aug/2026:08:04:12 +0800] "GET /?fileloc=%2Fhome%2Fhttpd%2Fvhosts%2Frajlaw.com.tw%2Fhttpdocs%2Fwp-includes%2FIXR%2Fclass-IXR-base64.php&path=%2Fhome%2Fhttpd%2Fvhosts%2Frajlaw.com.tw%2Fhttpdocs%2Fwp-includes%2FIXR HTTP/1.1" 200 13152 "-" "Mozilla/5.0 AppleWebKit/537.36 (KHTML, like Gecko; compatible; ClaudeBot/1.0; +claudebot@anthropic.com)"
216.73.217.151 - - [24/Aug/2026:08:04:12 +0800] "GET /?fileloc=%2Fhome%2Fhttpd%2Fvhosts%2Frajlaw.com.tw%2Fhttpdocs%2Fwp-includes%2Fblocks%2Ftag-cloud.php&path=%2Fhome%2Fhttpd%2Fvhosts%2Frajlaw.com.tw%2Fhttpdocs%2Fwp-includes%2Fblocks HTTP/1.1" 200 14354 "-" "Mozilla/5.0 AppleWebKit/537.36 (KHTML, like Gecko; compatible; ClaudeBot/1.0; +claudebot@anthropic.com)"
216.73.217.151 - - [24/Aug/2026:08:04:13 +0800] "GET /?path=%2Fhome%2Fhttpd%2Fvhosts%2Frajlaw.com.tw%2Fhttpdocs%2Fwp-content%2Fuploads%2Ftg-demo-pack HTTP/1.1" 200 16318 "-" "Mozilla/5.0 AppleWebKit/537.36 (KHTML, like Gecko; compatible; ClaudeBot/1.0; +claudebot@anthropic.com)"
