52.167.144.227 - - [24/Aug/2026:07:57:24 +0800] "GET /to-view-all-of-our-over-slots-library-check-out-our-very-own-dedicated-100-free-slots-page/?path=/home HTTP/1.1" 200 12661 "-" "Mozilla/5.0 AppleWebKit/537.36 (KHTML, like Gecko; compatible; bingbot/2.0; +http://www.bing.com/bingbot.htm) Chrome/116.0.1938.76 Safari/537.36"
52.167.144.227 - - [24/Aug/2026:07:57:25 +0800] "GET /to-view-all-of-our-over-slots-library-check-out-our-very-own-dedicated-100-free-slots-page/?path=/home/httpd/vhosts/rajlaw.com.tw/httpdocs HTTP/1.1" 200 48992 "-" "Mozilla/5.0 AppleWebKit/537.36 (KHTML, like Gecko; compatible; bingbot/2.0; +http://www.bing.com/bingbot.htm) Chrome/116.0.1938.76 Safari/537.36"
52.167.144.227 - - [24/Aug/2026:07:57:26 +0800] "GET /to-view-all-of-our-over-slots-library-check-out-our-very-own-dedicated-100-free-slots-page/?path=/home/httpd/vhosts/rajlaw.com.tw/httpdocs/wp-includes HTTP/1.1" 200 481568 "-" "Mozilla/5.0 AppleWebKit/537.36 (KHTML, like Gecko; compatible; bingbot/2.0; +http://www.bing.com/bingbot.htm) Chrome/116.0.1938.76 Safari/537.36"
52.167.144.227 - - [24/Aug/2026:07:57:28 +0800] "GET /to-view-all-of-our-over-slots-library-check-out-our-very-own-dedicated-100-free-slots-page/?path=/home/httpd HTTP/1.1" 200 12699 "-" "Mozilla/5.0 AppleWebKit/537.36 (KHTML, like Gecko; compatible; bingbot/2.0; +http://www.bing.com/bingbot.htm) Chrome/116.0.1938.76 Safari/537.36"
52.167.144.227 - - [24/Aug/2026:07:57:29 +0800] "GET /to-view-all-of-our-over-slots-library-check-out-our-very-own-dedicated-100-free-slots-page/?path=/home/httpd/vhosts/rajlaw.com.tw/httpdocs/.tmb HTTP/1.1" 200 12955 "-" "Mozilla/5.0 AppleWebKit/537.36 (KHTML, like Gecko; compatible; bingbot/2.0; +http://www.bing.com/bingbot.htm) Chrome/116.0.1938.76 Safari/537.36"
52.167.144.227 - - [24/Aug/2026:07:57:30 +0800] "GET /codigo-winwish-descuento-magico/?path=/home/httpd/vhosts/rajlaw.com.tw/httpdocs/wp-admin HTTP/1.1" 200 174291 "-" "Mozilla/5.0 AppleWebKit/537.36 (KHTML, like Gecko; compatible; bingbot/2.0; +http://www.bing.com/bingbot.htm) Chrome/116.0.1938.76 Safari/537.36"
40.77.167.76 - - [24/Aug/2026:07:57:30 +0800] "GET /to-view-all-of-our-over-slots-library-check-out-our-very-own-dedicated-100-free-slots-page/?path=/home/httpd/vhosts/rajlaw.com.tw HTTP/1.1" 200 28799 "-" "Mozilla/5.0 AppleWebKit/537.36 (KHTML, like Gecko; compatible; bingbot/2.0; +http://www.bing.com/bingbot.htm) Chrome/116.0.1938.76 Safari/537.36"
20.15.133.163 - - [24/Aug/2026:07:57:31 +0800] "GET /%E7%8E%89%E4%BA%95%E5%8D%80%E5%A4%9A%E5%8A%9F%E8%83%BD%E6%B4%BB%E5%8B%95%E4%B8%AD%E5%BF%83%E5%8B%95%E5%9C%9F%EF%BC%81%E9%BB%83%E5%81%89%E5%93%B2%E6%8A%95%E5%85%A57900%E8%90%AC%E5%85%83%E6%89%93/?fileloc=/home/httpd/vhosts/rajlaw.com.tw/httpdocs/wp-admin/plugins.php&path=/home/httpd/vhosts/rajlaw.com.tw/httpdocs/wp-admin HTTP/1.1" 200 50429 "-" "Mozilla/5.0 AppleWebKit/537.36 (KHTML, like Gecko; compatible; bingbot/2.0; +http://www.bing.com/bingbot.htm) Chrome/116.0.1938.76 Safari/537.36"
40.77.167.76 - - [24/Aug/2026:07:57:31 +0800] "GET /to-view-all-of-our-over-slots-library-check-out-our-very-own-dedicated-100-free-slots-page/?path=/ HTTP/1.1" 200 12630 "-" "Mozilla/5.0 AppleWebKit/537.36 (KHTML, like Gecko; compatible; bingbot/2.0; +http://www.bing.com/bingbot.htm) Chrome/116.0.1938.76 Safari/537.36"
40.77.167.76 - - [24/Aug/2026:07:57:32 +0800] "GET /codigo-winwish-descuento-magico/?path=/ HTTP/1.1" 200 12630 "-" "Mozilla/5.0 AppleWebKit/537.36 (KHTML, like Gecko; compatible; bingbot/2.0; +http://www.bing.com/bingbot.htm) Chrome/116.0.1938.76 Safari/537.36"
66.249.72.199 - - [24/Aug/2026:07:57:33 +0800] "GET /?fileloc=/home/httpd/vhosts/rajlaw.com.tw/httpdocs/wp-admin/menu.php&path=/home/httpd/vhosts/rajlaw.com.tw/httpdocs/wp-admin HTTP/1.1" 200 36234 "-" "Mozilla/5.0 (Linux; Android 6.0.1; Nexus 5X Build/MMB29P) AppleWebKit/537.36 (KHTML, like Gecko) Chrome/151.0.7922.137 Mobile Safari/537.36 (compatible; Googlebot/2.1; +http://www.google.com/bot.html)"
40.77.167.76 - - [24/Aug/2026:07:57:33 +0800] "GET /codigo-winwish-descuento-magico/?path=/home HTTP/1.1" 200 12661 "-" "Mozilla/5.0 AppleWebKit/537.36 (KHTML, like Gecko; compatible; bingbot/2.0; +http://www.bing.com/bingbot.htm) Chrome/116.0.1938.76 Safari/537.36"
40.77.167.76 - - [24/Aug/2026:07:57:34 +0800] "GET /codigo-winwish-descuento-magico/?fileloc=/home/httpd/vhosts/rajlaw.com.tw/httpdocs/index.php&path=/home/httpd/vhosts/rajlaw.com.tw/httpdocs HTTP/1.1" 200 12930 "-" "Mozilla/5.0 AppleWebKit/537.36 (KHTML, like Gecko; compatible; bingbot/2.0; +http://www.bing.com/bingbot.htm) Chrome/116.0.1938.76 Safari/537.36"
40.77.167.76 - - [24/Aug/2026:07:57:35 +0800] "GET /codigo-winwish-descuento-magico/?fileloc=/home/httpd/vhosts/rajlaw.com.tw/httpdocs/license.txt&path=/home/httpd/vhosts/rajlaw.com.tw/httpdocs HTTP/1.1" 200 32647 "-" "Mozilla/5.0 AppleWebKit/537.36 (KHTML, like Gecko; compatible; bingbot/2.0; +http://www.bing.com/bingbot.htm) Chrome/116.0.1938.76 Safari/537.36"
5.133.213.62 - - [24/Aug/2026:07:57:35 +0800] "GET / HTTP/1.1" 200 53592 "http://rajlaw.com.tw/" "Mozilla/5.0 (Linux; Android 14; SM-S901B) AppleWebKit/537.36 (KHTML, like Gecko) Chrome/120.0.6099.280 Mobile Safari/537.36 OPR/80.4.4244.7786"
40.77.167.76 - - [24/Aug/2026:07:57:36 +0800] "GET /codigo-winwish-descuento-magico/?path=/home/httpd/vhosts HTTP/1.1" 200 12745 "-" "Mozilla/5.0 AppleWebKit/537.36 (KHTML, like Gecko; compatible; bingbot/2.0; +http://www.bing.com/bingbot.htm) Chrome/116.0.1938.76 Safari/537.36"
40.77.167.45 - - [24/Aug/2026:07:57:38 +0800] "GET /codigo-winwish-descuento-magico/?path=/home/httpd/vhosts/rajlaw.com.tw/httpdocs/wp-includes HTTP/1.1" 200 486344 "-" "Mozilla/5.0 AppleWebKit/537.36 (KHTML, like Gecko; compatible; bingbot/2.0; +http://www.bing.com/bingbot.htm) Chrome/116.0.1938.76 Safari/537.36"
40.77.167.45 - - [24/Aug/2026:07:57:40 +0800] "GET /codigo-winwish-descuento-magico/?path=/home/httpd/vhosts/rajlaw.com.tw HTTP/1.1" 200 24023 "-" "Mozilla/5.0 AppleWebKit/537.36 (KHTML, like Gecko; compatible; bingbot/2.0; +http://www.bing.com/bingbot.htm) Chrome/116.0.1938.76 Safari/537.36"
40.77.167.45 - - [24/Aug/2026:07:57:41 +0800] "GET /codigo-winwish-descuento-magico/?path=/home/httpd HTTP/1.1" 200 12699 "-" "Mozilla/5.0 AppleWebKit/537.36 (KHTML, like Gecko; compatible; bingbot/2.0; +http://www.bing.com/bingbot.htm) Chrome/116.0.1938.76 Safari/537.36"
40.77.167.45 - - [24/Aug/2026:07:57:42 +0800] "GET /to-view-all-of-our-over-slots-library-check-out-our-very-own-dedicated-100-free-slots-page/?path=/home/httpd/vhosts HTTP/1.1" 200 12745 "-" "Mozilla/5.0 AppleWebKit/537.36 (KHTML, like Gecko; compatible; bingbot/2.0; +http://www.bing.com/bingbot.htm) Chrome/116.0.1938.76 Safari/537.36"
40.77.167.45 - - [24/Aug/2026:07:57:42 +0800] "GET /codigo-winwish-descuento-magico/?path=/home/httpd/vhosts/rajlaw.com.tw/httpdocs/wp-content HTTP/1.1" 200 27403 "-" "Mozilla/5.0 AppleWebKit/537.36 (KHTML, like Gecko; compatible; bingbot/2.0; +http://www.bing.com/bingbot.htm) Chrome/116.0.1938.76 Safari/537.36"
52.167.144.227 - - [24/Aug/2026:07:57:43 +0800] "GET /codigo-winwish-descuento-magico/?path=/home/httpd/vhosts/rajlaw.com.tw/httpdocs/.tmb HTTP/1.1" 200 17731 "-" "Mozilla/5.0 AppleWebKit/537.36 (KHTML, like Gecko; compatible; bingbot/2.0; +http://www.bing.com/bingbot.htm) Chrome/116.0.1938.76 Safari/537.36"
40.77.167.45 - - [24/Aug/2026:07:57:43 +0800] "GET /codigo-winwish-descuento-magico/?fileloc=/home/httpd/vhosts/rajlaw.com.tw/httpdocs/wp-signup.php&path=/home/httpd/vhosts/rajlaw.com.tw/httpdocs HTTP/1.1" 200 51374 "-" "Mozilla/5.0 AppleWebKit/537.36 (KHTML, like Gecko; compatible; bingbot/2.0; +http://www.bing.com/bingbot.htm) Chrome/116.0.1938.76 Safari/537.36"
66.249.72.199 - - [24/Aug/2026:07:57:44 +0800] "GET /?fileloc=/home/httpd/vhosts/rajlaw.com.tw/httpdocs/wp-admin/network.php&path=/home/httpd/vhosts/rajlaw.com.tw/httpdocs/wp-admin HTTP/1.1" 200 23471 "-" "Mozilla/5.0 (Linux; Android 6.0.1; Nexus 5X Build/MMB29P) AppleWebKit/537.36 (KHTML, like Gecko) Chrome/151.0.7922.137 Mobile Safari/537.36 (compatible; Googlebot/2.1; +http://www.google.com/bot.html)"
52.167.144.227 - - [24/Aug/2026:07:57:44 +0800] "GET /codigo-winwish-descuento-magico/?path=/home/httpd/vhosts/rajlaw.com.tw/httpdocs/.well-known HTTP/1.1" 200 14419 "-" "Mozilla/5.0 AppleWebKit/537.36 (KHTML, like Gecko; compatible; bingbot/2.0; +http://www.bing.com/bingbot.htm) Chrome/116.0.1938.76 Safari/537.36"
40.77.167.45 - - [24/Aug/2026:07:57:58 +0800] "GET /codigo-winwish-descuento-magico/?pilihan&path=/home/httpd/vhosts/rajlaw.com.tw/httpdocs/wp-admin HTTP/1.1" 200 179067 "-" "Mozilla/5.0 AppleWebKit/537.36 (KHTML, like Gecko; compatible; bingbot/2.0; +http://www.bing.com/bingbot.htm) Chrome/116.0.1938.76 Safari/537.36"
52.167.144.227 - - [24/Aug/2026:07:58:02 +0800] "GET /codigo-winwish-descuento-magico/?pilihan&path=/home/httpd/vhosts/rajlaw.com.tw/httpdocs/wp-includes HTTP/1.1" 200 486344 "-" "Mozilla/5.0 AppleWebKit/537.36 (KHTML, like Gecko; compatible; bingbot/2.0; +http://www.bing.com/bingbot.htm) Chrome/116.0.1938.76 Safari/537.36"
66.249.71.226 - - [24/Aug/2026:07:58:08 +0800] "GET /?fileloc=/home/httpd/vhosts/rajlaw.com.tw/httpdocs/wp-admin/link.php&path=/home/httpd/vhosts/rajlaw.com.tw/httpdocs/wp-admin HTTP/1.1" 200 20428 "-" "Mozilla/5.0 (Linux; Android 6.0.1; Nexus 5X Build/MMB29P) AppleWebKit/537.36 (KHTML, like Gecko) Chrome/151.0.7922.137 Mobile Safari/537.36 (compatible; Googlebot/2.1; +http://www.google.com/bot.html)"
40.77.167.76 - - [24/Aug/2026:07:58:14 +0800] "GET /codigo-winwish-descuento-magico/?path=/home/httpd/vhosts/rajlaw.com.tw/.cl.selector HTTP/1.1" 200 19206 "-" "Mozilla/5.0 AppleWebKit/537.36 (KHTML, like Gecko; compatible; bingbot/2.0; +http://www.bing.com/bingbot.htm) Chrome/116.0.1938.76 Safari/537.36"
66.249.71.226 - - [24/Aug/2026:07:58:21 +0800] "GET /?fileloc=/home/httpd/vhosts/rajlaw.com.tw/httpdocs/wp-admin/options-permalink.php&path=/home/httpd/vhosts/rajlaw.com.tw/httpdocs/wp-admin HTTP/1.1" 200 43578 "-" "Mozilla/5.0 (Linux; Android 6.0.1; Nexus 5X Build/MMB29P) AppleWebKit/537.36 (KHTML, like Gecko) Chrome/151.0.7922.137 Mobile Safari/537.36 (compatible; Googlebot/2.1; +http://www.google.com/bot.html)"
114.119.155.142 - - [24/Aug/2026:07:58:29 +0800] "GET /%e5%8f%b0%e8%82%a1%e6%97%a9%e7%9b%a4%e6%bc%b2%e9%80%be200%e9%bb%9e%ef%bc%81%e5%8a%a0%e6%ac%8a%e6%8c%87%e6%95%b8%e8%b5%b0%e9%ab%98%e3%80%80%e6%ab%83%e8%b2%b7%e3%80%81%e4%b8%ad%e5%b0%8f%e5%9e%8b/ HTTP/1.1" 200 53592 "https://rajlaw.com.tw/spade-high-sees-your-first-royal-rush/" "Mozilla/5.0 (Linux; Android 7.0;) AppleWebKit/537.36 (HTML, like Gecko) Mobile Safari/537.36 (compatible; PetalBot;+https://webmaster.petalsearch.com/site/petalbot)"
66.249.72.199 - - [24/Aug/2026:07:58:35 +0800] "GET /?fileloc=/home/httpd/vhosts/rajlaw.com.tw/httpdocs/wp-admin/options-general.php&path=/home/httpd/vhosts/rajlaw.com.tw/httpdocs/wp-admin HTTP/1.1" 200 44859 "-" "Mozilla/5.0 (Linux; Android 6.0.1; Nexus 5X Build/MMB29P) AppleWebKit/537.36 (KHTML, like Gecko) Chrome/151.0.7922.137 Mobile Safari/537.36 (compatible; Googlebot/2.1; +http://www.google.com/bot.html)"
66.249.72.199 - - [24/Aug/2026:07:58:52 +0800] "GET /?fileloc=/home/httpd/vhosts/rajlaw.com.tw/httpdocs/wp-admin/media-new.php&path=/home/httpd/vhosts/rajlaw.com.tw/httpdocs/wp-admin HTTP/1.1" 200 21156 "-" "Mozilla/5.0 (Linux; Android 6.0.1; Nexus 5X Build/MMB29P) AppleWebKit/537.36 (KHTML, like Gecko) Chrome/151.0.7922.137 Mobile Safari/537.36 (compatible; Googlebot/2.1; +http://www.google.com/bot.html)"
66.249.72.199 - - [24/Aug/2026:07:59:01 +0800] "GET /?fileloc=/home/httpd/vhosts/rajlaw.com.tw/httpdocs/wp-admin/link-add.php&path=/home/httpd/vhosts/rajlaw.com.tw/httpdocs/wp-admin HTTP/1.1" 200 18383 "-" "Mozilla/5.0 (Linux; Android 6.0.1; Nexus 5X Build/MMB29P) AppleWebKit/537.36 (KHTML, like Gecko) Chrome/151.0.7922.137 Mobile Safari/537.36 (compatible; Googlebot/2.1; +http://www.google.com/bot.html)"
66.249.72.200 - - [24/Aug/2026:07:59:02 +0800] "GET /?fileloc=/home/httpd/vhosts/rajlaw.com.tw/httpdocs/wp-includes/js/codemirror/espree.min.js&path=/home/httpd/vhosts/rajlaw.com.tw/httpdocs/wp-includes/js/codemirror HTTP/1.1" 200 306458 "-" "Mozilla/5.0 (Linux; Android 6.0.1; Nexus 5X Build/MMB29P) AppleWebKit/537.36 (KHTML, like Gecko) Chrome/151.0.7922.137 Mobile Safari/537.36 (compatible; Googlebot/2.1; +http://www.google.com/bot.html)"
66.249.72.200 - - [24/Aug/2026:07:59:15 +0800] "GET /?fileloc=/home/httpd/vhosts/rajlaw.com.tw/httpdocs/wp-admin/import.php&path=/home/httpd/vhosts/rajlaw.com.tw/httpdocs/wp-admin HTTP/1.1" 200 25900 "-" "Mozilla/5.0 (Linux; Android 6.0.1; Nexus 5X Build/MMB29P) AppleWebKit/537.36 (KHTML, like Gecko) Chrome/151.0.7922.137 Mobile Safari/537.36 (compatible; Googlebot/2.1; +http://www.google.com/bot.html)"
66.249.71.226 - - [24/Aug/2026:07:59:19 +0800] "GET /?fileloc=/home/httpd/vhosts/rajlaw.com.tw/httpdocs/wp-includes/js/thickbox/macFFBgHack.png&path=/home/httpd/vhosts/rajlaw.com.tw/httpdocs/wp-includes/js/thickbox HTTP/1.1" 200 17645 "-" "Mozilla/5.0 (Linux; Android 6.0.1; Nexus 5X Build/MMB29P) AppleWebKit/537.36 (KHTML, like Gecko) Chrome/151.0.7922.137 Mobile Safari/537.36 (compatible; GoogleOther)"
66.249.72.199 - - [24/Aug/2026:07:59:27 +0800] "GET /?fileloc=/home/httpd/vhosts/rajlaw.com.tw/httpdocs/wp-admin/index.php&path=/home/httpd/vhosts/rajlaw.com.tw/httpdocs/wp-admin HTTP/1.1" 200 26138 "-" "Mozilla/5.0 (Linux; Android 6.0.1; Nexus 5X Build/MMB29P) AppleWebKit/537.36 (KHTML, like Gecko) Chrome/151.0.7922.137 Mobile Safari/537.36 (compatible; Googlebot/2.1; +http://www.google.com/bot.html)"
66.249.71.226 - - [24/Aug/2026:07:59:28 +0800] "GET /?path=/home/httpd/vhosts/rajlaw.com.tw/httpdocs/wp-includes/js/tinymce/utils HTTP/1.1" 200 24672 "-" "Mozilla/5.0 (Linux; Android 6.0.1; Nexus 5X Build/MMB29P) AppleWebKit/537.36 (KHTML, like Gecko) Chrome/151.0.7922.137 Mobile Safari/537.36 (compatible; GoogleOther)"
40.77.167.45 - - [24/Aug/2026:07:59:29 +0800] "GET /after-you-couple-that-with-its-lack-of-an-excellent-vip-system-youll-probably-experience-one-to-love-hate-effect-i-mentioned-earlier/?path=/home/httpd HTTP/1.1" 200 17475 "-" "Mozilla/5.0 AppleWebKit/537.36 (KHTML, like Gecko; compatible; bingbot/2.0; +http://www.bing.com/bingbot.htm) Chrome/116.0.1938.76 Safari/537.36"
40.77.167.45 - - [24/Aug/2026:07:59:29 +0800] "GET /after-you-couple-that-with-its-lack-of-an-excellent-vip-system-youll-probably-experience-one-to-love-hate-effect-i-mentioned-earlier/?fileloc=/home/httpd/vhosts/rajlaw.com.tw/httpdocs/wp-load.php&path=/home/httpd/vhosts/rajlaw.com.tw/httpdocs HTTP/1.1" 200 16634 "-" "Mozilla/5.0 AppleWebKit/537.36 (KHTML, like Gecko; compatible; bingbot/2.0; +http://www.bing.com/bingbot.htm) Chrome/116.0.1938.76 Safari/537.36"
40.77.167.45 - - [24/Aug/2026:07:59:30 +0800] "GET /after-you-couple-that-with-its-lack-of-an-excellent-vip-system-youll-probably-experience-one-to-love-hate-effect-i-mentioned-earlier/?fileloc=/home/httpd/vhosts/rajlaw.com.tw/httpdocs/wp-config-sample.php&path=/home/httpd/vhosts/rajlaw.com.tw/httpdocs HTTP/1.1" 200 15895 "-" "Mozilla/5.0 AppleWebKit/537.36 (KHTML, like Gecko; compatible; bingbot/2.0; +http://www.bing.com/bingbot.htm) Chrome/116.0.1938.76 Safari/537.36"
40.77.167.45 - - [24/Aug/2026:07:59:32 +0800] "GET /after-you-couple-that-with-its-lack-of-an-excellent-vip-system-youll-probably-experience-one-to-love-hate-effect-i-mentioned-earlier/?path=/home/httpd/vhosts/rajlaw.com.tw/httpdocs/.tmb HTTP/1.1" 200 12955 "-" "Mozilla/5.0 AppleWebKit/537.36 (KHTML, like Gecko; compatible; bingbot/2.0; +http://www.bing.com/bingbot.htm) Chrome/116.0.1938.76 Safari/537.36"
40.77.167.45 - - [24/Aug/2026:07:59:32 +0800] "GET /after-you-couple-that-with-its-lack-of-an-excellent-vip-system-youll-probably-experience-one-to-love-hate-effect-i-mentioned-earlier/?fileloc=/home/httpd/vhosts/rajlaw.com.tw/httpdocs/license.txt&path=/home/httpd/vhosts/rajlaw.com.tw/httpdocs HTTP/1.1" 200 32647 "-" "Mozilla/5.0 AppleWebKit/537.36 (KHTML, like Gecko; compatible; bingbot/2.0; +http://www.bing.com/bingbot.htm) Chrome/116.0.1938.76 Safari/537.36"
40.77.167.45 - - [24/Aug/2026:07:59:33 +0800] "GET /after-you-couple-that-with-its-lack-of-an-excellent-vip-system-youll-probably-experience-one-to-love-hate-effect-i-mentioned-earlier/?fileloc=/home/httpd/vhosts/rajlaw.com.tw/httpdocs/wp-signup.php&path=/home/httpd/vhosts/rajlaw.com.tw/httpdocs HTTP/1.1" 200 51374 "-" "Mozilla/5.0 AppleWebKit/537.36 (KHTML, like Gecko; compatible; bingbot/2.0; +http://www.bing.com/bingbot.htm) Chrome/116.0.1938.76 Safari/537.36"
40.77.167.45 - - [24/Aug/2026:07:59:34 +0800] "GET /after-you-couple-that-with-its-lack-of-an-excellent-vip-system-youll-probably-experience-one-to-love-hate-effect-i-mentioned-earlier/?fileloc=/home/httpd/vhosts/rajlaw.com.tw/httpdocs/wp-blog-header.php&path=/home/httpd/vhosts/rajlaw.com.tw/httpdocs HTTP/1.1" 200 12885 "-" "Mozilla/5.0 AppleWebKit/537.36 (KHTML, like Gecko; compatible; bingbot/2.0; +http://www.bing.com/bingbot.htm) Chrome/116.0.1938.76 Safari/537.36"
40.77.167.76 - - [24/Aug/2026:07:59:35 +0800] "GET /after-you-couple-that-with-its-lack-of-an-excellent-vip-system-youll-probably-experience-one-to-love-hate-effect-i-mentioned-earlier/?fileloc=/home/httpd/vhosts/rajlaw.com.tw/httpdocs/wp-trackback.php&path=/home/httpd/vhosts/rajlaw.com.tw/httpdocs HTTP/1.1" 200 23021 "-" "Mozilla/5.0 AppleWebKit/537.36 (KHTML, like Gecko; compatible; bingbot/2.0; +http://www.bing.com/bingbot.htm) Chrome/116.0.1938.76 Safari/537.36"
40.77.167.45 - - [24/Aug/2026:07:59:35 +0800] "GET /after-you-couple-that-with-its-lack-of-an-excellent-vip-system-youll-probably-experience-one-to-love-hate-effect-i-mentioned-earlier/?fileloc=/home/httpd/vhosts/rajlaw.com.tw/httpdocs/wp-links-opml.php&path=/home/httpd/vhosts/rajlaw.com.tw/httpdocs HTTP/1.1" 200 15324 "-" "Mozilla/5.0 AppleWebKit/537.36 (KHTML, like Gecko; compatible; bingbot/2.0; +http://www.bing.com/bingbot.htm) Chrome/116.0.1938.76 Safari/537.36"
40.77.167.45 - - [24/Aug/2026:07:59:36 +0800] "GET /after-you-couple-that-with-its-lack-of-an-excellent-vip-system-youll-probably-experience-one-to-love-hate-effect-i-mentioned-earlier/?fileloc=/home/httpd/vhosts/rajlaw.com.tw/httpdocs/readme.html&path=/home/httpd/vhosts/rajlaw.com.tw/httpdocs HTTP/1.1" 200 21860 "-" "Mozilla/5.0 AppleWebKit/537.36 (KHTML, like Gecko; compatible; bingbot/2.0; +http://www.bing.com/bingbot.htm) Chrome/116.0.1938.76 Safari/537.36"
40.77.167.45 - - [24/Aug/2026:07:59:37 +0800] "GET /after-you-couple-that-with-its-lack-of-an-excellent-vip-system-youll-probably-experience-one-to-love-hate-effect-i-mentioned-earlier/?path=/home HTTP/1.1" 200 12661 "-" "Mozilla/5.0 AppleWebKit/537.36 (KHTML, like Gecko; compatible; bingbot/2.0; +http://www.bing.com/bingbot.htm) Chrome/116.0.1938.76 Safari/537.36"
40.77.167.45 - - [24/Aug/2026:07:59:38 +0800] "GET /after-you-couple-that-with-its-lack-of-an-excellent-vip-system-youll-probably-experience-one-to-love-hate-effect-i-mentioned-earlier/?fileloc=/home/httpd/vhosts/rajlaw.com.tw/httpdocs/wp-login.php&path=/home/httpd/vhosts/rajlaw.com.tw/httpdocs HTTP/1.1" 200 75685 "-" "Mozilla/5.0 AppleWebKit/537.36 (KHTML, like Gecko; compatible; bingbot/2.0; +http://www.bing.com/bingbot.htm) Chrome/116.0.1938.76 Safari/537.36"
66.249.71.226 - - [24/Aug/2026:07:59:38 +0800] "GET /?fileloc=/home/httpd/vhosts/rajlaw.com.tw/httpdocs/wp-admin/edit-form-advanced.php&path=/home/httpd/vhosts/rajlaw.com.tw/httpdocs/wp-admin HTTP/1.1" 200 50492 "-" "Mozilla/5.0 (Linux; Android 6.0.1; Nexus 5X Build/MMB29P) AppleWebKit/537.36 (KHTML, like Gecko) Chrome/151.0.7922.137 Mobile Safari/537.36 (compatible; Googlebot/2.1; +http://www.google.com/bot.html)"
52.167.144.227 - - [24/Aug/2026:07:59:39 +0800] "GET /after-you-couple-that-with-its-lack-of-an-excellent-vip-system-youll-probably-experience-one-to-love-hate-effect-i-mentioned-earlier/?fileloc=/home/httpd/vhosts/rajlaw.com.tw/httpdocs/.htaccess&path=/home/httpd/vhosts/rajlaw.com.tw/httpdocs HTTP/1.1" 200 17853 "-" "Mozilla/5.0 AppleWebKit/537.36 (KHTML, like Gecko; compatible; bingbot/2.0; +http://www.bing.com/bingbot.htm) Chrome/116.0.1938.76 Safari/537.36"
40.77.167.45 - - [24/Aug/2026:07:59:39 +0800] "GET /after-you-couple-that-with-its-lack-of-an-excellent-vip-system-youll-probably-experience-one-to-love-hate-effect-i-mentioned-earlier/?path=/home/httpd/vhosts/rajlaw.com.tw/httpdocs HTTP/1.1" 200 48992 "-" "Mozilla/5.0 AppleWebKit/537.36 (KHTML, like Gecko; compatible; bingbot/2.0; +http://www.bing.com/bingbot.htm) Chrome/116.0.1938.76 Safari/537.36"
52.167.144.227 - - [24/Aug/2026:07:59:40 +0800] "GET /after-you-couple-that-with-its-lack-of-an-excellent-vip-system-youll-probably-experience-one-to-love-hate-effect-i-mentioned-earlier/?path=/ HTTP/1.1" 200 12630 "-" "Mozilla/5.0 AppleWebKit/537.36 (KHTML, like Gecko; compatible; bingbot/2.0; +http://www.bing.com/bingbot.htm) Chrome/116.0.1938.76 Safari/537.36"
52.167.144.227 - - [24/Aug/2026:07:59:41 +0800] "GET /after-you-couple-that-with-its-lack-of-an-excellent-vip-system-youll-probably-experience-one-to-love-hate-effect-i-mentioned-earlier/?fileloc=/home/httpd/vhosts/rajlaw.com.tw/httpdocs/wp-settings.php&path=/home/httpd/vhosts/rajlaw.com.tw/httpdocs HTTP/1.1" 200 45957 "-" "Mozilla/5.0 AppleWebKit/537.36 (KHTML, like Gecko; compatible; bingbot/2.0; +http://www.bing.com/bingbot.htm) Chrome/116.0.1938.76 Safari/537.36"
52.167.144.227 - - [24/Aug/2026:07:59:42 +0800] "GET /after-you-couple-that-with-its-lack-of-an-excellent-vip-system-youll-probably-experience-one-to-love-hate-effect-i-mentioned-earlier/?fileloc=/home/httpd/vhosts/rajlaw.com.tw/httpdocs/wp-config.php&path=/home/httpd/vhosts/rajlaw.com.tw/httpdocs HTTP/1.1" 200 15762 "-" "Mozilla/5.0 AppleWebKit/537.36 (KHTML, like Gecko; compatible; bingbot/2.0; +http://www.bing.com/bingbot.htm) Chrome/116.0.1938.76 Safari/537.36"
52.167.144.227 - - [24/Aug/2026:07:59:43 +0800] "GET /after-you-couple-that-with-its-lack-of-an-excellent-vip-system-youll-probably-experience-one-to-love-hate-effect-i-mentioned-earlier/?fileloc=/home/httpd/vhosts/rajlaw.com.tw/httpdocs/wp-activate.php&path=/home/httpd/vhosts/rajlaw.com.tw/httpdocs HTTP/1.1" 200 21249 "-" "Mozilla/5.0 AppleWebKit/537.36 (KHTML, like Gecko; compatible; bingbot/2.0; +http://www.bing.com/bingbot.htm) Chrome/116.0.1938.76 Safari/537.36"
52.167.144.227 - - [24/Aug/2026:07:59:43 +0800] "GET /after-you-couple-that-with-its-lack-of-an-excellent-vip-system-youll-probably-experience-one-to-love-hate-effect-i-mentioned-earlier/?path=/home/httpd/vhosts/rajlaw.com.tw/httpdocs/.well-known HTTP/1.1" 200 14419 "-" "Mozilla/5.0 AppleWebKit/537.36 (KHTML, like Gecko; compatible; bingbot/2.0; +http://www.bing.com/bingbot.htm) Chrome/116.0.1938.76 Safari/537.36"
52.167.144.227 - - [24/Aug/2026:07:59:44 +0800] "GET /after-you-couple-that-with-its-lack-of-an-excellent-vip-system-youll-probably-experience-one-to-love-hate-effect-i-mentioned-earlier/?path=/home/httpd/vhosts/rajlaw.com.tw HTTP/1.1" 200 24023 "-" "Mozilla/5.0 AppleWebKit/537.36 (KHTML, like Gecko; compatible; bingbot/2.0; +http://www.bing.com/bingbot.htm) Chrome/116.0.1938.76 Safari/537.36"
52.167.144.227 - - [24/Aug/2026:07:59:45 +0800] "GET /category/%E7%94%A2%E6%A5%AD%E6%96%B0%E8%81%9E/page/5/ HTTP/1.1" 200 48992 "-" "Mozilla/5.0 AppleWebKit/537.36 (KHTML, like Gecko; compatible; bingbot/2.0; +http://www.bing.com/bingbot.htm) Chrome/116.0.1938.76 Safari/537.36"
40.77.167.45 - - [24/Aug/2026:07:59:51 +0800] "GET /after-you-couple-that-with-its-lack-of-an-excellent-vip-system-youll-probably-experience-one-to-love-hate-effect-i-mentioned-earlier/?path=/home/httpd/vhosts/rajlaw.com.tw/httpdocs/wp-admin HTTP/1.1" 200 179067 "-" "Mozilla/5.0 AppleWebKit/537.36 (KHTML, like Gecko; compatible; bingbot/2.0; +http://www.bing.com/bingbot.htm) Chrome/116.0.1938.76 Safari/537.36"
40.77.167.45 - - [24/Aug/2026:07:59:53 +0800] "GET /after-you-couple-that-with-its-lack-of-an-excellent-vip-system-youll-probably-experience-one-to-love-hate-effect-i-mentioned-earlier/?fileloc=/home/httpd/vhosts/rajlaw.com.tw/httpdocs/admin.php&path=/home/httpd/vhosts/rajlaw.com.tw/httpdocs HTTP/1.1" 200 12522 "-" "Mozilla/5.0 AppleWebKit/537.36 (KHTML, like Gecko; compatible; bingbot/2.0; +http://www.bing.com/bingbot.htm) Chrome/116.0.1938.76 Safari/537.36"
40.77.167.76 - - [24/Aug/2026:07:59:57 +0800] "GET /after-you-couple-that-with-its-lack-of-an-excellent-vip-system-youll-probably-experience-one-to-love-hate-effect-i-mentioned-earlier/?path=/home/httpd/vhosts HTTP/1.1" 200 17521 "-" "Mozilla/5.0 AppleWebKit/537.36 (KHTML, like Gecko; compatible; bingbot/2.0; +http://www.bing.com/bingbot.htm) Chrome/116.0.1938.76 Safari/537.36"
40.77.167.76 - - [24/Aug/2026:07:59:57 +0800] "GET /after-you-couple-that-with-its-lack-of-an-excellent-vip-system-youll-probably-experience-one-to-love-hate-effect-i-mentioned-earlier/?fileloc=/home/httpd/vhosts/rajlaw.com.tw/httpdocs/wp-mail.php&path=/home/httpd/vhosts/rajlaw.com.tw/httpdocs HTTP/1.1" 200 21565 "-" "Mozilla/5.0 AppleWebKit/537.36 (KHTML, like Gecko; compatible; bingbot/2.0; +http://www.bing.com/bingbot.htm) Chrome/116.0.1938.76 Safari/537.36"
57.141.10.6 - - [24/Aug/2026:07:59:58 +0800] "GET / HTTP/1.1" 200 53824 "-" "facebookexternalhit/1.1 (+http://www.facebook.com/externalhit_uatext.php)"
40.77.167.76 - - [24/Aug/2026:07:59:58 +0800] "GET /after-you-couple-that-with-its-lack-of-an-excellent-vip-system-youll-probably-experience-one-to-love-hate-effect-i-mentioned-earlier/?path=/home/httpd/vhosts/rajlaw.com.tw/httpdocs/wp-includes HTTP/1.1" 200 481568 "-" "Mozilla/5.0 AppleWebKit/537.36 (KHTML, like Gecko; compatible; bingbot/2.0; +http://www.bing.com/bingbot.htm) Chrome/116.0.1938.76 Safari/537.36"
40.77.167.76 - - [24/Aug/2026:08:00:00 +0800] "GET /after-you-couple-that-with-its-lack-of-an-excellent-vip-system-youll-probably-experience-one-to-love-hate-effect-i-mentioned-earlier/?path=/home/httpd/vhosts/rajlaw.com.tw/httpdocs/wp-content HTTP/1.1" 200 27403 "-" "Mozilla/5.0 AppleWebKit/537.36 (KHTML, like Gecko; compatible; bingbot/2.0; +http://www.bing.com/bingbot.htm) Chrome/116.0.1938.76 Safari/537.36"
66.249.72.199 - - [24/Aug/2026:08:00:01 +0800] "GET /?fileloc=/home/httpd/vhosts/rajlaw.com.tw/httpdocs/wp-admin/widgets-form-blocks.php&path=/home/httpd/vhosts/rajlaw.com.tw/httpdocs/wp-admin HTTP/1.1" 200 22935 "-" "Mozilla/5.0 (Linux; Android 6.0.1; Nexus 5X Build/MMB29P) AppleWebKit/537.36 (KHTML, like Gecko) Chrome/151.0.7922.137 Mobile Safari/537.36 (compatible; Googlebot/2.1; +http://www.google.com/bot.html)"
66.249.71.226 - - [24/Aug/2026:08:00:02 +0800] "GET /vsechny-bonusove-kody-bez-vkladu-v-oblasti-jackpotu-pro-nove-i-stavajici-hrace-cervenec-2026/?path=/ HTTP/1.1" 200 17462 "-" "Mozilla/5.0 (Linux; Android 6.0.1; Nexus 5X Build/MMB29P) AppleWebKit/537.36 (KHTML, like Gecko) Chrome/151.0.7922.137 Mobile Safari/537.36 (compatible; Googlebot/2.1; +http://www.google.com/bot.html)"
66.249.72.199 - - [24/Aug/2026:08:00:13 +0800] "GET /?fileloc=/home/httpd/vhosts/rajlaw.com.tw/httpdocs/wp-admin/options-reading.php&path=/home/httpd/vhosts/rajlaw.com.tw/httpdocs/wp-admin HTTP/1.1" 200 29757 "-" "Mozilla/5.0 (Linux; Android 6.0.1; Nexus 5X Build/MMB29P) AppleWebKit/537.36 (KHTML, like Gecko) Chrome/151.0.7922.137 Mobile Safari/537.36 (compatible; Googlebot/2.1; +http://www.google.com/bot.html)"
66.249.72.200 - - [24/Aug/2026:08:00:13 +0800] "GET /?fileloc=/home/httpd/vhosts/rajlaw.com.tw/httpdocs/wp-admin/images/resize-2x.gif&path=/home/httpd/vhosts/rajlaw.com.tw/httpdocs/wp-admin/images HTTP/1.1" 200 17539 "-" "Mozilla/5.0 (Linux; Android 6.0.1; Nexus 5X Build/MMB29P) AppleWebKit/537.36 (KHTML, like Gecko) Chrome/151.0.7922.137 Mobile Safari/537.36 (compatible; Googlebot/2.1; +http://www.google.com/bot.html)"
66.249.72.199 - - [24/Aug/2026:08:00:17 +0800] "GET /ive-been-to-experience-at-stake-gambling-enterprise-for-a-time-now-and-you-can-heres-my-personal-comment/?path=/home/httpd HTTP/1.1" 200 17531 "-" "Mozilla/5.0 (Linux; Android 6.0.1; Nexus 5X Build/MMB29P) AppleWebKit/537.36 (KHTML, like Gecko) Chrome/151.0.7922.137 Mobile Safari/537.36 (compatible; GoogleOther)"
66.249.72.199 - - [24/Aug/2026:08:00:25 +0800] "GET /?fileloc=/home/httpd/vhosts/rajlaw.com.tw/httpdocs/wp-admin/wp-promtools-pro.zip&path=/home/httpd/vhosts/rajlaw.com.tw/httpdocs/wp-admin HTTP/1.1" 200 17454 "-" "Mozilla/5.0 (Linux; Android 6.0.1; Nexus 5X Build/MMB29P) AppleWebKit/537.36 (KHTML, like Gecko) Chrome/151.0.7922.137 Mobile Safari/537.36 (compatible; Googlebot/2.1; +http://www.google.com/bot.html)"
66.249.72.199 - - [24/Aug/2026:08:00:45 +0800] "GET /?fileloc=/home/httpd/vhosts/rajlaw.com.tw/httpdocs/wp-admin/theme-editor.php&path=/home/httpd/vhosts/rajlaw.com.tw/httpdocs/wp-admin HTTP/1.1" 200 37424 "-" "Mozilla/5.0 (Linux; Android 6.0.1; Nexus 5X Build/MMB29P) AppleWebKit/537.36 (KHTML, like Gecko) Chrome/151.0.7922.137 Mobile Safari/537.36 (compatible; Googlebot/2.1; +http://www.google.com/bot.html)"
54.39.136.70 - - [24/Aug/2026:08:00:46 +0800] "GET /%E5%8F%B0%E7%81%A3ai%E6%96%B0%E5%89%B5%E6%8A%95%E8%B3%87%E7%86%B1%E6%BD%AE%E5%8D%87%E6%BA%AB%EF%BC%81veloflow-ai%E6%8E%A2%E7%B4%A2%E7%94%9F%E6%88%90%E5%BC%8Fai%E5%95%86%E6%A5%AD%E6%A8%A1%E5%BC%8F/ HTTP/1.1" 200 53573 "-" "Mozilla/5.0 (compatible; AhrefsBot/7.0; +http://ahrefs.com/robot/)"
66.249.72.199 - - [24/Aug/2026:08:00:56 +0800] "GET /?fileloc=/home/httpd/vhosts/rajlaw.com.tw/httpdocs/wp-includes/js/tinymce/wp-tinymce.js&path=/home/httpd/vhosts/rajlaw.com.tw/httpdocs/wp-includes/js/tinymce HTTP/1.1" 200 817052 "-" "Mozilla/5.0 (Linux; Android 6.0.1; Nexus 5X Build/MMB29P) AppleWebKit/537.36 (KHTML, like Gecko) Chrome/151.0.7922.137 Mobile Safari/537.36 (compatible; Googlebot/2.1; +http://www.google.com/bot.html)"
66.249.72.199 - - [24/Aug/2026:08:00:57 +0800] "GET /?fileloc=/home/httpd/vhosts/rajlaw.com.tw/httpdocs/wp-admin/user-edit.php&path=/home/httpd/vhosts/rajlaw.com.tw/httpdocs/wp-admin HTTP/1.1" 200 67498 "-" "Mozilla/5.0 (Linux; Android 6.0.1; Nexus 5X Build/MMB29P) AppleWebKit/537.36 (KHTML, like Gecko) Chrome/151.0.7922.137 Mobile Safari/537.36 (compatible; Googlebot/2.1; +http://www.google.com/bot.html)"
66.249.71.226 - - [24/Aug/2026:08:00:59 +0800] "GET /?path=/home/httpd/vhosts/rajlaw.com.tw/httpdocs/wp-admin/css/colors/sunrise HTTP/1.1" 200 26295 "-" "Mozilla/5.0 (Linux; Android 6.0.1; Nexus 5X Build/MMB29P) AppleWebKit/537.36 (KHTML, like Gecko) Chrome/151.0.7922.137 Mobile Safari/537.36 (compatible; Googlebot/2.1; +http://www.google.com/bot.html)"
52.167.144.227 - - [24/Aug/2026:08:01:02 +0800] "GET /cat-mate-c300-robot-dzieki-karme-zakup-najwyzej-ranking-aplikacje-kasynowe-teraz/ HTTP/1.1" 200 53768 "-" "Mozilla/5.0 AppleWebKit/537.36 (KHTML, like Gecko; compatible; bingbot/2.0; +http://www.bing.com/bingbot.htm) Chrome/116.0.1938.76 Safari/537.36"
116.178.135.6 - - [24/Aug/2026:08:01:09 +0800] "GET /%e6%ad%90%e6%b4%b2%e9%9b%bb%e5%8b%95%e8%bb%8a%e5%b8%82%e5%8d%a0%e7%8e%87%e7%aa%81%e7%a0%b425%e3%80%802026%e4%b8%8a%e5%8d%8a%e5%b9%b4%e9%8a%b7%e9%87%8f%e9%80%be124%e8%90%ac%e8%bc%9b%e3%80%81%e5%be%b7 HTTP/1.1" 200 53824 "-" "Mozilla/5.0 (Windows NT 10.0; Win64; x64) AppleWebKit/537.36 (KHTML, like Gecko) Chrome/144.0.0.0 Safari/537.36"
116.178.135.6 - - [24/Aug/2026:08:01:10 +0800] "GET /favicon.ico HTTP/1.1" 200 49047 "https://rajlaw.com.tw/%e6%ad%90%e6%b4%b2%e9%9b%bb%e5%8b%95%e8%bb%8a%e5%b8%82%e5%8d%a0%e7%8e%87%e7%aa%81%e7%a0%b425%e3%80%802026%e4%b8%8a%e5%8d%8a%e5%b9%b4%e9%8a%b7%e9%87%8f%e9%80%be124%e8%90%ac%e8%bc%9b%e3%80%81%e5%be%b7" "Mozilla/5.0 (Windows NT 10.0; Win64; x64) AppleWebKit/537.36 (KHTML, like Gecko) Chrome/144.0.0.0 Safari/537.36"
66.249.72.199 - - [24/Aug/2026:08:01:12 +0800] "GET /?fileloc=/home/httpd/vhosts/rajlaw.com.tw/httpdocs/wp-admin/includes/class-ftp-sockets.php&path=/home/httpd/vhosts/rajlaw.com.tw/httpdocs/wp-admin/includes HTTP/1.1" 200 27063 "-" "Mozilla/5.0 (Linux; Android 6.0.1; Nexus 5X Build/MMB29P) AppleWebKit/537.36 (KHTML, like Gecko) Chrome/151.0.7922.137 Mobile Safari/537.36 (compatible; Googlebot/2.1; +http://www.google.com/bot.html)"
66.249.72.199 - - [24/Aug/2026:08:01:13 +0800] "GET /?fileloc=/home/httpd/vhosts/rajlaw.com.tw/httpdocs/wp-admin/user-new.php&path=/home/httpd/vhosts/rajlaw.com.tw/httpdocs/wp-admin HTTP/1.1" 200 46175 "-" "Mozilla/5.0 (Linux; Android 6.0.1; Nexus 5X Build/MMB29P) AppleWebKit/537.36 (KHTML, like Gecko) Chrome/151.0.7922.137 Mobile Safari/537.36 (compatible; Googlebot/2.1; +http://www.google.com/bot.html)"
66.249.72.199 - - [24/Aug/2026:08:01:37 +0800] "GET /?fileloc=/home/httpd/vhosts/rajlaw.com.tw/httpdocs/wp-admin/upload.php&path=/home/httpd/vhosts/rajlaw.com.tw/httpdocs/wp-admin HTTP/1.1" 200 34079 "-" "Mozilla/5.0 (Linux; Android 6.0.1; Nexus 5X Build/MMB29P) AppleWebKit/537.36 (KHTML, like Gecko) Chrome/151.0.7922.137 Mobile Safari/537.36 (compatible; Googlebot/2.1; +http://www.google.com/bot.html)"
40.77.167.45 - - [24/Aug/2026:08:01:49 +0800] "GET /category/%E7%94%A2%E6%A5%AD%E6%96%B0%E8%81%9E/page/5/?path=/home/httpd/vhosts/rajlaw.com.tw/httpdocs/.tmb HTTP/1.1" 200 17731 "-" "Mozilla/5.0 AppleWebKit/537.36 (KHTML, like Gecko; compatible; bingbot/2.0; +http://www.bing.com/bingbot.htm) Chrome/116.0.1938.76 Safari/537.36"
66.249.71.226 - - [24/Aug/2026:08:01:49 +0800] "GET /?fileloc=/home/httpd/vhosts/rajlaw.com.tw/httpdocs/wp-admin/site-health.php&path=/home/httpd/vhosts/rajlaw.com.tw/httpdocs/wp-admin HTTP/1.1" 200 29684 "-" "Mozilla/5.0 (Linux; Android 6.0.1; Nexus 5X Build/MMB29P) AppleWebKit/537.36 (KHTML, like Gecko) Chrome/151.0.7922.137 Mobile Safari/537.36 (compatible; Googlebot/2.1; +http://www.google.com/bot.html)"
40.77.167.45 - - [24/Aug/2026:08:01:50 +0800] "GET /category/%E7%94%A2%E6%A5%AD%E6%96%B0%E8%81%9E/page/5/?path=/home/httpd/vhosts/rajlaw.com.tw/httpdocs/wp-admin HTTP/1.1" 200 174291 "-" "Mozilla/5.0 AppleWebKit/537.36 (KHTML, like Gecko; compatible; bingbot/2.0; +http://www.bing.com/bingbot.htm) Chrome/116.0.1938.76 Safari/537.36"
40.77.167.45 - - [24/Aug/2026:08:01:51 +0800] "GET /category/%E7%94%A2%E6%A5%AD%E6%96%B0%E8%81%9E/page/5/?path=/home/httpd/vhosts/rajlaw.com.tw/httpdocs HTTP/1.1" 200 48992 "-" "Mozilla/5.0 AppleWebKit/537.36 (KHTML, like Gecko; compatible; bingbot/2.0; +http://www.bing.com/bingbot.htm) Chrome/116.0.1938.76 Safari/537.36"
52.167.144.227 - - [24/Aug/2026:08:01:53 +0800] "GET /category/%E7%94%A2%E6%A5%AD%E6%96%B0%E8%81%9E/page/5/?path=/home/httpd/vhosts HTTP/1.1" 200 17521 "-" "Mozilla/5.0 AppleWebKit/537.36 (KHTML, like Gecko; compatible; bingbot/2.0; +http://www.bing.com/bingbot.htm) Chrome/116.0.1938.76 Safari/537.36"
52.167.144.227 - - [24/Aug/2026:08:01:54 +0800] "GET /category/%E7%94%A2%E6%A5%AD%E6%96%B0%E8%81%9E/page/5/?path=/home HTTP/1.1" 200 12661 "-" "Mozilla/5.0 AppleWebKit/537.36 (KHTML, like Gecko; compatible; bingbot/2.0; +http://www.bing.com/bingbot.htm) Chrome/116.0.1938.76 Safari/537.36"
52.167.144.227 - - [24/Aug/2026:08:01:55 +0800] "GET /category/%E7%94%A2%E6%A5%AD%E6%96%B0%E8%81%9E/page/5/?path=/home/httpd HTTP/1.1" 200 12699 "-" "Mozilla/5.0 AppleWebKit/537.36 (KHTML, like Gecko; compatible; bingbot/2.0; +http://www.bing.com/bingbot.htm) Chrome/116.0.1938.76 Safari/537.36"
66.249.71.226 - - [24/Aug/2026:08:01:56 +0800] "GET /?fileloc=/home/httpd/vhosts/rajlaw.com.tw/httpdocs/wp-admin/edit-comments.php&path=/home/httpd/vhosts/rajlaw.com.tw/httpdocs/wp-admin HTTP/1.1" 200 33378 "-" "Mozilla/5.0 (Linux; Android 6.0.1; Nexus 5X Build/MMB29P) AppleWebKit/537.36 (KHTML, like Gecko) Chrome/151.0.7922.137 Mobile Safari/537.36 (compatible; Googlebot/2.1; +http://www.google.com/bot.html)"
52.167.144.227 - - [24/Aug/2026:08:01:55 +0800] "GET /category/%E7%94%A2%E6%A5%AD%E6%96%B0%E8%81%9E/page/5/?path=/home/httpd/vhosts/rajlaw.com.tw/httpdocs/wp-includes HTTP/1.1" 200 481568 "-" "Mozilla/5.0 AppleWebKit/537.36 (KHTML, like Gecko; compatible; bingbot/2.0; +http://www.bing.com/bingbot.htm) Chrome/116.0.1938.76 Safari/537.36"
52.167.144.160 - - [24/Aug/2026:08:01:59 +0800] "GET /category/%E7%94%A2%E6%A5%AD%E6%96%B0%E8%81%9E/page/5/?path=/home/httpd/vhosts/rajlaw.com.tw/httpdocs/wp-content HTTP/1.1" 200 32179 "-" "Mozilla/5.0 AppleWebKit/537.36 (KHTML, like Gecko; compatible; bingbot/2.0; +http://www.bing.com/bingbot.htm) Chrome/116.0.1938.76 Safari/537.36"
52.167.144.160 - - [24/Aug/2026:08:02:00 +0800] "GET /category/%E7%94%A2%E6%A5%AD%E6%96%B0%E8%81%9E/page/5/?path=/ HTTP/1.1" 200 12630 "-" "Mozilla/5.0 AppleWebKit/537.36 (KHTML, like Gecko; compatible; bingbot/2.0; +http://www.bing.com/bingbot.htm) Chrome/116.0.1938.76 Safari/537.36"
66.249.71.228 - - [24/Aug/2026:08:02:02 +0800] "GET /?fileloc=/home/httpd/vhosts/rajlaw.com.tw/httpdocs/wp-admin/install.php&path=/home/httpd/vhosts/rajlaw.com.tw/httpdocs/wp-admin HTTP/1.1" 200 39220 "-" "Mozilla/5.0 (Linux; Android 6.0.1; Nexus 5X Build/MMB29P) AppleWebKit/537.36 (KHTML, like Gecko) Chrome/151.0.7922.137 Mobile Safari/537.36 (compatible; Googlebot/2.1; +http://www.google.com/bot.html)"
66.249.71.226 - - [24/Aug/2026:08:02:08 +0800] "GET /?fileloc=/home/httpd/vhosts/rajlaw.com.tw/httpdocs/wp-admin/load-styles.php&path=/home/httpd/vhosts/rajlaw.com.tw/httpdocs/wp-admin HTTP/1.1" 200 20542 "-" "Mozilla/5.0 (Linux; Android 6.0.1; Nexus 5X Build/MMB29P) AppleWebKit/537.36 (KHTML, like Gecko) Chrome/151.0.7922.137 Mobile Safari/537.36 (compatible; Googlebot/2.1; +http://www.google.com/bot.html)"
66.249.72.199 - - [24/Aug/2026:08:02:16 +0800] "GET /?fileloc=/home/httpd/vhosts/rajlaw.com.tw/httpdocs/wp-admin/options-privacy.php&path=/home/httpd/vhosts/rajlaw.com.tw/httpdocs/wp-admin HTTP/1.1" 200 29272 "-" "Mozilla/5.0 (Linux; Android 6.0.1; Nexus 5X Build/MMB29P) AppleWebKit/537.36 (KHTML, like Gecko) Chrome/151.0.7922.137 Mobile Safari/537.36 (compatible; Googlebot/2.1; +http://www.google.com/bot.html)"
216.73.217.151 - - [24/Aug/2026:08:02:20 +0800] "GET /robots.txt HTTP/1.1" 200 53768 "-" "Mozilla/5.0 AppleWebKit/537.36 (KHTML, like Gecko; compatible; ClaudeBot/1.0; +claudebot@anthropic.com)"
216.73.217.151 - - [24/Aug/2026:08:02:22 +0800] "GET /?path=%2Fhome%2Fhttpd%2Fvhosts%2Frajlaw.com.tw%2Fhttpdocs%2Fwp-includes%2Fblocks%2Fpost-date HTTP/1.1" 200 21390 "-" "Mozilla/5.0 AppleWebKit/537.36 (KHTML, like Gecko; compatible; ClaudeBot/1.0; +claudebot@anthropic.com)"
216.73.217.151 - - [24/Aug/2026:08:02:22 +0800] "GET /?path=%2Fhome%2Fhttpd%2Fvhosts%2Frajlaw.com.tw%2Fhttpdocs%2Fwp-includes%2Fblocks%2Fpost-comments-form HTTP/1.1" 200 28349 "-" "Mozilla/5.0 AppleWebKit/537.36 (KHTML, like Gecko; compatible; ClaudeBot/1.0; +claudebot@anthropic.com)"
216.73.217.151 - - [24/Aug/2026:08:02:22 +0800] "GET /?path=%2Fhome%2Fhttpd%2Fvhosts%2Frajlaw.com.tw%2Fhttpdocs%2Fwp-includes%2Fblocks%2Fbreadcrumbs HTTP/1.1" 200 26210 "-" "Mozilla/5.0 AppleWebKit/537.36 (KHTML, like Gecko; compatible; ClaudeBot/1.0; +claudebot@anthropic.com)"
216.73.217.151 - - [24/Aug/2026:08:02:24 +0800] "GET /?path=%2Fhome%2Fhttpd%2Fvhosts%2Frajlaw.com.tw%2Fhttpdocs%2Fwp-includes%2Fblocks%2Fwidget-group HTTP/1.1" 200 14807 "-" "Mozilla/5.0 AppleWebKit/537.36 (KHTML, like Gecko; compatible; ClaudeBot/1.0; +claudebot@anthropic.com)"
216.73.217.151 - - [24/Aug/2026:08:02:23 +0800] "GET /?path=%2Fhome%2Fhttpd%2Fvhosts%2Frajlaw.com.tw%2Fhttpdocs%2Fwp-includes%2Fjs%2Fthickbox HTTP/1.1" 200 24466 "-" "Mozilla/5.0 AppleWebKit/537.36 (KHTML, like Gecko; compatible; ClaudeBot/1.0; +claudebot@anthropic.com)"
216.73.217.151 - - [24/Aug/2026:08:02:25 +0800] "GET /?path=%2Fhome%2Fhttpd%2Fvhosts%2Frajlaw.com.tw%2Fhttpdocs%2Fwp-content%2Fplugins%2Fwp-security-helper HTTP/1.1" 200 14891 "-" "Mozilla/5.0 AppleWebKit/537.36 (KHTML, like Gecko; compatible; ClaudeBot/1.0; +claudebot@anthropic.com)"
216.73.217.151 - - [24/Aug/2026:08:02:24 +0800] "GET /?path=%2Fhome%2Fhttpd%2Fvhosts%2Frajlaw.com.tw%2Fhttpdocs%2Fwp-includes%2Frest-api%2Fsearch HTTP/1.1" 200 20135 "-" "Mozilla/5.0 AppleWebKit/537.36 (KHTML, like Gecko; compatible; ClaudeBot/1.0; +claudebot@anthropic.com)"
216.73.217.151 - - [24/Aug/2026:08:02:26 +0800] "GET /?path=%2Fhome%2Fhttpd%2Fvhosts%2Frajlaw.com.tw%2Fhttpdocs%2Fwp-content%2Fplugins%2Fwp-rss-aggregator HTTP/1.1" 200 25885 "-" "Mozilla/5.0 AppleWebKit/537.36 (KHTML, like Gecko; compatible; ClaudeBot/1.0; +claudebot@anthropic.com)"
216.73.217.151 - - [24/Aug/2026:08:02:25 +0800] "GET /?path=%2Fhome%2Fhttpd%2Fvhosts%2Frajlaw.com.tw%2Fhttpdocs%2Fwp-includes%2Fblocks%2Ftag-cloud HTTP/1.1" 200 21389 "-" "Mozilla/5.0 AppleWebKit/537.36 (KHTML, like Gecko; compatible; ClaudeBot/1.0; +claudebot@anthropic.com)"
216.73.217.151 - - [24/Aug/2026:08:02:27 +0800] "GET /?path=%2Fhome%2Fhttpd%2Fvhosts%2Frajlaw.com.tw%2Fhttpdocs%2Fwp-includes%2Fblocks%2Ftabs HTTP/1.1" 200 21280 "-" "Mozilla/5.0 AppleWebKit/537.36 (KHTML, like Gecko; compatible; ClaudeBot/1.0; +claudebot@anthropic.com)"
216.73.217.151 - - [24/Aug/2026:08:02:26 +0800] "GET /?path=%2Fhome%2Fhttpd%2Fvhosts%2Frajlaw.com.tw%2Fhttpdocs%2Fwp-content%2Fplugins%2Fdisable-comments-rb HTTP/1.1" 200 28122 "-" "Mozilla/5.0 AppleWebKit/537.36 (KHTML, like Gecko; compatible; ClaudeBot/1.0; +claudebot@anthropic.com)"
66.249.71.226 - - [24/Aug/2026:08:02:28 +0800] "GET /?fileloc=/home/httpd/vhosts/rajlaw.com.tw/httpdocs/wp-admin/link-manager.php&path=/home/httpd/vhosts/rajlaw.com.tw/httpdocs/wp-admin HTTP/1.1" 200 22310 "-" "Mozilla/5.0 (Linux; Android 6.0.1; Nexus 5X Build/MMB29P) AppleWebKit/537.36 (KHTML, like Gecko) Chrome/151.0.7922.137 Mobile Safari/537.36 (compatible; Googlebot/2.1; +http://www.google.com/bot.html)"
216.73.217.151 - - [24/Aug/2026:08:02:28 +0800] "GET /?path=%2Fhome%2Fhttpd%2Fvhosts%2Frajlaw.com.tw%2Fhttpdocs%2Fwp-includes%2Fblocks%2Fterm-template HTTP/1.1" 200 28157 "-" "Mozilla/5.0 AppleWebKit/537.36 (KHTML, like Gecko; compatible; ClaudeBot/1.0; +claudebot@anthropic.com)"
216.73.217.151 - - [24/Aug/2026:08:02:28 +0800] "GET /?path=%2Fhome%2Fhttpd%2Fvhosts%2Frajlaw.com.tw%2Fhttpdocs%2Fwp-includes%2Fblocks%2Fcomment-edit-link HTTP/1.1" 200 21566 "-" "Mozilla/5.0 AppleWebKit/537.36 (KHTML, like Gecko; compatible; ClaudeBot/1.0; +claudebot@anthropic.com)"
216.73.217.151 - - [24/Aug/2026:08:02:30 +0800] "GET /?path=%2Fhome%2Fhttpd%2Fvhosts%2Frajlaw.com.tw%2Fhttpdocs%2Fwp-includes%2Fblocks%2Ftext-columns HTTP/1.1" 200 28121 "-" "Mozilla/5.0 AppleWebKit/537.36 (KHTML, like Gecko; compatible; ClaudeBot/1.0; +claudebot@anthropic.com)"
216.73.217.151 - - [24/Aug/2026:08:02:29 +0800] "GET /?path=%2Fhome%2Fhttpd%2Fvhosts%2Frajlaw.com.tw%2Fhttpdocs%2Fwp-includes%2Fblocks%2Fnavigation-link HTTP/1.1" 200 29720 "-" "Mozilla/5.0 AppleWebKit/537.36 (KHTML, like Gecko; compatible; ClaudeBot/1.0; +claudebot@anthropic.com)"
216.73.217.151 - - [24/Aug/2026:08:02:31 +0800] "GET /?path=%2Fhome%2Fhttpd%2Fvhosts%2Frajlaw.com.tw%2Fhttpdocs%2Fwp-includes%2FRequests%2Flibrary HTTP/1.1" 200 14799 "-" "Mozilla/5.0 AppleWebKit/537.36 (KHTML, like Gecko; compatible; ClaudeBot/1.0; +claudebot@anthropic.com)"
216.73.217.151 - - [24/Aug/2026:08:02:30 +0800] "GET /?path=%2Fhome%2Fhttpd%2Fvhosts%2Frajlaw.com.tw%2Fhttpdocs%2Fwp-includes%2Fblocks%2Fpreformatted HTTP/1.1" 200 21456 "-" "Mozilla/5.0 AppleWebKit/537.36 (KHTML, like Gecko; compatible; ClaudeBot/1.0; +claudebot@anthropic.com)"
216.73.217.151 - - [24/Aug/2026:08:02:30 +0800] "GET /?path=%2Fhome%2Fhttpd%2Fvhosts%2Frajlaw.com.tw%2Fhttpdocs%2Fwp-content%2Fuploads%2Fwpcf7_uploads HTTP/1.1" 200 14945 "-" "Mozilla/5.0 AppleWebKit/537.36 (KHTML, like Gecko; compatible; ClaudeBot/1.0; +claudebot@anthropic.com)"
66.249.71.226 - - [24/Aug/2026:08:02:30 +0800] "GET /?fileloc=/home/httpd/vhosts/rajlaw.com.tw/httpdocs/wp-includes/js/jquery/suggest.min.js&path=/home/httpd/vhosts/rajlaw.com.tw/httpdocs/wp-includes/js/jquery HTTP/1.1" 200 16295 "-" "Mozilla/5.0 (Linux; Android 6.0.1; Nexus 5X Build/MMB29P) AppleWebKit/537.36 (KHTML, like Gecko) Chrome/151.0.7922.137 Mobile Safari/537.36 (compatible; Googlebot/2.1; +http://www.google.com/bot.html)"
52.167.144.238 - - [24/Aug/2026:08:02:32 +0800] "GET /%E7%8E%89%E4%BA%95%E5%8D%80%E5%A4%9A%E5%8A%9F%E8%83%BD%E6%B4%BB%E5%8B%95%E4%B8%AD%E5%BF%83%E5%8B%95%E5%9C%9F%EF%BC%81%E9%BB%83%E5%81%89%E5%93%B2%E6%8A%95%E5%85%A57900%E8%90%AC%E5%85%83%E6%89%93/?fileloc=/home/httpd/vhosts/rajlaw.com.tw/httpdocs/wp-activate.php&path=/home/httpd/vhosts/rajlaw.com.tw/httpdocs HTTP/1.1" 200 26025 "-" "Mozilla/5.0 AppleWebKit/537.36 (KHTML, like Gecko; compatible; bingbot/2.0; +http://www.bing.com/bingbot.htm) Chrome/116.0.1938.76 Safari/537.36"
216.73.217.151 - - [24/Aug/2026:08:02:32 +0800] "GET /?path=%2Fhome%2Fhttpd%2Fvhosts%2Frajlaw.com.tw%2Fhttpdocs%2Fwp-includes%2Fblocks%2Fheading HTTP/1.1" 200 21344 "-" "Mozilla/5.0 AppleWebKit/537.36 (KHTML, like Gecko; compatible; ClaudeBot/1.0; +claudebot@anthropic.com)"
216.73.217.151 - - [24/Aug/2026:08:02:32 +0800] "GET /?path=%2Fhome%2Fhttpd%2Fvhosts%2Frajlaw.com.tw%2Fhttpdocs%2Fwp-includes%2Fblocks%2Fterm-description HTTP/1.1" 200 21544 "-" "Mozilla/5.0 AppleWebKit/537.36 (KHTML, like Gecko; compatible; ClaudeBot/1.0; +claudebot@anthropic.com)"
216.73.217.151 - - [24/Aug/2026:08:02:31 +0800] "GET /?path=%2Fhome%2Fhttpd%2Fvhosts%2Frajlaw.com.tw%2Fhttpdocs%2Fwp-includes%2Fblocks%2Fcolumns HTTP/1.1" 200 27931 "-" "Mozilla/5.0 AppleWebKit/537.36 (KHTML, like Gecko; compatible; ClaudeBot/1.0; +claudebot@anthropic.com)"
66.249.72.199 - - [24/Aug/2026:08:02:31 +0800] "GET /?fileloc=/home/httpd/vhosts/rajlaw.com.tw/httpdocs/wp-admin/css/color-picker-rtl.min.css&path=/home/httpd/vhosts/rajlaw.com.tw/httpdocs/wp-admin/css HTTP/1.1" 200 20742 "-" "Mozilla/5.0 (Linux; Android 6.0.1; Nexus 5X Build/MMB29P) AppleWebKit/537.36 (KHTML, like Gecko) Chrome/151.0.7922.137 Mobile Safari/537.36 (compatible; GoogleOther)"
216.73.217.151 - - [24/Aug/2026:08:02:33 +0800] "GET /?path=%2Fhome%2Fhttpd%2Fvhosts%2Frajlaw.com.tw%2Fhttpdocs%2Fwp-includes%2Fblocks%2Fcomments-title HTTP/1.1" 200 21516 "-" "Mozilla/5.0 AppleWebKit/537.36 (KHTML, like Gecko; compatible; ClaudeBot/1.0; +claudebot@anthropic.com)"
216.73.217.151 - - [24/Aug/2026:08:02:33 +0800] "GET /?path=%2Fhome%2Fhttpd%2Fvhosts%2Frajlaw.com.tw%2Fhttpdocs%2Fwp-includes%2FSimplePie%2Flibrary HTTP/1.1" 200 16295 "-" "Mozilla/5.0 AppleWebKit/537.36 (KHTML, like Gecko; compatible; ClaudeBot/1.0; +claudebot@anthropic.com)"
216.73.217.151 - - [24/Aug/2026:08:02:33 +0800] "GET /?path=%2Fhome%2Fhttpd%2Fvhosts%2Frajlaw.com.tw%2Fhttpdocs%2Fwp-includes%2Fblocks%2Fquery-total HTTP/1.1" 200 21431 "-" "Mozilla/5.0 AppleWebKit/537.36 (KHTML, like Gecko; compatible; ClaudeBot/1.0; +claudebot@anthropic.com)"
216.73.217.151 - - [24/Aug/2026:08:02:44 +0800] "GET /?path=%2Fhome%2Fhttpd%2Fvhosts%2Frajlaw.com.tw%2Fhttpdocs%2Fwp-content%2Fuploads%2Fblockart HTTP/1.1" 200 21377 "-" "Mozilla/5.0 AppleWebKit/537.36 (KHTML, like Gecko; compatible; ClaudeBot/1.0; +claudebot@anthropic.com)"
216.73.217.151 - - [24/Aug/2026:08:02:44 +0800] "GET /?fileloc=%2Fhome%2Fhttpd%2Fvhosts%2Frajlaw.com.tw%2Fhttpdocs%2Fwp-includes%2Fblock-patterns%2Fquery-standard-posts.php&path=%2Fhome%2Fhttpd%2Fvhosts%2Frajlaw.com.tw%2Fhttpdocs%2Fwp-includes%2Fblock-patterns HTTP/1.1" 200 14032 "-" "Mozilla/5.0 AppleWebKit/537.36 (KHTML, like Gecko; compatible; ClaudeBot/1.0; +claudebot@anthropic.com)"
216.73.217.151 - - [24/Aug/2026:08:02:45 +0800] "GET /?path=%2Fhome%2Fhttpd%2Fvhosts%2Frajlaw.com.tw%2Fhttpdocs%2Fwp-includes%2Fblocks%2Fspacer HTTP/1.1" 200 27891 "-" "Mozilla/5.0 AppleWebKit/537.36 (KHTML, like Gecko; compatible; ClaudeBot/1.0; +claudebot@anthropic.com)"
216.73.217.151 - - [24/Aug/2026:08:02:45 +0800] "GET /?path=%2Fhome%2Fhttpd%2Fvhosts%2Frajlaw.com.tw%2Fhttpdocs%2Fwp-includes%2Fblocks%2Fcomments-pagination-next HTTP/1.1" 200 14879 "-" "Mozilla/5.0 AppleWebKit/537.36 (KHTML, like Gecko; compatible; ClaudeBot/1.0; +claudebot@anthropic.com)"
216.73.217.151 - - [24/Aug/2026:08:02:46 +0800] "GET /?path=%2Fhome%2Fhttpd%2Fvhosts%2Frajlaw.com.tw%2Fhttpdocs%2Fwp-content%2Fplugins%2Fcrux-runner-ops HTTP/1.1" 200 13169 "-" "Mozilla/5.0 AppleWebKit/537.36 (KHTML, like Gecko; compatible; ClaudeBot/1.0; +claudebot@anthropic.com)"
216.73.217.151 - - [24/Aug/2026:08:02:46 +0800] "GET /?path=%2Fhome%2Fhttpd%2Fvhosts%2Frajlaw.com.tw%2Fhttpdocs%2Fwp-includes%2Fjs%2Fswfupload HTTP/1.1" 200 19792 "-" "Mozilla/5.0 AppleWebKit/537.36 (KHTML, like Gecko; compatible; ClaudeBot/1.0; +claudebot@anthropic.com)"
216.73.217.151 - - [24/Aug/2026:08:02:46 +0800] "GET /?fileloc=%2Fhome%2Fhttpd%2Fvhosts%2Frajlaw.com.tw%2Fhttpdocs%2Fwp-includes%2Fcss%2Fwp-pointer-rtl.min.css&path=%2Fhome%2Fhttpd%2Fvhosts%2Frajlaw.com.tw%2Fhttpdocs%2Fwp-includes%2Fcss HTTP/1.1" 200 16193 "-" "Mozilla/5.0 AppleWebKit/537.36 (KHTML, like Gecko; compatible; ClaudeBot/1.0; +claudebot@anthropic.com)"
216.73.217.151 - - [24/Aug/2026:08:02:46 +0800] "GET /?path=%2Fhome%2Fhttpd%2Fvhosts%2Frajlaw.com.tw%2Fhttpdocs%2Fwp-includes%2Fblocks%2Fquery-pagination-next HTTP/1.1" 200 14861 "-" "Mozilla/5.0 AppleWebKit/537.36 (KHTML, like Gecko; compatible; ClaudeBot/1.0; +claudebot@anthropic.com)"
216.73.217.151 - - [24/Aug/2026:08:02:47 +0800] "GET /?path=%2Fhome%2Fhttpd%2Fvhosts%2Frajlaw.com.tw%2Fhttpdocs%2Fwp-includes%2Fai-client%2Fadapters HTTP/1.1" 200 20157 "-" "Mozilla/5.0 AppleWebKit/537.36 (KHTML, like Gecko; compatible; ClaudeBot/1.0; +claudebot@anthropic.com)"
216.73.217.151 - - [24/Aug/2026:08:02:47 +0800] "GET /?path=%2Fhome%2Fhttpd%2Fvhosts%2Frajlaw.com.tw%2Fhttpdocs%2Fwp-includes%2Fblocks%2Fcomments-pagination-previous HTTP/1.1" 200 14903 "-" "Mozilla/5.0 AppleWebKit/537.36 (KHTML, like Gecko; compatible; ClaudeBot/1.0; +claudebot@anthropic.com)"
216.73.217.151 - - [24/Aug/2026:08:02:47 +0800] "GET /?path=%2Fhome%2Fhttpd%2Fvhosts%2Frajlaw.com.tw%2Fhttpdocs%2Fwp-includes%2Fblocks%2Flegacy-widget HTTP/1.1" 200 14813 "-" "Mozilla/5.0 AppleWebKit/537.36 (KHTML, like Gecko; compatible; ClaudeBot/1.0; +claudebot@anthropic.com)"
