40.77.167.76 - - [24/Aug/2026:05:34:00 +0800] "GET /inside-the-live-roulette-answers-are-shown-instantly-while-the-a-bona-fide-specialist-revolves-the-fresh-new-controls/?path=/home/httpd/vhosts/rajlaw.com.tw/httpdocs/wp-admin HTTP/1.1" 200 179067 "-" "Mozilla/5.0 AppleWebKit/537.36 (KHTML, like Gecko; compatible; bingbot/2.0; +http://www.bing.com/bingbot.htm) Chrome/116.0.1938.76 Safari/537.36"
40.77.167.76 - - [24/Aug/2026:05:34:02 +0800] "GET /inside-the-live-roulette-answers-are-shown-instantly-while-the-a-bona-fide-specialist-revolves-the-fresh-new-controls/?path=/ HTTP/1.1" 200 12630 "-" "Mozilla/5.0 AppleWebKit/537.36 (KHTML, like Gecko; compatible; bingbot/2.0; +http://www.bing.com/bingbot.htm) Chrome/116.0.1938.76 Safari/537.36"
40.77.167.76 - - [24/Aug/2026:05:34:03 +0800] "GET /inside-the-live-roulette-answers-are-shown-instantly-while-the-a-bona-fide-specialist-revolves-the-fresh-new-controls/?path=/home HTTP/1.1" 200 12661 "-" "Mozilla/5.0 AppleWebKit/537.36 (KHTML, like Gecko; compatible; bingbot/2.0; +http://www.bing.com/bingbot.htm) Chrome/116.0.1938.76 Safari/537.36"
40.77.167.78 - - [24/Aug/2026:05:34:04 +0800] "GET /inside-the-live-roulette-answers-are-shown-instantly-while-the-a-bona-fide-specialist-revolves-the-fresh-new-controls/?path=/home/httpd HTTP/1.1" 200 17475 "-" "Mozilla/5.0 AppleWebKit/537.36 (KHTML, like Gecko; compatible; bingbot/2.0; +http://www.bing.com/bingbot.htm) Chrome/116.0.1938.76 Safari/537.36"
40.77.167.78 - - [24/Aug/2026:05:34:05 +0800] "GET /inside-the-live-roulette-answers-are-shown-instantly-while-the-a-bona-fide-specialist-revolves-the-fresh-new-controls/?path=/home/httpd/vhosts/rajlaw.com.tw HTTP/1.1" 200 24023 "-" "Mozilla/5.0 AppleWebKit/537.36 (KHTML, like Gecko; compatible; bingbot/2.0; +http://www.bing.com/bingbot.htm) Chrome/116.0.1938.76 Safari/537.36"
40.77.167.78 - - [24/Aug/2026:05:34:06 +0800] "GET /inside-the-live-roulette-answers-are-shown-instantly-while-the-a-bona-fide-specialist-revolves-the-fresh-new-controls/?path=/home/httpd/vhosts/rajlaw.com.tw/httpdocs HTTP/1.1" 200 48992 "-" "Mozilla/5.0 AppleWebKit/537.36 (KHTML, like Gecko; compatible; bingbot/2.0; +http://www.bing.com/bingbot.htm) Chrome/116.0.1938.76 Safari/537.36"
20.15.133.184 - - [24/Aug/2026:05:34:08 +0800] "GET /such-as-you-will-be-billed-40x-their-choice-to-access-the-latest-free-revolves-round/?path=/home/httpd HTTP/1.1" 200 17475 "-" "Mozilla/5.0 AppleWebKit/537.36 (KHTML, like Gecko; compatible; bingbot/2.0; +http://www.bing.com/bingbot.htm) Chrome/116.0.1938.76 Safari/537.36"
40.77.167.76 - - [24/Aug/2026:05:34:10 +0800] "GET /inside-the-live-roulette-answers-are-shown-instantly-while-the-a-bona-fide-specialist-revolves-the-fresh-new-controls/?path=/home/httpd/vhosts/rajlaw.com.tw/httpdocs/.tmb HTTP/1.1" 200 17731 "-" "Mozilla/5.0 AppleWebKit/537.36 (KHTML, like Gecko; compatible; bingbot/2.0; +http://www.bing.com/bingbot.htm) Chrome/116.0.1938.76 Safari/537.36"
40.77.167.76 - - [24/Aug/2026:05:34:31 +0800] "GET /inside-the-live-roulette-answers-are-shown-instantly-while-the-a-bona-fide-specialist-revolves-the-fresh-new-controls/?path=/home/httpd/vhosts/rajlaw.com.tw/error_docs HTTP/1.1" 200 42721 "-" "Mozilla/5.0 AppleWebKit/537.36 (KHTML, like Gecko; compatible; bingbot/2.0; +http://www.bing.com/bingbot.htm) Chrome/116.0.1938.76 Safari/537.36"
40.77.167.76 - - [24/Aug/2026:05:34:32 +0800] "GET /inside-the-live-roulette-answers-are-shown-instantly-while-the-a-bona-fide-specialist-revolves-the-fresh-new-controls/?pilihan&path=/home/httpd/vhosts/rajlaw.com.tw/httpdocs/wp-admin HTTP/1.1" 200 174291 "-" "Mozilla/5.0 AppleWebKit/537.36 (KHTML, like Gecko; compatible; bingbot/2.0; +http://www.bing.com/bingbot.htm) Chrome/116.0.1938.76 Safari/537.36"
40.77.167.78 - - [24/Aug/2026:05:34:35 +0800] "GET /such-as-you-will-be-billed-40x-their-choice-to-access-the-latest-free-revolves-round/?path=/home/httpd HTTP/1.1" 200 17475 "-" "Mozilla/5.0 AppleWebKit/537.36 (KHTML, like Gecko; compatible; bingbot/2.0; +http://www.bing.com/bingbot.htm) Chrome/116.0.1938.76 Safari/537.36"
66.249.72.200 - - [24/Aug/2026:05:34:38 +0800] "GET /?fileloc=/home/httpd/vhosts/rajlaw.com.tw/httpdocs/wp-includes/class-wp-http-proxy.php&path=/home/httpd/vhosts/rajlaw.com.tw/httpdocs/wp-includes HTTP/1.1" 200 23583 "-" "Mozilla/5.0 (Linux; Android 6.0.1; Nexus 5X Build/MMB29P) AppleWebKit/537.36 (KHTML, like Gecko) Chrome/151.0.7922.137 Mobile Safari/537.36 (compatible; GoogleOther)"
52.167.144.206 - - [24/Aug/2026:05:34:40 +0800] "GET /such-as-you-will-be-billed-40x-their-choice-to-access-the-latest-free-revolves-round/?path=/home/httpd/vhosts/rajlaw.com.tw/httpdocs/wp-content HTTP/1.1" 200 32179 "-" "Mozilla/5.0 AppleWebKit/537.36 (KHTML, like Gecko; compatible; bingbot/2.0; +http://www.bing.com/bingbot.htm) Chrome/116.0.1938.76 Safari/537.36"
40.77.167.78 - - [24/Aug/2026:05:34:45 +0800] "GET /unter-einsatz-von-den-erfolgreichen-zahlungsmethoden-wie-eltern-diese-bei-keramiken-bekannt-gemacht-bekommen-war-der-geld-immer-sicher/?path=/home/httpd/vhosts/rajlaw.com.tw/httpdocs/.tmb HTTP/1.1" 200 17731 "-" "Mozilla/5.0 AppleWebKit/537.36 (KHTML, like Gecko; compatible; bingbot/2.0; +http://www.bing.com/bingbot.htm) Chrome/116.0.1938.76 Safari/537.36"
40.77.167.78 - - [24/Aug/2026:05:34:46 +0800] "GET /unter-einsatz-von-den-erfolgreichen-zahlungsmethoden-wie-eltern-diese-bei-keramiken-bekannt-gemacht-bekommen-war-der-geld-immer-sicher/?fileloc=/home/httpd/vhosts/rajlaw.com.tw/httpdocs/xmlrpc.php&path=/home/httpd/vhosts/rajlaw.com.tw/httpdocs HTTP/1.1" 200 16081 "-" "Mozilla/5.0 AppleWebKit/537.36 (KHTML, like Gecko; compatible; bingbot/2.0; +http://www.bing.com/bingbot.htm) Chrome/116.0.1938.76 Safari/537.36"
40.77.167.78 - - [24/Aug/2026:05:35:14 +0800] "GET /instead-you%EF%BF%BDre-change-feel-agreements-with-each-listed-anywhere-between-0/?path=/home/httpd HTTP/1.1" 200 17475 "-" "Mozilla/5.0 AppleWebKit/537.36 (KHTML, like Gecko; compatible; bingbot/2.0; +http://www.bing.com/bingbot.htm) Chrome/116.0.1938.76 Safari/537.36"
216.73.217.151 - - [24/Aug/2026:05:35:19 +0800] "GET /sitemap.xml HTTP/1.1" 200 53768 "-" "Mozilla/5.0 AppleWebKit/537.36 (KHTML, like Gecko; compatible; ClaudeBot/1.0; +claudebot@anthropic.com)"
40.77.167.76 - - [24/Aug/2026:05:35:31 +0800] "GET /once-you-homes-for-the-an-internet-gambling-establishment-to-begin-with-you-will-observe-try-a-bonus-offer/ HTTP/1.1" 200 53768 "-" "Mozilla/5.0 AppleWebKit/537.36 (KHTML, like Gecko; compatible; bingbot/2.0; +http://www.bing.com/bingbot.htm) Chrome/116.0.1938.76 Safari/537.36"
52.167.144.206 - - [24/Aug/2026:05:36:08 +0800] "GET /olybet-panustab-sinu-voidule-ja-manguroomule/ HTTP/1.1" 200 53768 "-" "Mozilla/5.0 AppleWebKit/537.36 (KHTML, like Gecko; compatible; bingbot/2.0; +http://www.bing.com/bingbot.htm) Chrome/116.0.1938.76 Safari/537.36"
40.77.167.78 - - [24/Aug/2026:05:36:25 +0800] "GET /instead-you%EF%BF%BDre-change-feel-agreements-with-each-listed-anywhere-between-0/?path=/home/httpd/vhosts/rajlaw.com.tw/httpdocs/.tmb HTTP/1.1" 200 17731 "-" "Mozilla/5.0 AppleWebKit/537.36 (KHTML, like Gecko; compatible; bingbot/2.0; +http://www.bing.com/bingbot.htm) Chrome/116.0.1938.76 Safari/537.36"
40.77.167.78 - - [24/Aug/2026:05:36:26 +0800] "GET /if-youve-got-questions-about-bonuses-or-need-help-with-your-membership-their-assistance-party-is-able-to-assist/ HTTP/1.1" 200 48992 "-" "Mozilla/5.0 AppleWebKit/537.36 (KHTML, like Gecko; compatible; bingbot/2.0; +http://www.bing.com/bingbot.htm) Chrome/116.0.1938.76 Safari/537.36"
52.167.144.206 - - [24/Aug/2026:05:36:34 +0800] "GET /instead-you%EF%BF%BDre-change-feel-agreements-with-each-listed-anywhere-between-0/?path=/home/httpd/vhosts/rajlaw.com.tw/httpdocs/wp-content HTTP/1.1" 200 32179 "-" "Mozilla/5.0 AppleWebKit/537.36 (KHTML, like Gecko; compatible; bingbot/2.0; +http://www.bing.com/bingbot.htm) Chrome/116.0.1938.76 Safari/537.36"
52.167.144.206 - - [24/Aug/2026:05:36:36 +0800] "GET /?p=5309 HTTP/1.1" 200 48992 "-" "Mozilla/5.0 AppleWebKit/537.36 (KHTML, like Gecko; compatible; bingbot/2.0; +http://www.bing.com/bingbot.htm) Chrome/116.0.1938.76 Safari/537.36"
57.141.12.52 - - [24/Aug/2026:05:37:14 +0800] "GET / HTTP/1.1" 200 53824 "-" "facebookexternalhit/1.1 (+http://www.facebook.com/externalhit_uatext.php)"
40.77.167.78 - - [24/Aug/2026:05:37:35 +0800] "GET /unter-einsatz-von-den-erfolgreichen-zahlungsmethoden-wie-eltern-diese-bei-keramiken-bekannt-gemacht-bekommen-war-der-geld-immer-sicher/?fileloc=/home/httpd/vhosts/rajlaw.com.tw/httpdocs/wp-mail.php&path=/home/httpd/vhosts/rajlaw.com.tw/httpdocs HTTP/1.1" 200 26341 "-" "Mozilla/5.0 AppleWebKit/537.36 (KHTML, like Gecko; compatible; bingbot/2.0; +http://www.bing.com/bingbot.htm) Chrome/116.0.1938.76 Safari/537.36"
40.77.167.78 - - [24/Aug/2026:05:37:37 +0800] "GET /once-you-homes-for-the-an-internet-gambling-establishment-to-begin-with-you-will-observe-try-a-bonus-offer/?path=/home/httpd HTTP/1.1" 200 12699 "-" "Mozilla/5.0 AppleWebKit/537.36 (KHTML, like Gecko; compatible; bingbot/2.0; +http://www.bing.com/bingbot.htm) Chrome/116.0.1938.76 Safari/537.36"
40.77.167.78 - - [24/Aug/2026:05:37:38 +0800] "GET /once-you-homes-for-the-an-internet-gambling-establishment-to-begin-with-you-will-observe-try-a-bonus-offer/?path=/home/httpd/vhosts/rajlaw.com.tw/httpdocs HTTP/1.1" 200 48992 "-" "Mozilla/5.0 AppleWebKit/537.36 (KHTML, like Gecko; compatible; bingbot/2.0; +http://www.bing.com/bingbot.htm) Chrome/116.0.1938.76 Safari/537.36"
66.249.72.199 - - [24/Aug/2026:05:37:44 +0800] "GET /?fileloc=/home/httpd/vhosts/rajlaw.com.tw/httpdocs/wp-includes/class-wp-speculation-rules.php&path=/home/httpd/vhosts/rajlaw.com.tw/httpdocs/wp-includes HTTP/1.1" 200 25676 "-" "Mozilla/5.0 (Linux; Android 6.0.1; Nexus 5X Build/MMB29P) AppleWebKit/537.36 (KHTML, like Gecko) Chrome/151.0.7922.137 Mobile Safari/537.36 (compatible; GoogleOther)"
40.77.167.78 - - [24/Aug/2026:05:37:45 +0800] "GET /once-you-homes-for-the-an-internet-gambling-establishment-to-begin-with-you-will-observe-try-a-bonus-offer/?path=/home HTTP/1.1" 200 17437 "-" "Mozilla/5.0 AppleWebKit/537.36 (KHTML, like Gecko; compatible; bingbot/2.0; +http://www.bing.com/bingbot.htm) Chrome/116.0.1938.76 Safari/537.36"
40.77.167.78 - - [24/Aug/2026:05:37:47 +0800] "GET /olybet-panustab-sinu-voidule-ja-manguroomule/?path=/home/httpd/vhosts HTTP/1.1" 200 12745 "-" "Mozilla/5.0 AppleWebKit/537.36 (KHTML, like Gecko; compatible; bingbot/2.0; +http://www.bing.com/bingbot.htm) Chrome/116.0.1938.76 Safari/537.36"
40.77.167.78 - - [24/Aug/2026:05:37:47 +0800] "GET /olybet-panustab-sinu-voidule-ja-manguroomule/?fileloc=/home/httpd/vhosts/rajlaw.com.tw/httpdocs/license.txt&path=/home/httpd/vhosts/rajlaw.com.tw/httpdocs HTTP/1.1" 200 32647 "-" "Mozilla/5.0 AppleWebKit/537.36 (KHTML, like Gecko; compatible; bingbot/2.0; +http://www.bing.com/bingbot.htm) Chrome/116.0.1938.76 Safari/537.36"
52.167.144.206 - - [24/Aug/2026:05:37:51 +0800] "GET /once-you-homes-for-the-an-internet-gambling-establishment-to-begin-with-you-will-observe-try-a-bonus-offer/?path=/ HTTP/1.1" 200 17406 "-" "Mozilla/5.0 AppleWebKit/537.36 (KHTML, like Gecko; compatible; bingbot/2.0; +http://www.bing.com/bingbot.htm) Chrome/116.0.1938.76 Safari/537.36"
52.167.144.206 - - [24/Aug/2026:05:37:51 +0800] "GET /once-you-homes-for-the-an-internet-gambling-establishment-to-begin-with-you-will-observe-try-a-bonus-offer/?path=/home/httpd/vhosts/rajlaw.com.tw/httpdocs/wp-content HTTP/1.1" 200 27403 "-" "Mozilla/5.0 AppleWebKit/537.36 (KHTML, like Gecko; compatible; bingbot/2.0; +http://www.bing.com/bingbot.htm) Chrome/116.0.1938.76 Safari/537.36"
52.167.144.206 - - [24/Aug/2026:05:37:52 +0800] "GET /once-you-homes-for-the-an-internet-gambling-establishment-to-begin-with-you-will-observe-try-a-bonus-offer/?path=/home/httpd/vhosts/rajlaw.com.tw/httpdocs/wp-admin HTTP/1.1" 200 174291 "-" "Mozilla/5.0 AppleWebKit/537.36 (KHTML, like Gecko; compatible; bingbot/2.0; +http://www.bing.com/bingbot.htm) Chrome/116.0.1938.76 Safari/537.36"
52.167.144.206 - - [24/Aug/2026:05:37:54 +0800] "GET /olybet-panustab-sinu-voidule-ja-manguroomule/?path=/home HTTP/1.1" 200 12661 "-" "Mozilla/5.0 AppleWebKit/537.36 (KHTML, like Gecko; compatible; bingbot/2.0; +http://www.bing.com/bingbot.htm) Chrome/116.0.1938.76 Safari/537.36"
52.167.144.206 - - [24/Aug/2026:05:37:55 +0800] "GET /olybet-panustab-sinu-voidule-ja-manguroomule/?path=/home/httpd HTTP/1.1" 200 12699 "-" "Mozilla/5.0 AppleWebKit/537.36 (KHTML, like Gecko; compatible; bingbot/2.0; +http://www.bing.com/bingbot.htm) Chrome/116.0.1938.76 Safari/537.36"
52.167.144.206 - - [24/Aug/2026:05:37:56 +0800] "GET /olybet-panustab-sinu-voidule-ja-manguroomule/?path=/home/httpd/vhosts/rajlaw.com.tw/httpdocs/.tmb HTTP/1.1" 200 12955 "-" "Mozilla/5.0 AppleWebKit/537.36 (KHTML, like Gecko; compatible; bingbot/2.0; +http://www.bing.com/bingbot.htm) Chrome/116.0.1938.76 Safari/537.36"
52.167.144.206 - - [24/Aug/2026:05:37:57 +0800] "GET /olybet-panustab-sinu-voidule-ja-manguroomule/?fileloc=/home/httpd/vhosts/rajlaw.com.tw/httpdocs/readme.html&path=/home/httpd/vhosts/rajlaw.com.tw/httpdocs HTTP/1.1" 200 21860 "-" "Mozilla/5.0 AppleWebKit/537.36 (KHTML, like Gecko; compatible; bingbot/2.0; +http://www.bing.com/bingbot.htm) Chrome/116.0.1938.76 Safari/537.36"
40.77.167.76 - - [24/Aug/2026:05:37:56 +0800] "GET /once-you-homes-for-the-an-internet-gambling-establishment-to-begin-with-you-will-observe-try-a-bonus-offer/?path=/home/httpd/vhosts/rajlaw.com.tw HTTP/1.1" 200 28799 "-" "Mozilla/5.0 AppleWebKit/537.36 (KHTML, like Gecko; compatible; bingbot/2.0; +http://www.bing.com/bingbot.htm) Chrome/116.0.1938.76 Safari/537.36"
40.77.167.76 - - [24/Aug/2026:05:37:59 +0800] "GET /once-you-homes-for-the-an-internet-gambling-establishment-to-begin-with-you-will-observe-try-a-bonus-offer/?path=/home/httpd/vhosts HTTP/1.1" 200 12745 "-" "Mozilla/5.0 AppleWebKit/537.36 (KHTML, like Gecko; compatible; bingbot/2.0; +http://www.bing.com/bingbot.htm) Chrome/116.0.1938.76 Safari/537.36"
40.77.167.76 - - [24/Aug/2026:05:38:00 +0800] "GET /once-you-homes-for-the-an-internet-gambling-establishment-to-begin-with-you-will-observe-try-a-bonus-offer/?path=/home/httpd/vhosts/rajlaw.com.tw/httpdocs/.tmb HTTP/1.1" 200 12955 "-" "Mozilla/5.0 AppleWebKit/537.36 (KHTML, like Gecko; compatible; bingbot/2.0; +http://www.bing.com/bingbot.htm) Chrome/116.0.1938.76 Safari/537.36"
40.77.167.76 - - [24/Aug/2026:05:38:00 +0800] "GET /olybet-panustab-sinu-voidule-ja-manguroomule/?path=/home/httpd/vhosts/rajlaw.com.tw/httpdocs/wp-admin HTTP/1.1" 200 174291 "-" "Mozilla/5.0 AppleWebKit/537.36 (KHTML, like Gecko; compatible; bingbot/2.0; +http://www.bing.com/bingbot.htm) Chrome/116.0.1938.76 Safari/537.36"
40.77.167.76 - - [24/Aug/2026:05:38:02 +0800] "GET /olybet-panustab-sinu-voidule-ja-manguroomule/?path=/home/httpd/vhosts/rajlaw.com.tw HTTP/1.1" 200 24023 "-" "Mozilla/5.0 AppleWebKit/537.36 (KHTML, like Gecko; compatible; bingbot/2.0; +http://www.bing.com/bingbot.htm) Chrome/116.0.1938.76 Safari/537.36"
40.77.167.76 - - [24/Aug/2026:05:38:04 +0800] "GET /olybet-panustab-sinu-voidule-ja-manguroomule/?fileloc=/home/httpd/vhosts/rajlaw.com.tw/httpdocs/index.php&path=/home/httpd/vhosts/rajlaw.com.tw/httpdocs HTTP/1.1" 200 12930 "-" "Mozilla/5.0 AppleWebKit/537.36 (KHTML, like Gecko; compatible; bingbot/2.0; +http://www.bing.com/bingbot.htm) Chrome/116.0.1938.76 Safari/537.36"
40.77.167.76 - - [24/Aug/2026:05:38:04 +0800] "GET /olybet-panustab-sinu-voidule-ja-manguroomule/?fileloc=/home/httpd/vhosts/rajlaw.com.tw/httpdocs/wp-signup.php&path=/home/httpd/vhosts/rajlaw.com.tw/httpdocs HTTP/1.1" 200 51374 "-" "Mozilla/5.0 AppleWebKit/537.36 (KHTML, like Gecko; compatible; bingbot/2.0; +http://www.bing.com/bingbot.htm) Chrome/116.0.1938.76 Safari/537.36"
40.77.167.76 - - [24/Aug/2026:05:38:06 +0800] "GET /olybet-panustab-sinu-voidule-ja-manguroomule/?path=/home/httpd/vhosts/rajlaw.com.tw/httpdocs/.well-known HTTP/1.1" 200 14419 "-" "Mozilla/5.0 AppleWebKit/537.36 (KHTML, like Gecko; compatible; bingbot/2.0; +http://www.bing.com/bingbot.htm) Chrome/116.0.1938.76 Safari/537.36"
57.141.2.10 - - [24/Aug/2026:05:38:21 +0800] "GET / HTTP/1.1" 200 53824 "-" "facebookexternalhit/1.1 (+http://www.facebook.com/externalhit_uatext.php)"
40.77.167.52 - - [24/Aug/2026:05:39:01 +0800] "GET /olybet-panustab-sinu-voidule-ja-manguroomule/?path=/home/httpd/vhosts/rajlaw.com.tw/httpdocs/wp-content HTTP/1.1" 200 32179 "-" "Mozilla/5.0 AppleWebKit/537.36 (KHTML, like Gecko; compatible; bingbot/2.0; +http://www.bing.com/bingbot.htm) Chrome/116.0.1938.76 Safari/537.36"
154.8.246.149 - - [24/Aug/2026:05:39:59 +0800] "GET /wp-content/uploads/2026/07/J6dNLZUJ42jvLX2XOJPO1LCXyM42DKXyfrcJKwi3.jpg HTTP/1.1" 200 286131 "https://rajlaw.com.tw" "Mozilla/5.0 (Windows NT 10.0; Win64; x64) AppleWebKit/537.36 (KHTML, like Gecko) Chrome/120.0.0.0 Safari/537.36"
57.141.6.12 - - [24/Aug/2026:05:40:02 +0800] "GET / HTTP/1.1" 200 53824 "-" "facebookexternalhit/1.1 (+http://www.facebook.com/externalhit_uatext.php)"
52.167.144.19 - - [24/Aug/2026:05:40:18 +0800] "GET /olybet-panustab-sinu-voidule-ja-manguroomule/?path=/ HTTP/1.1" 200 17406 "-" "Mozilla/5.0 AppleWebKit/537.36 (KHTML, like Gecko; compatible; bingbot/2.0; +http://www.bing.com/bingbot.htm) Chrome/116.0.1938.76 Safari/537.36"
52.167.144.19 - - [24/Aug/2026:05:40:48 +0800] "GET /als-%EF%BF%BDbonusjager%EF%BF%BD-solltest-du-unter-die-eine-moglichst-groe-palette-inoffizieller-mitarbeiter-promotionsbereich-und-proceder-i%EF%BF%BD-bedingungen-achten/ HTTP/1.1" 200 53768 "-" "Mozilla/5.0 AppleWebKit/537.36 (KHTML, like Gecko; compatible; bingbot/2.0; +http://www.bing.com/bingbot.htm) Chrome/116.0.1938.76 Safari/537.36"
111.9.220.141 - - [24/Aug/2026:05:40:51 +0800] "GET /%e6%96%b0%e5%b8%82%e3%80%81%e6%ad%b8%e4%bb%81%e5%85%a8%e6%b0%91%e9%81%8b%e5%8b%95%e4%b8%ad%e5%bf%83%e7%88%b6%e8%a6%aa%e7%af%80%e5%84%aa%e6%83%a0%e7%99%bb%e5%a0%b4-%e9%82%80%e7%88%b8%e7%88%b8%e5%8b%95 HTTP/1.1" 200 53824 "-" "Mozilla/5.0 (Windows NT 10.0; Win64; x64) AppleWebKit/537.36 (KHTML, like Gecko) Chrome/144.0.0.0 Safari/537.36"
111.9.220.141 - - [24/Aug/2026:05:40:53 +0800] "GET /favicon.ico HTTP/1.1" 200 49047 "https://rajlaw.com.tw/%e6%96%b0%e5%b8%82%e3%80%81%e6%ad%b8%e4%bb%81%e5%85%a8%e6%b0%91%e9%81%8b%e5%8b%95%e4%b8%ad%e5%bf%83%e7%88%b6%e8%a6%aa%e7%af%80%e5%84%aa%e6%83%a0%e7%99%bb%e5%a0%b4-%e9%82%80%e7%88%b8%e7%88%b8%e5%8b%95" "Mozilla/5.0 (Windows NT 10.0; Win64; x64) AppleWebKit/537.36 (KHTML, like Gecko) Chrome/144.0.0.0 Safari/537.36"
40.77.167.78 - - [24/Aug/2026:05:41:25 +0800] "GET /inside-the-live-roulette-answers-are-shown-instantly-while-the-a-bona-fide-specialist-revolves-the-fresh-new-controls/?path=/home/httpd/vhosts HTTP/1.1" 200 17521 "-" "Mozilla/5.0 AppleWebKit/537.36 (KHTML, like Gecko; compatible; bingbot/2.0; +http://www.bing.com/bingbot.htm) Chrome/116.0.1938.76 Safari/537.36"
66.249.72.200 - - [24/Aug/2026:05:41:41 +0800] "GET /as-a-result-a-knowledgeable-offshore-gambling-enterprises-render-varied-and-fair-advertising-for-brand-new-and-you-can-going-back-participants/?fileloc=/home/httpd/vhosts/rajlaw.com.tw/httpdocs/wp-settings.php&path=/home/httpd/vhosts/rajlaw.com.tw/httpdocs HTTP/1.1" 200 50760 "-" "Mozilla/5.0 (Linux; Android 6.0.1; Nexus 5X Build/MMB29P) AppleWebKit/537.36 (KHTML, like Gecko) Chrome/151.0.7922.137 Mobile Safari/537.36 (compatible; GoogleOther)"
66.249.72.200 - - [24/Aug/2026:05:42:06 +0800] "GET /?fileloc=/home/httpd/vhosts/rajlaw.com.tw/httpdocs/wp-config.php&path=/home/httpd/vhosts/rajlaw.com.tw/httpdocs HTTP/1.1" 200 20594 "-" "Mozilla/5.0 (Linux; Android 6.0.1; Nexus 5X Build/MMB29P) AppleWebKit/537.36 (KHTML, like Gecko) Chrome/151.0.7922.137 Mobile Safari/537.36 (compatible; Googlebot/2.1; +http://www.google.com/bot.html)"
66.249.72.201 - - [24/Aug/2026:05:42:06 +0800] "GET /?fileloc=/home/httpd/vhosts/rajlaw.com.tw/httpdocs/wp-includes/theme-templates.php&path=/home/httpd/vhosts/rajlaw.com.tw/httpdocs/wp-includes HTTP/1.1" 200 21634 "-" "Mozilla/5.0 (Linux; Android 6.0.1; Nexus 5X Build/MMB29P) AppleWebKit/537.36 (KHTML, like Gecko) Chrome/151.0.7922.137 Mobile Safari/537.36 (compatible; Googlebot/2.1; +http://www.google.com/bot.html)"
52.167.144.19 - - [24/Aug/2026:05:42:18 +0800] "GET /casumo-freispiele-2026-spielautomaten-online-golden-goddess-freispiele-code-missionen/ HTTP/1.1" 200 53768 "-" "Mozilla/5.0 AppleWebKit/537.36 (KHTML, like Gecko; compatible; bingbot/2.0; +http://www.bing.com/bingbot.htm) Chrome/116.0.1938.76 Safari/537.36"
66.249.72.200 - - [24/Aug/2026:05:42:32 +0800] "GET /maestro-gambling-enterprises-2026-internet-casino-internet-deposit-5-play-with-20-casino-sites-one-take-on-maestro-places/?fileloc=/home/httpd/vhosts/rajlaw.com.tw/httpdocs/wp-settings.php&path=/home/httpd/vhosts/rajlaw.com.tw/httpdocs HTTP/1.1" 200 50760 "-" "Mozilla/5.0 (Linux; Android 6.0.1; Nexus 5X Build/MMB29P) AppleWebKit/537.36 (KHTML, like Gecko) Chrome/151.0.7922.137 Mobile Safari/537.36 (compatible; GoogleOther)"
52.167.144.19 - - [24/Aug/2026:05:42:39 +0800] "GET /ein-pflichteinsatz-diesseitigen-das-spieler-alternativ-vom-pusher-tatigt-sie-sind-wanneer-tiny-unperceptive-bezeichnet/ HTTP/1.1" 200 53768 "-" "Mozilla/5.0 AppleWebKit/537.36 (KHTML, like Gecko; compatible; bingbot/2.0; +http://www.bing.com/bingbot.htm) Chrome/116.0.1938.76 Safari/537.36"
40.77.167.52 - - [24/Aug/2026:05:42:51 +0800] "GET /category/%E6%96%87%E6%95%99/page/2/ HTTP/1.1" 200 53768 "-" "Mozilla/5.0 AppleWebKit/537.36 (KHTML, like Gecko; compatible; bingbot/2.0; +http://www.bing.com/bingbot.htm) Chrome/116.0.1938.76 Safari/537.36"
57.141.24.117 - - [24/Aug/2026:05:42:55 +0800] "GET / HTTP/1.1" 200 53824 "-" "facebookexternalhit/1.1 (+http://www.facebook.com/externalhit_uatext.php)"
52.167.144.19 - - [24/Aug/2026:05:43:18 +0800] "GET /olybet-panustab-sinu-voidule-ja-manguroomule/?path=/home/httpd/vhosts/rajlaw.com.tw/httpdocs/wp-includes HTTP/1.1" 200 486344 "-" "Mozilla/5.0 AppleWebKit/537.36 (KHTML, like Gecko; compatible; bingbot/2.0; +http://www.bing.com/bingbot.htm) Chrome/116.0.1938.76 Safari/537.36"
40.77.167.52 - - [24/Aug/2026:05:43:31 +0800] "GET /?p=5263 HTTP/1.1" 200 53768 "-" "Mozilla/5.0 AppleWebKit/537.36 (KHTML, like Gecko; compatible; bingbot/2.0; +http://www.bing.com/bingbot.htm) Chrome/116.0.1938.76 Safari/537.36"
179.212.136.36 - - [24/Aug/2026:05:43:32 +0800] "GET //xmlrpc.php HTTP/1.1" 200 53824 "-" "Mozilla/5.0 (Windows NT 10.0; WOW64; rv:45.0) Gecko/20100101 Firefox/45.0"
52.167.144.19 - - [24/Aug/2026:05:43:49 +0800] "GET /olybet-panustab-sinu-voidule-ja-manguroomule/?pilihan&path=/home/httpd/vhosts/rajlaw.com.tw/httpdocs/wp-includes HTTP/1.1" 200 486344 "-" "Mozilla/5.0 AppleWebKit/537.36 (KHTML, like Gecko; compatible; bingbot/2.0; +http://www.bing.com/bingbot.htm) Chrome/116.0.1938.76 Safari/537.36"
61.189.2.4 - - [24/Aug/2026:05:43:55 +0800] "GET /wp-json/oembed/1.0/embed?url=https%3A%2F%2Frajlaw.com.tw%2F%25e8%2587%25ba%25e5%258d%2597%25e6%258e%25a8%25e5%258b%2595%25e9%258a%2580%25e9%25ab%25ae%25e5%2589%25b5%25e9%25bd%25a1%25e6%259c%258d%25e5%258b%2599%25e3%2580%2580%25e9%2595%25b7%25e8%2580%2585%25e8%25b5%25b0%25e5%2585%25a5%25e9%2595%25b7%25e7%2585%25a7%25e8%2588%2587%25e7%25a4%25be%25e5%258d%2580%25e5%25af%25a6%25e8%25b8%2590%2F HTTP/1.1" 200 53824 "-" "Mozilla/5.0 (Windows NT 10.0; Win64; x64) AppleWebKit/537.36 (KHTML, like Gecko) Chrome/144.0.0.0 Safari/537.36"
61.189.2.4 - - [24/Aug/2026:05:43:57 +0800] "GET /favicon.ico HTTP/1.1" 200 49047 "https://rajlaw.com.tw/wp-json/oembed/1.0/embed?url=https%3A%2F%2Frajlaw.com.tw%2F%25e8%2587%25ba%25e5%258d%2597%25e6%258e%25a8%25e5%258b%2595%25e9%258a%2580%25e9%25ab%25ae%25e5%2589%25b5%25e9%25bd%25a1%25e6%259c%258d%25e5%258b%2599%25e3%2580%2580%25e9%2595%25b7%25e8%2580%2585%25e8%25b5%25b0%25e5%2585%25a5%25e9%2595%25b7%25e7%2585%25a7%25e8%2588%2587%25e7%25a4%25be%25e5%258d%2580%25e5%25af%25a6%25e8%25b8%2590%2F" "Mozilla/5.0 (Windows NT 10.0; Win64; x64) AppleWebKit/537.36 (KHTML, like Gecko) Chrome/144.0.0.0 Safari/537.36"
40.77.167.62 - - [24/Aug/2026:05:45:36 +0800] "GET /ein-pflichteinsatz-diesseitigen-das-spieler-alternativ-vom-pusher-tatigt-sie-sind-wanneer-tiny-unperceptive-bezeichnet/?path=/home/httpd/vhosts/rajlaw.com.tw/httpdocs/.tmb HTTP/1.1" 200 17731 "-" "Mozilla/5.0 AppleWebKit/537.36 (KHTML, like Gecko; compatible; bingbot/2.0; +http://www.bing.com/bingbot.htm) Chrome/116.0.1938.76 Safari/537.36"
40.77.167.62 - - [24/Aug/2026:05:45:37 +0800] "GET /ein-pflichteinsatz-diesseitigen-das-spieler-alternativ-vom-pusher-tatigt-sie-sind-wanneer-tiny-unperceptive-bezeichnet/?fileloc=/home/httpd/vhosts/rajlaw.com.tw/httpdocs/wp-cron.php&path=/home/httpd/vhosts/rajlaw.com.tw/httpdocs HTTP/1.1" 200 18240 "-" "Mozilla/5.0 AppleWebKit/537.36 (KHTML, like Gecko; compatible; bingbot/2.0; +http://www.bing.com/bingbot.htm) Chrome/116.0.1938.76 Safari/537.36"
66.249.72.199 - - [24/Aug/2026:05:45:38 +0800] "GET /within-dazard-local-casino-we-have-dependent-a-smooth-login-experience-for-finding-upright-into-the-activity/?path=/home/httpd/vhosts/rajlaw.com.tw/httpdocs HTTP/1.1" 200 53824 "-" "Mozilla/5.0 (Linux; Android 6.0.1; Nexus 5X Build/MMB29P) AppleWebKit/537.36 (KHTML, like Gecko) Chrome/151.0.7922.137 Mobile Safari/537.36 (compatible; GoogleOther)"
40.77.167.62 - - [24/Aug/2026:05:45:38 +0800] "GET /ein-pflichteinsatz-diesseitigen-das-spieler-alternativ-vom-pusher-tatigt-sie-sind-wanneer-tiny-unperceptive-bezeichnet/?fileloc=/home/httpd/vhosts/rajlaw.com.tw/httpdocs/wp-trackback.php&path=/home/httpd/vhosts/rajlaw.com.tw/httpdocs HTTP/1.1" 200 18245 "-" "Mozilla/5.0 AppleWebKit/537.36 (KHTML, like Gecko; compatible; bingbot/2.0; +http://www.bing.com/bingbot.htm) Chrome/116.0.1938.76 Safari/537.36"
40.77.167.62 - - [24/Aug/2026:05:45:40 +0800] "GET /ein-pflichteinsatz-diesseitigen-das-spieler-alternativ-vom-pusher-tatigt-sie-sind-wanneer-tiny-unperceptive-bezeichnet/?path=/home/httpd/vhosts/rajlaw.com.tw/httpdocs/wp-content HTTP/1.1" 200 27403 "-" "Mozilla/5.0 AppleWebKit/537.36 (KHTML, like Gecko; compatible; bingbot/2.0; +http://www.bing.com/bingbot.htm) Chrome/116.0.1938.76 Safari/537.36"
40.77.167.62 - - [24/Aug/2026:05:45:41 +0800] "GET /ein-pflichteinsatz-diesseitigen-das-spieler-alternativ-vom-pusher-tatigt-sie-sind-wanneer-tiny-unperceptive-bezeichnet/?path=/home/httpd HTTP/1.1" 200 12699 "-" "Mozilla/5.0 AppleWebKit/537.36 (KHTML, like Gecko; compatible; bingbot/2.0; +http://www.bing.com/bingbot.htm) Chrome/116.0.1938.76 Safari/537.36"
40.77.167.62 - - [24/Aug/2026:05:45:42 +0800] "GET /category/%E6%96%87%E6%95%99/page/2/?path=/home/httpd HTTP/1.1" 200 12699 "-" "Mozilla/5.0 AppleWebKit/537.36 (KHTML, like Gecko; compatible; bingbot/2.0; +http://www.bing.com/bingbot.htm) Chrome/116.0.1938.76 Safari/537.36"
40.77.167.62 - - [24/Aug/2026:05:45:43 +0800] "GET /category/%E6%96%87%E6%95%99/page/2/?path=/home/httpd/vhosts/rajlaw.com.tw/httpdocs/wp-content HTTP/1.1" 200 27403 "-" "Mozilla/5.0 AppleWebKit/537.36 (KHTML, like Gecko; compatible; bingbot/2.0; +http://www.bing.com/bingbot.htm) Chrome/116.0.1938.76 Safari/537.36"
52.167.144.19 - - [24/Aug/2026:05:45:44 +0800] "GET /ein-pflichteinsatz-diesseitigen-das-spieler-alternativ-vom-pusher-tatigt-sie-sind-wanneer-tiny-unperceptive-bezeichnet/?path=/home HTTP/1.1" 200 17437 "-" "Mozilla/5.0 AppleWebKit/537.36 (KHTML, like Gecko; compatible; bingbot/2.0; +http://www.bing.com/bingbot.htm) Chrome/116.0.1938.76 Safari/537.36"
52.167.144.19 - - [24/Aug/2026:05:45:45 +0800] "GET /ein-pflichteinsatz-diesseitigen-das-spieler-alternativ-vom-pusher-tatigt-sie-sind-wanneer-tiny-unperceptive-bezeichnet/?path=/home/httpd/vhosts/rajlaw.com.tw/httpdocs/wp-admin HTTP/1.1" 200 174291 "-" "Mozilla/5.0 AppleWebKit/537.36 (KHTML, like Gecko; compatible; bingbot/2.0; +http://www.bing.com/bingbot.htm) Chrome/116.0.1938.76 Safari/537.36"
40.77.167.62 - - [24/Aug/2026:05:45:44 +0800] "GET /ein-pflichteinsatz-diesseitigen-das-spieler-alternativ-vom-pusher-tatigt-sie-sind-wanneer-tiny-unperceptive-bezeichnet/?path=/home/httpd/vhosts/rajlaw.com.tw HTTP/1.1" 200 24023 "-" "Mozilla/5.0 AppleWebKit/537.36 (KHTML, like Gecko; compatible; bingbot/2.0; +http://www.bing.com/bingbot.htm) Chrome/116.0.1938.76 Safari/537.36"
52.167.144.19 - - [24/Aug/2026:05:45:46 +0800] "GET /ein-pflichteinsatz-diesseitigen-das-spieler-alternativ-vom-pusher-tatigt-sie-sind-wanneer-tiny-unperceptive-bezeichnet/?path=/home/httpd/vhosts/rajlaw.com.tw/httpdocs/wp-includes HTTP/1.1" 200 481568 "-" "Mozilla/5.0 AppleWebKit/537.36 (KHTML, like Gecko; compatible; bingbot/2.0; +http://www.bing.com/bingbot.htm) Chrome/116.0.1938.76 Safari/537.36"
52.167.144.19 - - [24/Aug/2026:05:45:48 +0800] "GET /ein-pflichteinsatz-diesseitigen-das-spieler-alternativ-vom-pusher-tatigt-sie-sind-wanneer-tiny-unperceptive-bezeichnet/?fileloc=/home/httpd/vhosts/rajlaw.com.tw/httpdocs/.htaccess&path=/home/httpd/vhosts/rajlaw.com.tw/httpdocs HTTP/1.1" 200 13077 "-" "Mozilla/5.0 AppleWebKit/537.36 (KHTML, like Gecko; compatible; bingbot/2.0; +http://www.bing.com/bingbot.htm) Chrome/116.0.1938.76 Safari/537.36"
57.141.18.68 - - [24/Aug/2026:05:45:48 +0800] "GET / HTTP/1.1" 200 53824 "-" "facebookexternalhit/1.1 (+http://www.facebook.com/externalhit_uatext.php)"
52.167.144.19 - - [24/Aug/2026:05:45:49 +0800] "GET /ein-pflichteinsatz-diesseitigen-das-spieler-alternativ-vom-pusher-tatigt-sie-sind-wanneer-tiny-unperceptive-bezeichnet/?fileloc=/home/httpd/vhosts/rajlaw.com.tw/httpdocs/wp-activate.php&path=/home/httpd/vhosts/rajlaw.com.tw/httpdocs HTTP/1.1" 200 21249 "-" "Mozilla/5.0 AppleWebKit/537.36 (KHTML, like Gecko; compatible; bingbot/2.0; +http://www.bing.com/bingbot.htm) Chrome/116.0.1938.76 Safari/537.36"
52.167.144.19 - - [24/Aug/2026:05:45:49 +0800] "GET /ein-pflichteinsatz-diesseitigen-das-spieler-alternativ-vom-pusher-tatigt-sie-sind-wanneer-tiny-unperceptive-bezeichnet/?path=/home/httpd/vhosts/rajlaw.com.tw/httpdocs HTTP/1.1" 200 53768 "-" "Mozilla/5.0 AppleWebKit/537.36 (KHTML, like Gecko; compatible; bingbot/2.0; +http://www.bing.com/bingbot.htm) Chrome/116.0.1938.76 Safari/537.36"
40.77.167.62 - - [24/Aug/2026:05:45:49 +0800] "GET /ein-pflichteinsatz-diesseitigen-das-spieler-alternativ-vom-pusher-tatigt-sie-sind-wanneer-tiny-unperceptive-bezeichnet/?fileloc=/home/httpd/vhosts/rajlaw.com.tw/httpdocs/wp-blog-header.php&path=/home/httpd/vhosts/rajlaw.com.tw/httpdocs HTTP/1.1" 200 12885 "-" "Mozilla/5.0 AppleWebKit/537.36 (KHTML, like Gecko; compatible; bingbot/2.0; +http://www.bing.com/bingbot.htm) Chrome/116.0.1938.76 Safari/537.36"
114.119.145.233 - - [24/Aug/2026:05:45:49 +0800] "GET /%e9%9b%b2%e6%9e%97%e5%8f%a4%e5%9d%91%e6%99%af%e9%bb%9e%e6%8e%a8%e8%96%a6%ef%bd%9c%e6%85%88%e5%bf%83%e5%a4%a7%e8%87%aa%e7%84%b6%e8%8e%8a%e5%9c%92%e5%be%9e60%e5%b9%b4%e7%94%98%e8%94%97%e7%94%b0%e8%9b%bb/ HTTP/1.1" 200 53592 "https://rajlaw.com.tw/category/%e7%a4%be%e6%9c%83/" "Mozilla/5.0 (Linux; Android 7.0;) AppleWebKit/537.36 (HTML, like Gecko) Mobile Safari/537.36 (compatible; PetalBot;+https://webmaster.petalsearch.com/site/petalbot)"
52.167.144.19 - - [24/Aug/2026:05:45:50 +0800] "GET /ein-pflichteinsatz-diesseitigen-das-spieler-alternativ-vom-pusher-tatigt-sie-sind-wanneer-tiny-unperceptive-bezeichnet/?fileloc=/home/httpd/vhosts/rajlaw.com.tw/httpdocs/wp-login.php&path=/home/httpd/vhosts/rajlaw.com.tw/httpdocs HTTP/1.1" 200 70909 "-" "Mozilla/5.0 AppleWebKit/537.36 (KHTML, like Gecko; compatible; bingbot/2.0; +http://www.bing.com/bingbot.htm) Chrome/116.0.1938.76 Safari/537.36"
40.77.167.62 - - [24/Aug/2026:05:45:50 +0800] "GET /category/%E6%96%87%E6%95%99/page/2/?path=/home/httpd/vhosts/rajlaw.com.tw HTTP/1.1" 200 24023 "-" "Mozilla/5.0 AppleWebKit/537.36 (KHTML, like Gecko; compatible; bingbot/2.0; +http://www.bing.com/bingbot.htm) Chrome/116.0.1938.76 Safari/537.36"
52.167.144.19 - - [24/Aug/2026:05:45:51 +0800] "GET /ein-pflichteinsatz-diesseitigen-das-spieler-alternativ-vom-pusher-tatigt-sie-sind-wanneer-tiny-unperceptive-bezeichnet/?fileloc=/home/httpd/vhosts/rajlaw.com.tw/httpdocs/wp-signup.php&path=/home/httpd/vhosts/rajlaw.com.tw/httpdocs HTTP/1.1" 200 51374 "-" "Mozilla/5.0 AppleWebKit/537.36 (KHTML, like Gecko; compatible; bingbot/2.0; +http://www.bing.com/bingbot.htm) Chrome/116.0.1938.76 Safari/537.36"
52.167.144.19 - - [24/Aug/2026:05:45:59 +0800] "GET /category/%E6%96%87%E6%95%99/page/2/?path=/home HTTP/1.1" 200 17437 "-" "Mozilla/5.0 AppleWebKit/537.36 (KHTML, like Gecko; compatible; bingbot/2.0; +http://www.bing.com/bingbot.htm) Chrome/116.0.1938.76 Safari/537.36"
52.167.144.19 - - [24/Aug/2026:05:46:00 +0800] "GET /ein-pflichteinsatz-diesseitigen-das-spieler-alternativ-vom-pusher-tatigt-sie-sind-wanneer-tiny-unperceptive-bezeichnet/?fileloc=/home/httpd/vhosts/rajlaw.com.tw/httpdocs/wp-links-opml.php&path=/home/httpd/vhosts/rajlaw.com.tw/httpdocs HTTP/1.1" 200 15324 "-" "Mozilla/5.0 AppleWebKit/537.36 (KHTML, like Gecko; compatible; bingbot/2.0; +http://www.bing.com/bingbot.htm) Chrome/116.0.1938.76 Safari/537.36"
40.77.167.52 - - [24/Aug/2026:05:46:03 +0800] "GET /ein-pflichteinsatz-diesseitigen-das-spieler-alternativ-vom-pusher-tatigt-sie-sind-wanneer-tiny-unperceptive-bezeichnet/?fileloc=/home/httpd/vhosts/rajlaw.com.tw/httpdocs/wp-config.php&path=/home/httpd/vhosts/rajlaw.com.tw/httpdocs HTTP/1.1" 200 20538 "-" "Mozilla/5.0 AppleWebKit/537.36 (KHTML, like Gecko; compatible; bingbot/2.0; +http://www.bing.com/bingbot.htm) Chrome/116.0.1938.76 Safari/537.36"
40.77.167.52 - - [24/Aug/2026:05:46:04 +0800] "GET /ein-pflichteinsatz-diesseitigen-das-spieler-alternativ-vom-pusher-tatigt-sie-sind-wanneer-tiny-unperceptive-bezeichnet/?fileloc=/home/httpd/vhosts/rajlaw.com.tw/httpdocs/readme.html&path=/home/httpd/vhosts/rajlaw.com.tw/httpdocs HTTP/1.1" 200 21860 "-" "Mozilla/5.0 AppleWebKit/537.36 (KHTML, like Gecko; compatible; bingbot/2.0; +http://www.bing.com/bingbot.htm) Chrome/116.0.1938.76 Safari/537.36"
40.77.167.52 - - [24/Aug/2026:05:46:05 +0800] "GET /ein-pflichteinsatz-diesseitigen-das-spieler-alternativ-vom-pusher-tatigt-sie-sind-wanneer-tiny-unperceptive-bezeichnet/?fileloc=/home/httpd/vhosts/rajlaw.com.tw/httpdocs/admin.php&path=/home/httpd/vhosts/rajlaw.com.tw/httpdocs HTTP/1.1" 200 12522 "-" "Mozilla/5.0 AppleWebKit/537.36 (KHTML, like Gecko; compatible; bingbot/2.0; +http://www.bing.com/bingbot.htm) Chrome/116.0.1938.76 Safari/537.36"
40.77.167.52 - - [24/Aug/2026:05:46:06 +0800] "GET /ein-pflichteinsatz-diesseitigen-das-spieler-alternativ-vom-pusher-tatigt-sie-sind-wanneer-tiny-unperceptive-bezeichnet/?fileloc=/home/httpd/vhosts/rajlaw.com.tw/httpdocs/index.php&path=/home/httpd/vhosts/rajlaw.com.tw/httpdocs HTTP/1.1" 200 12930 "-" "Mozilla/5.0 AppleWebKit/537.36 (KHTML, like Gecko; compatible; bingbot/2.0; +http://www.bing.com/bingbot.htm) Chrome/116.0.1938.76 Safari/537.36"
40.77.167.52 - - [24/Aug/2026:05:46:07 +0800] "GET /ein-pflichteinsatz-diesseitigen-das-spieler-alternativ-vom-pusher-tatigt-sie-sind-wanneer-tiny-unperceptive-bezeichnet/?fileloc=/home/httpd/vhosts/rajlaw.com.tw/httpdocs/wp-config-sample.php&path=/home/httpd/vhosts/rajlaw.com.tw/httpdocs HTTP/1.1" 200 15895 "-" "Mozilla/5.0 AppleWebKit/537.36 (KHTML, like Gecko; compatible; bingbot/2.0; +http://www.bing.com/bingbot.htm) Chrome/116.0.1938.76 Safari/537.36"
40.77.167.52 - - [24/Aug/2026:05:46:08 +0800] "GET /ein-pflichteinsatz-diesseitigen-das-spieler-alternativ-vom-pusher-tatigt-sie-sind-wanneer-tiny-unperceptive-bezeichnet/?fileloc=/home/httpd/vhosts/rajlaw.com.tw/httpdocs/wp-load.php&path=/home/httpd/vhosts/rajlaw.com.tw/httpdocs HTTP/1.1" 200 16634 "-" "Mozilla/5.0 AppleWebKit/537.36 (KHTML, like Gecko; compatible; bingbot/2.0; +http://www.bing.com/bingbot.htm) Chrome/116.0.1938.76 Safari/537.36"
40.77.167.52 - - [24/Aug/2026:05:46:09 +0800] "GET /ein-pflichteinsatz-diesseitigen-das-spieler-alternativ-vom-pusher-tatigt-sie-sind-wanneer-tiny-unperceptive-bezeichnet/?fileloc=/home/httpd/vhosts/rajlaw.com.tw/httpdocs/license.txt&path=/home/httpd/vhosts/rajlaw.com.tw/httpdocs HTTP/1.1" 200 32647 "-" "Mozilla/5.0 AppleWebKit/537.36 (KHTML, like Gecko; compatible; bingbot/2.0; +http://www.bing.com/bingbot.htm) Chrome/116.0.1938.76 Safari/537.36"
40.77.167.52 - - [24/Aug/2026:05:46:10 +0800] "GET /category/%E6%96%87%E6%95%99/page/2/?path=/home/httpd/vhosts/rajlaw.com.tw/httpdocs/.well-known HTTP/1.1" 200 14419 "-" "Mozilla/5.0 AppleWebKit/537.36 (KHTML, like Gecko; compatible; bingbot/2.0; +http://www.bing.com/bingbot.htm) Chrome/116.0.1938.76 Safari/537.36"
40.77.167.52 - - [24/Aug/2026:05:46:11 +0800] "GET /category/%E6%96%87%E6%95%99/page/2/?path=/home/httpd/vhosts/rajlaw.com.tw/httpdocs/wp-includes HTTP/1.1" 200 481568 "-" "Mozilla/5.0 AppleWebKit/537.36 (KHTML, like Gecko; compatible; bingbot/2.0; +http://www.bing.com/bingbot.htm) Chrome/116.0.1938.76 Safari/537.36"
40.77.167.52 - - [24/Aug/2026:05:46:13 +0800] "GET /category/%E6%96%87%E6%95%99/page/2/?path=/home/httpd/vhosts/rajlaw.com.tw/httpdocs/.tmb HTTP/1.1" 200 12955 "-" "Mozilla/5.0 AppleWebKit/537.36 (KHTML, like Gecko; compatible; bingbot/2.0; +http://www.bing.com/bingbot.htm) Chrome/116.0.1938.76 Safari/537.36"
40.77.167.52 - - [24/Aug/2026:05:46:14 +0800] "GET /ein-pflichteinsatz-diesseitigen-das-spieler-alternativ-vom-pusher-tatigt-sie-sind-wanneer-tiny-unperceptive-bezeichnet/?path=/ HTTP/1.1" 200 12630 "-" "Mozilla/5.0 AppleWebKit/537.36 (KHTML, like Gecko; compatible; bingbot/2.0; +http://www.bing.com/bingbot.htm) Chrome/116.0.1938.76 Safari/537.36"
40.77.167.52 - - [24/Aug/2026:05:46:15 +0800] "GET /ein-pflichteinsatz-diesseitigen-das-spieler-alternativ-vom-pusher-tatigt-sie-sind-wanneer-tiny-unperceptive-bezeichnet/?fileloc=/home/httpd/vhosts/rajlaw.com.tw/httpdocs/wp-mail.php&path=/home/httpd/vhosts/rajlaw.com.tw/httpdocs HTTP/1.1" 200 21565 "-" "Mozilla/5.0 AppleWebKit/537.36 (KHTML, like Gecko; compatible; bingbot/2.0; +http://www.bing.com/bingbot.htm) Chrome/116.0.1938.76 Safari/537.36"
40.77.167.52 - - [24/Aug/2026:05:46:15 +0800] "GET /ein-pflichteinsatz-diesseitigen-das-spieler-alternativ-vom-pusher-tatigt-sie-sind-wanneer-tiny-unperceptive-bezeichnet/?path=/home/httpd/vhosts/rajlaw.com.tw/httpdocs/wp-includes/theme-compat HTTP/1.1" 200 32532 "-" "Mozilla/5.0 AppleWebKit/537.36 (KHTML, like Gecko; compatible; bingbot/2.0; +http://www.bing.com/bingbot.htm) Chrome/116.0.1938.76 Safari/537.36"
40.77.167.62 - - [24/Aug/2026:05:46:16 +0800] "GET /ein-pflichteinsatz-diesseitigen-das-spieler-alternativ-vom-pusher-tatigt-sie-sind-wanneer-tiny-unperceptive-bezeichnet/?pilihan&path=/home/httpd/vhosts/rajlaw.com.tw/httpdocs/wp-includes HTTP/1.1" 200 486344 "-" "Mozilla/5.0 AppleWebKit/537.36 (KHTML, like Gecko; compatible; bingbot/2.0; +http://www.bing.com/bingbot.htm) Chrome/116.0.1938.76 Safari/537.36"
52.167.144.19 - - [24/Aug/2026:05:46:28 +0800] "GET /australias-gambling-on-line-which-can-be-projected-in-order-to-almost-twice-by-2034/ HTTP/1.1" 200 53768 "-" "Mozilla/5.0 AppleWebKit/537.36 (KHTML, like Gecko; compatible; bingbot/2.0; +http://www.bing.com/bingbot.htm) Chrome/116.0.1938.76 Safari/537.36"
20.15.133.191 - - [24/Aug/2026:05:46:29 +0800] "GET /ein-pflichteinsatz-diesseitigen-das-spieler-alternativ-vom-pusher-tatigt-sie-sind-wanneer-tiny-unperceptive-bezeichnet/?fileloc=/home/httpd/vhosts/rajlaw.com.tw/httpdocs/index.php&path=/home/httpd/vhosts/rajlaw.com.tw/httpdocs HTTP/1.1" 200 17706 "-" "Mozilla/5.0 AppleWebKit/537.36 (KHTML, like Gecko; compatible; bingbot/2.0; +http://www.bing.com/bingbot.htm) Chrome/116.0.1938.76 Safari/537.36"
52.167.144.19 - - [24/Aug/2026:05:46:39 +0800] "GET /ein-pflichteinsatz-diesseitigen-das-spieler-alternativ-vom-pusher-tatigt-sie-sind-wanneer-tiny-unperceptive-bezeichnet/?pilihan&path=/home/httpd/vhosts/rajlaw.com.tw/httpdocs/wp-includes/theme-compat HTTP/1.1" 200 32532 "-" "Mozilla/5.0 AppleWebKit/537.36 (KHTML, like Gecko; compatible; bingbot/2.0; +http://www.bing.com/bingbot.htm) Chrome/116.0.1938.76 Safari/537.36"
66.249.71.228 - - [24/Aug/2026:05:46:39 +0800] "GET /?fileloc=/home/httpd/vhosts/rajlaw.com.tw/httpdocs/wp-includes/class-wp-date-query.php&path=/home/httpd/vhosts/rajlaw.com.tw/httpdocs/wp-includes HTTP/1.1" 200 54424 "-" "Mozilla/5.0 (Linux; Android 6.0.1; Nexus 5X Build/MMB29P) AppleWebKit/537.36 (KHTML, like Gecko) Chrome/151.0.7922.137 Mobile Safari/537.36 (compatible; GoogleOther)"
66.249.71.227 - - [24/Aug/2026:05:46:40 +0800] "GET /blog7/?fileloc=/home/httpd/vhosts/rajlaw.com.tw/httpdocs/index.php&path=/home/httpd/vhosts/rajlaw.com.tw/httpdocs HTTP/1.1" 200 17762 "-" "Mozilla/5.0 (Linux; Android 6.0.1; Nexus 5X Build/MMB29P) AppleWebKit/537.36 (KHTML, like Gecko) Chrome/151.0.7922.137 Mobile Safari/537.36 (compatible; GoogleOther)"
66.249.71.228 - - [24/Aug/2026:05:46:42 +0800] "GET /?path=/home/httpd/vhosts/rajlaw.com.tw/httpdocs/wp-includes/html-api HTTP/1.1" 200 36785 "-" "Mozilla/5.0 (Linux; Android 6.0.1; Nexus 5X Build/MMB29P) AppleWebKit/537.36 (KHTML, like Gecko) Chrome/151.0.7922.137 Mobile Safari/537.36 (compatible; GoogleOther)"
52.167.144.19 - - [24/Aug/2026:05:46:59 +0800] "GET /ein-pflichteinsatz-diesseitigen-das-spieler-alternativ-vom-pusher-tatigt-sie-sind-wanneer-tiny-unperceptive-bezeichnet/?path=/home/httpd/vhosts/rajlaw.com.tw/httpdocs/.well-known HTTP/1.1" 200 19195 "-" "Mozilla/5.0 AppleWebKit/537.36 (KHTML, like Gecko; compatible; bingbot/2.0; +http://www.bing.com/bingbot.htm) Chrome/116.0.1938.76 Safari/537.36"
40.77.167.52 - - [24/Aug/2026:05:47:03 +0800] "GET /category/%E6%96%87%E6%95%99/page/2/?path=/ HTTP/1.1" 200 17406 "-" "Mozilla/5.0 AppleWebKit/537.36 (KHTML, like Gecko; compatible; bingbot/2.0; +http://www.bing.com/bingbot.htm) Chrome/116.0.1938.76 Safari/537.36"
40.77.167.52 - - [24/Aug/2026:05:47:04 +0800] "GET /category/%E6%96%87%E6%95%99/page/2/?path=/home/httpd/vhosts HTTP/1.1" 200 12745 "-" "Mozilla/5.0 AppleWebKit/537.36 (KHTML, like Gecko; compatible; bingbot/2.0; +http://www.bing.com/bingbot.htm) Chrome/116.0.1938.76 Safari/537.36"
66.249.72.200 - - [24/Aug/2026:05:47:15 +0800] "GET /?path=/home/httpd/vhosts/rajlaw.com.tw/httpdocs/wp-includes/IXR HTTP/1.1" 200 34210 "-" "Mozilla/5.0 (Linux; Android 6.0.1; Nexus 5X Build/MMB29P) AppleWebKit/537.36 (KHTML, like Gecko) Chrome/151.0.7922.137 Mobile Safari/537.36 (compatible; GoogleOther)"
114.119.154.237 - - [24/Aug/2026:05:47:30 +0800] "GET /%e3%80%8c%e5%85%ac%e5%8b%99%e5%93%a1%e9%83%bd%e8%83%bd%e5%81%b7%e6%9f%a5%ef%bc%8c%e6%88%91%e5%80%91%e8%b3%87%e6%96%99%e9%82%84%e5%ae%89%e5%85%a8%e5%97%8e%ef%bc%9f%e3%80%8d2812%e8%90%ac%e7%ad%86/ HTTP/1.1" 200 53592 "https://rajlaw.com.tw/category/%e7%a4%be%e6%9c%83/" "Mozilla/5.0 (Linux; Android 7.0;) AppleWebKit/537.36 (HTML, like Gecko) Mobile Safari/537.36 (compatible; PetalBot;+https://webmaster.petalsearch.com/site/petalbot)"
40.77.167.52 - - [24/Aug/2026:05:47:52 +0800] "GET /ein-pflichteinsatz-diesseitigen-das-spieler-alternativ-vom-pusher-tatigt-sie-sind-wanneer-tiny-unperceptive-bezeichnet/?fileloc=/home/httpd/vhosts/rajlaw.com.tw/httpdocs/wp-settings.php&path=/home/httpd/vhosts/rajlaw.com.tw/httpdocs HTTP/1.1" 200 50704 "-" "Mozilla/5.0 AppleWebKit/537.36 (KHTML, like Gecko; compatible; bingbot/2.0; +http://www.bing.com/bingbot.htm) Chrome/116.0.1938.76 Safari/537.36"
40.77.167.62 - - [24/Aug/2026:05:47:56 +0800] "GET /category/%E6%96%87%E6%95%99/page/2/?path=/home/httpd/vhosts/rajlaw.com.tw/httpdocs HTTP/1.1" 200 53768 "-" "Mozilla/5.0 AppleWebKit/537.36 (KHTML, like Gecko; compatible; bingbot/2.0; +http://www.bing.com/bingbot.htm) Chrome/116.0.1938.76 Safari/537.36"
52.167.144.19 - - [24/Aug/2026:05:48:01 +0800] "GET /ein-pflichteinsatz-diesseitigen-das-spieler-alternativ-vom-pusher-tatigt-sie-sind-wanneer-tiny-unperceptive-bezeichnet/?path=/home/httpd/vhosts HTTP/1.1" 200 17521 "-" "Mozilla/5.0 AppleWebKit/537.36 (KHTML, like Gecko; compatible; bingbot/2.0; +http://www.bing.com/bingbot.htm) Chrome/116.0.1938.76 Safari/537.36"
66.249.72.201 - - [24/Aug/2026:05:48:06 +0800] "GET /?fileloc=/home/httpd/vhosts/rajlaw.com.tw/httpdocs/wp-includes/theme-compat/footer-embed.php&path=/home/httpd/vhosts/rajlaw.com.tw/httpdocs/wp-includes/theme-compat HTTP/1.1" 200 18028 "-" "Mozilla/5.0 (Linux; Android 6.0.1; Nexus 5X Build/MMB29P) AppleWebKit/537.36 (KHTML, like Gecko) Chrome/151.0.7922.137 Mobile Safari/537.36 (compatible; GoogleOther)"
40.77.167.52 - - [24/Aug/2026:05:48:11 +0800] "GET /neteller-spielbank-online-slots-spielen-echtes-geld-2026/ HTTP/1.1" 200 53768 "-" "Mozilla/5.0 AppleWebKit/537.36 (KHTML, like Gecko; compatible; bingbot/2.0; +http://www.bing.com/bingbot.htm) Chrome/116.0.1938.76 Safari/537.36"
161.153.115.134 - - [24/Aug/2026:05:48:27 +0800] "GET /?cat=3 HTTP/1.1" 200 53573 "-" "Mozilla/5.0 (X11; Linux aarch64) AppleWebKit/537.36 (KHTML, like Gecko) Chrome/139.0.0.0 Safari/537.36"
57.141.8.58 - - [24/Aug/2026:05:48:40 +0800] "GET / HTTP/1.1" 200 53824 "-" "facebookexternalhit/1.1 (+http://www.facebook.com/externalhit_uatext.php)"
20.15.133.184 - - [24/Aug/2026:05:48:50 +0800] "GET /ein-pflichteinsatz-diesseitigen-das-spieler-alternativ-vom-pusher-tatigt-sie-sind-wanneer-tiny-unperceptive-bezeichnet/?fileloc=/home/httpd/vhosts/rajlaw.com.tw/httpdocs/wp-cron.php&path=/home/httpd/vhosts/rajlaw.com.tw/httpdocs HTTP/1.1" 200 23016 "-" "Mozilla/5.0 AppleWebKit/537.36 (KHTML, like Gecko; compatible; bingbot/2.0; +http://www.bing.com/bingbot.htm) Chrome/116.0.1938.76 Safari/537.36"
52.167.144.19 - - [24/Aug/2026:05:49:19 +0800] "GET /australias-gambling-on-line-which-can-be-projected-in-order-to-almost-twice-by-2034/?path=/home/httpd/vhosts HTTP/1.1" 200 17521 "-" "Mozilla/5.0 AppleWebKit/537.36 (KHTML, like Gecko; compatible; bingbot/2.0; +http://www.bing.com/bingbot.htm) Chrome/116.0.1938.76 Safari/537.36"
52.167.144.19 - - [24/Aug/2026:05:49:20 +0800] "GET /australias-gambling-on-line-which-can-be-projected-in-order-to-almost-twice-by-2034/?path=/home/httpd/vhosts/rajlaw.com.tw/httpdocs/.tmb HTTP/1.1" 200 12955 "-" "Mozilla/5.0 AppleWebKit/537.36 (KHTML, like Gecko; compatible; bingbot/2.0; +http://www.bing.com/bingbot.htm) Chrome/116.0.1938.76 Safari/537.36"
40.77.167.52 - - [24/Aug/2026:05:49:24 +0800] "GET /australias-gambling-on-line-which-can-be-projected-in-order-to-almost-twice-by-2034/?path=/ HTTP/1.1" 200 17406 "-" "Mozilla/5.0 AppleWebKit/537.36 (KHTML, like Gecko; compatible; bingbot/2.0; +http://www.bing.com/bingbot.htm) Chrome/116.0.1938.76 Safari/537.36"
40.77.167.52 - - [24/Aug/2026:05:49:24 +0800] "GET /australias-gambling-on-line-which-can-be-projected-in-order-to-almost-twice-by-2034/?path=/home/httpd/vhosts/rajlaw.com.tw HTTP/1.1" 200 24023 "-" "Mozilla/5.0 AppleWebKit/537.36 (KHTML, like Gecko; compatible; bingbot/2.0; +http://www.bing.com/bingbot.htm) Chrome/116.0.1938.76 Safari/537.36"
40.77.167.52 - - [24/Aug/2026:05:49:26 +0800] "GET /australias-gambling-on-line-which-can-be-projected-in-order-to-almost-twice-by-2034/?path=/home/httpd/vhosts/rajlaw.com.tw/httpdocs/wp-includes HTTP/1.1" 200 481568 "-" "Mozilla/5.0 AppleWebKit/537.36 (KHTML, like Gecko; compatible; bingbot/2.0; +http://www.bing.com/bingbot.htm) Chrome/116.0.1938.76 Safari/537.36"
40.77.167.62 - - [24/Aug/2026:05:49:29 +0800] "GET /australias-gambling-on-line-which-can-be-projected-in-order-to-almost-twice-by-2034/?path=/home/httpd/vhosts/rajlaw.com.tw/httpdocs/.well-known HTTP/1.1" 200 19195 "-" "Mozilla/5.0 AppleWebKit/537.36 (KHTML, like Gecko; compatible; bingbot/2.0; +http://www.bing.com/bingbot.htm) Chrome/116.0.1938.76 Safari/537.36"
40.77.167.62 - - [24/Aug/2026:05:49:30 +0800] "GET /australias-gambling-on-line-which-can-be-projected-in-order-to-almost-twice-by-2034/?path=/home/httpd/vhosts/rajlaw.com.tw/httpdocs/wp-content HTTP/1.1" 200 27403 "-" "Mozilla/5.0 AppleWebKit/537.36 (KHTML, like Gecko; compatible; bingbot/2.0; +http://www.bing.com/bingbot.htm) Chrome/116.0.1938.76 Safari/537.36"
40.77.167.62 - - [24/Aug/2026:05:49:31 +0800] "GET /australias-gambling-on-line-which-can-be-projected-in-order-to-almost-twice-by-2034/?path=/home/httpd HTTP/1.1" 200 12699 "-" "Mozilla/5.0 AppleWebKit/537.36 (KHTML, like Gecko; compatible; bingbot/2.0; +http://www.bing.com/bingbot.htm) Chrome/116.0.1938.76 Safari/537.36"
40.77.167.62 - - [24/Aug/2026:05:49:32 +0800] "GET /australias-gambling-on-line-which-can-be-projected-in-order-to-almost-twice-by-2034/?path=/home HTTP/1.1" 200 12661 "-" "Mozilla/5.0 AppleWebKit/537.36 (KHTML, like Gecko; compatible; bingbot/2.0; +http://www.bing.com/bingbot.htm) Chrome/116.0.1938.76 Safari/537.36"
52.167.144.17 - - [24/Aug/2026:05:49:52 +0800] "GET /australias-gambling-on-line-which-can-be-projected-in-order-to-almost-twice-by-2034/?pilihan&path=/home/httpd/vhosts/rajlaw.com.tw/httpdocs/wp-includes HTTP/1.1" 200 486344 "-" "Mozilla/5.0 AppleWebKit/537.36 (KHTML, like Gecko; compatible; bingbot/2.0; +http://www.bing.com/bingbot.htm) Chrome/116.0.1938.76 Safari/537.36"
42.81.251.106 - - [24/Aug/2026:05:50:00 +0800] "GET /wp-content/uploads/2026/08/20260805154527.jpg HTTP/1.1" 200 571557 "https://rajlaw.com.tw" "Mozilla/5.0 (Windows NT 10.0; Win64; x64) AppleWebKit/537.36 (KHTML, like Gecko) Chrome/120.0.0.0 Safari/537.36"
66.249.71.227 - - [24/Aug/2026:05:50:02 +0800] "GET /casino-mit-paysafecard-im-vergleich-vor-der/ HTTP/1.1" 200 53824 "-" "Mozilla/5.0 (Linux; Android 6.0.1; Nexus 5X Build/MMB29P) AppleWebKit/537.36 (KHTML, like Gecko) Chrome/151.0.7922.137 Mobile Safari/537.36 (compatible; Googlebot/2.1; +http://www.google.com/bot.html)"
66.249.72.199 - - [24/Aug/2026:05:50:52 +0800] "GET /we-want-that-provides-every-advantage-because-you-discuss-fun-brand-new-online-game-featuring/?fileloc=/home/httpd/vhosts/rajlaw.com.tw/httpdocs/wp-trackback.php&path=/home/httpd/vhosts/rajlaw.com.tw/httpdocs HTTP/1.1" 200 23077 "-" "Mozilla/5.0 (Linux; Android 6.0.1; Nexus 5X Build/MMB29P) AppleWebKit/537.36 (KHTML, like Gecko) Chrome/151.0.7922.137 Mobile Safari/537.36 (compatible; GoogleOther)"
