HEX
Server: Apache
System: Linux linplesk41.pumo.com.tw 3.10.0-962.3.2.lve1.5.27.el7.x86_64 #1 SMP Sat Nov 30 02:18:52 EST 2019 x86_64
User: rajlaw (10192)
PHP: 7.4.24
Disabled: phpinfo,passthru,exec,shell_exec,system,popen,proc_open,proc_close,show_source,pcntl_exec,escapeshellcmd,proc_get_status,proc_nice,proc_terminate,escapeshellarg
Upload Files
File: /home/httpd/vhosts/rajlaw.com.tw/logs/access_ssl_log
52.167.144.189 - - [24/Aug/2026:05:24:40 +0800] "GET /click-here-and-find-out-our-very-own-upcoming-activities-calendar/?path=/home/httpd/vhosts/rajlaw.com.tw/httpdocs/.tmb HTTP/1.1" 200 17731 "-" "Mozilla/5.0 AppleWebKit/537.36 (KHTML, like Gecko; compatible; bingbot/2.0; +http://www.bing.com/bingbot.htm) Chrome/116.0.1938.76 Safari/537.36"
52.167.144.189 - - [24/Aug/2026:05:24:41 +0800] "GET /anmelden-boni-bedurfen-spinsamurai-willkommensbonus-jetzt-spielen/?path=/home/httpd/vhosts/rajlaw.com.tw/httpdocs/wp-admin HTTP/1.1" 200 174291 "-" "Mozilla/5.0 AppleWebKit/537.36 (KHTML, like Gecko; compatible; bingbot/2.0; +http://www.bing.com/bingbot.htm) Chrome/116.0.1938.76 Safari/537.36"
52.167.144.189 - - [24/Aug/2026:05:24:42 +0800] "GET /anmelden-boni-bedurfen-spinsamurai-willkommensbonus-jetzt-spielen/?path=/home/httpd/vhosts HTTP/1.1" 200 12745 "-" "Mozilla/5.0 AppleWebKit/537.36 (KHTML, like Gecko; compatible; bingbot/2.0; +http://www.bing.com/bingbot.htm) Chrome/116.0.1938.76 Safari/537.36"
40.77.167.33 - - [24/Aug/2026:05:24:46 +0800] "GET /anmelden-boni-bedurfen-spinsamurai-willkommensbonus-jetzt-spielen/?path=/home/httpd/vhosts/rajlaw.com.tw HTTP/1.1" 200 28799 "-" "Mozilla/5.0 AppleWebKit/537.36 (KHTML, like Gecko; compatible; bingbot/2.0; +http://www.bing.com/bingbot.htm) Chrome/116.0.1938.76 Safari/537.36"
40.77.167.33 - - [24/Aug/2026:05:24:47 +0800] "GET /anmelden-boni-bedurfen-spinsamurai-willkommensbonus-jetzt-spielen/?path=/home HTTP/1.1" 200 12661 "-" "Mozilla/5.0 AppleWebKit/537.36 (KHTML, like Gecko; compatible; bingbot/2.0; +http://www.bing.com/bingbot.htm) Chrome/116.0.1938.76 Safari/537.36"
40.77.167.33 - - [24/Aug/2026:05:24:48 +0800] "GET /anmelden-boni-bedurfen-spinsamurai-willkommensbonus-jetzt-spielen/?path=/ HTTP/1.1" 200 12630 "-" "Mozilla/5.0 AppleWebKit/537.36 (KHTML, like Gecko; compatible; bingbot/2.0; +http://www.bing.com/bingbot.htm) Chrome/116.0.1938.76 Safari/537.36"
195.238.124.46 - - [24/Aug/2026:05:24:49 +0800] "POST /xmlrpc.php HTTP/1.1" 200 53787 "-" "Mozilla/5.0 (Windows NT 10.0; Win64; x64) AppleWebKit/537.36 (KHTML, like Gecko) Chrome/145.0.0.0 Safari/537.36"
40.77.167.0 - - [24/Aug/2026:05:24:54 +0800] "GET /anmelden-boni-bedurfen-spinsamurai-willkommensbonus-jetzt-spielen/?path=/home/httpd/vhosts/rajlaw.com.tw/httpdocs/.tmb HTTP/1.1" 200 17731 "-" "Mozilla/5.0 AppleWebKit/537.36 (KHTML, like Gecko; compatible; bingbot/2.0; +http://www.bing.com/bingbot.htm) Chrome/116.0.1938.76 Safari/537.36"
40.77.167.0 - - [24/Aug/2026:05:24:55 +0800] "GET /anmelden-boni-bedurfen-spinsamurai-willkommensbonus-jetzt-spielen/?path=/home/httpd/vhosts/rajlaw.com.tw/httpdocs/.well-known HTTP/1.1" 200 14419 "-" "Mozilla/5.0 AppleWebKit/537.36 (KHTML, like Gecko; compatible; bingbot/2.0; +http://www.bing.com/bingbot.htm) Chrome/116.0.1938.76 Safari/537.36"
40.77.167.33 - - [24/Aug/2026:05:24:59 +0800] "GET /anmelden-boni-bedurfen-spinsamurai-willkommensbonus-jetzt-spielen/?path=/home/httpd/vhosts/rajlaw.com.tw/httpdocs/wp-includes HTTP/1.1" 200 486344 "-" "Mozilla/5.0 AppleWebKit/537.36 (KHTML, like Gecko; compatible; bingbot/2.0; +http://www.bing.com/bingbot.htm) Chrome/116.0.1938.76 Safari/537.36"
40.77.167.33 - - [24/Aug/2026:05:25:02 +0800] "GET /gaming-machines-a-sous-en-ligne-argent-reel-fraise-de-salle-de-jeu/ HTTP/1.1" 200 48992 "-" "Mozilla/5.0 AppleWebKit/537.36 (KHTML, like Gecko; compatible; bingbot/2.0; +http://www.bing.com/bingbot.htm) Chrome/116.0.1938.76 Safari/537.36"
40.77.167.0 - - [24/Aug/2026:05:25:34 +0800] "GET /anmelden-boni-bedurfen-spinsamurai-willkommensbonus-jetzt-spielen/?path=/home/httpd/vhosts/rajlaw.com.tw/httpdocs/wp-includes/theme-compat HTTP/1.1" 200 32532 "-" "Mozilla/5.0 AppleWebKit/537.36 (KHTML, like Gecko; compatible; bingbot/2.0; +http://www.bing.com/bingbot.htm) Chrome/116.0.1938.76 Safari/537.36"
66.249.71.228 - - [24/Aug/2026:05:25:53 +0800] "GET /?fileloc=/home/httpd/vhosts/rajlaw.com.tw/httpdocs/license.txt&path=/home/httpd/vhosts/rajlaw.com.tw/httpdocs HTTP/1.1" 200 37479 "-" "Mozilla/5.0 (Linux; Android 6.0.1; Nexus 5X Build/MMB29P) AppleWebKit/537.36 (KHTML, like Gecko) Chrome/151.0.7922.137 Mobile Safari/537.36 (compatible; Googlebot/2.1; +http://www.google.com/bot.html)"
66.249.72.200 - - [24/Aug/2026:05:25:54 +0800] "GET /?fileloc=/home/httpd/vhosts/rajlaw.com.tw/httpdocs/wp-includes/version.php&path=/home/httpd/vhosts/rajlaw.com.tw/httpdocs/wp-includes HTTP/1.1" 200 18558 "-" "Mozilla/5.0 (Linux; Android 6.0.1; Nexus 5X Build/MMB29P) AppleWebKit/537.36 (KHTML, like Gecko) Chrome/151.0.7922.137 Mobile Safari/537.36 (compatible; GoogleOther)"
40.77.167.33 - - [24/Aug/2026:05:26:37 +0800] "GET /%E5%BD%B0%E5%8C%96%E6%97%85%E9%81%8A%E4%BC%B4%E6%89%8B%E7%A6%AE-%E7%94%B0%E4%B8%AD%E5%8F%A4%E6%97%A9%E5%91%B3%E8%9C%9C%E9%BA%BB%E8%8A%B1%E6%88%90%E7%82%BA%E9%80%81%E7%A6%AE%E7%86%B1%E9%96%80%E9%81%B8/?path=/home/httpd/vhosts/rajlaw.com.tw/httpdocs/wp-admin/network HTTP/1.1" 200 65737 "-" "Mozilla/5.0 AppleWebKit/537.36 (KHTML, like Gecko; compatible; bingbot/2.0; +http://www.bing.com/bingbot.htm) Chrome/116.0.1938.76 Safari/537.36"
52.167.144.189 - - [24/Aug/2026:05:26:41 +0800] "GET /golf-ball-tend-to-tumble-down-the-latest-panel-as-well-as-the-position-they-lands-inside-the-should-determine-your-own-payout/ HTTP/1.1" 200 53768 "-" "Mozilla/5.0 AppleWebKit/537.36 (KHTML, like Gecko; compatible; bingbot/2.0; +http://www.bing.com/bingbot.htm) Chrome/116.0.1938.76 Safari/537.36"
66.249.72.199 - - [24/Aug/2026:05:26:45 +0800] "GET /?path=/home/httpd/vhosts/rajlaw.com.tw/httpdocs/wp-includes/IXR HTTP/1.1" 200 34210 "-" "Mozilla/5.0 (Linux; Android 6.0.1; Nexus 5X Build/MMB29P) AppleWebKit/537.36 (KHTML, like Gecko) Chrome/151.0.7922.137 Mobile Safari/537.36 (compatible; GoogleOther)"
40.77.167.0 - - [24/Aug/2026:05:27:04 +0800] "GET /such-as-you-will-be-billed-40x-their-choice-to-access-the-latest-free-revolves-round/?path=/home/httpd/vhosts/rajlaw.com.tw HTTP/1.1" 200 28799 "-" "Mozilla/5.0 AppleWebKit/537.36 (KHTML, like Gecko; compatible; bingbot/2.0; +http://www.bing.com/bingbot.htm) Chrome/116.0.1938.76 Safari/537.36"
40.77.167.0 - - [24/Aug/2026:05:27:05 +0800] "GET /such-as-you-will-be-billed-40x-their-choice-to-access-the-latest-free-revolves-round/?path=/home/httpd/vhosts/rajlaw.com.tw/httpdocs/.well-known HTTP/1.1" 200 14419 "-" "Mozilla/5.0 AppleWebKit/537.36 (KHTML, like Gecko; compatible; bingbot/2.0; +http://www.bing.com/bingbot.htm) Chrome/116.0.1938.76 Safari/537.36"
40.77.167.0 - - [24/Aug/2026:05:27:06 +0800] "GET /such-as-you-will-be-billed-40x-their-choice-to-access-the-latest-free-revolves-round/?path=/ HTTP/1.1" 200 12630 "-" "Mozilla/5.0 AppleWebKit/537.36 (KHTML, like Gecko; compatible; bingbot/2.0; +http://www.bing.com/bingbot.htm) Chrome/116.0.1938.76 Safari/537.36"
40.77.167.33 - - [24/Aug/2026:05:27:09 +0800] "GET /such-as-you-will-be-billed-40x-their-choice-to-access-the-latest-free-revolves-round/?path=/home/httpd/vhosts HTTP/1.1" 200 17521 "-" "Mozilla/5.0 AppleWebKit/537.36 (KHTML, like Gecko; compatible; bingbot/2.0; +http://www.bing.com/bingbot.htm) Chrome/116.0.1938.76 Safari/537.36"
40.77.167.33 - - [24/Aug/2026:05:27:10 +0800] "GET /such-as-you-will-be-billed-40x-their-choice-to-access-the-latest-free-revolves-round/?path=/home/httpd/vhosts/rajlaw.com.tw/httpdocs/wp-includes HTTP/1.1" 200 481568 "-" "Mozilla/5.0 AppleWebKit/537.36 (KHTML, like Gecko; compatible; bingbot/2.0; +http://www.bing.com/bingbot.htm) Chrome/116.0.1938.76 Safari/537.36"
223.64.226.78 - - [24/Aug/2026:05:27:11 +0800] "GET /services/hookahpage/statis/tentang-komunitas HTTP/1.1" 200 53824 "-" "Mozilla/5.0 (Windows NT 10.0; Win64; x64) AppleWebKit/537.36 (KHTML, like Gecko) Chrome/144.0.0.0 Safari/537.36"
52.167.144.189 - - [24/Aug/2026:05:27:14 +0800] "GET /such-as-you-will-be-billed-40x-their-choice-to-access-the-latest-free-revolves-round/?path=/home/httpd/vhosts/rajlaw.com.tw/httpdocs HTTP/1.1" 200 53768 "-" "Mozilla/5.0 AppleWebKit/537.36 (KHTML, like Gecko; compatible; bingbot/2.0; +http://www.bing.com/bingbot.htm) Chrome/116.0.1938.76 Safari/537.36"
223.64.226.78 - - [24/Aug/2026:05:27:14 +0800] "GET /favicon.ico HTTP/1.1" 200 49047 "https://rajlaw.com.tw/services/hookahpage/statis/tentang-komunitas" "Mozilla/5.0 (Windows NT 10.0; Win64; x64) AppleWebKit/537.36 (KHTML, like Gecko) Chrome/144.0.0.0 Safari/537.36"
52.167.144.189 - - [24/Aug/2026:05:27:15 +0800] "GET /such-as-you-will-be-billed-40x-their-choice-to-access-the-latest-free-revolves-round/?path=/home/httpd/vhosts/rajlaw.com.tw/httpdocs/wp-admin HTTP/1.1" 200 174291 "-" "Mozilla/5.0 AppleWebKit/537.36 (KHTML, like Gecko; compatible; bingbot/2.0; +http://www.bing.com/bingbot.htm) Chrome/116.0.1938.76 Safari/537.36"
52.167.144.189 - - [24/Aug/2026:05:27:29 +0800] "GET /category/%E7%94%A2%E7%B6%93%E6%96%B0%E8%81%9E/page/3/?pilihan&path=/home/httpd/vhosts/rajlaw.com.tw/httpdocs/wp-admin HTTP/1.1" 200 179067 "-" "Mozilla/5.0 AppleWebKit/537.36 (KHTML, like Gecko; compatible; bingbot/2.0; +http://www.bing.com/bingbot.htm) Chrome/116.0.1938.76 Safari/537.36"
52.167.144.189 - - [24/Aug/2026:05:27:31 +0800] "GET /gaming-machines-a-sous-en-ligne-argent-reel-fraise-de-salle-de-jeu/?path=/home/httpd/vhosts/rajlaw.com.tw/httpdocs/.tmb HTTP/1.1" 200 12955 "-" "Mozilla/5.0 AppleWebKit/537.36 (KHTML, like Gecko; compatible; bingbot/2.0; +http://www.bing.com/bingbot.htm) Chrome/116.0.1938.76 Safari/537.36"
52.167.144.189 - - [24/Aug/2026:05:27:32 +0800] "GET /gaming-machines-a-sous-en-ligne-argent-reel-fraise-de-salle-de-jeu/?path=/home/httpd HTTP/1.1" 200 12699 "-" "Mozilla/5.0 AppleWebKit/537.36 (KHTML, like Gecko; compatible; bingbot/2.0; +http://www.bing.com/bingbot.htm) Chrome/116.0.1938.76 Safari/537.36"
52.167.144.189 - - [24/Aug/2026:05:27:33 +0800] "GET /gaming-machines-a-sous-en-ligne-argent-reel-fraise-de-salle-de-jeu/?path=/ HTTP/1.1" 200 12630 "-" "Mozilla/5.0 AppleWebKit/537.36 (KHTML, like Gecko; compatible; bingbot/2.0; +http://www.bing.com/bingbot.htm) Chrome/116.0.1938.76 Safari/537.36"
52.167.144.189 - - [24/Aug/2026:05:27:34 +0800] "GET /gaming-machines-a-sous-en-ligne-argent-reel-fraise-de-salle-de-jeu/?path=/home/httpd/vhosts/rajlaw.com.tw/httpdocs HTTP/1.1" 200 48992 "-" "Mozilla/5.0 AppleWebKit/537.36 (KHTML, like Gecko; compatible; bingbot/2.0; +http://www.bing.com/bingbot.htm) Chrome/116.0.1938.76 Safari/537.36"
40.77.167.0 - - [24/Aug/2026:05:27:34 +0800] "GET /gaming-machines-a-sous-en-ligne-argent-reel-fraise-de-salle-de-jeu/?path=/home/httpd/vhosts/rajlaw.com.tw/httpdocs/.well-known HTTP/1.1" 200 19195 "-" "Mozilla/5.0 AppleWebKit/537.36 (KHTML, like Gecko; compatible; bingbot/2.0; +http://www.bing.com/bingbot.htm) Chrome/116.0.1938.76 Safari/537.36"
40.77.167.0 - - [24/Aug/2026:05:27:36 +0800] "GET /gaming-machines-a-sous-en-ligne-argent-reel-fraise-de-salle-de-jeu/?path=/home HTTP/1.1" 200 12661 "-" "Mozilla/5.0 AppleWebKit/537.36 (KHTML, like Gecko; compatible; bingbot/2.0; +http://www.bing.com/bingbot.htm) Chrome/116.0.1938.76 Safari/537.36"
52.167.144.189 - - [24/Aug/2026:05:27:38 +0800] "GET /such-as-you-will-be-billed-40x-their-choice-to-access-the-latest-free-revolves-round/?path=/home/httpd/vhosts/rajlaw.com.tw/httpdocs/wp-includes/PHPMailer HTTP/1.1" 200 24405 "-" "Mozilla/5.0 AppleWebKit/537.36 (KHTML, like Gecko; compatible; bingbot/2.0; +http://www.bing.com/bingbot.htm) Chrome/116.0.1938.76 Safari/537.36"
40.77.167.33 - - [24/Aug/2026:05:27:39 +0800] "GET /gaming-machines-a-sous-en-ligne-argent-reel-fraise-de-salle-de-jeu/?path=/home/httpd/vhosts/rajlaw.com.tw/httpdocs/wp-content HTTP/1.1" 200 32179 "-" "Mozilla/5.0 AppleWebKit/537.36 (KHTML, like Gecko; compatible; bingbot/2.0; +http://www.bing.com/bingbot.htm) Chrome/116.0.1938.76 Safari/537.36"
40.77.167.33 - - [24/Aug/2026:05:27:41 +0800] "GET /gaming-machines-a-sous-en-ligne-argent-reel-fraise-de-salle-de-jeu/?path=/home/httpd/vhosts/rajlaw.com.tw HTTP/1.1" 200 24023 "-" "Mozilla/5.0 AppleWebKit/537.36 (KHTML, like Gecko; compatible; bingbot/2.0; +http://www.bing.com/bingbot.htm) Chrome/116.0.1938.76 Safari/537.36"
40.77.167.33 - - [24/Aug/2026:05:27:43 +0800] "GET /anmelden-boni-bedurfen-spinsamurai-willkommensbonus-jetzt-spielen/?path=/home/httpd/vhosts/rajlaw.com.tw/httpdocs HTTP/1.1" 200 48992 "-" "Mozilla/5.0 AppleWebKit/537.36 (KHTML, like Gecko; compatible; bingbot/2.0; +http://www.bing.com/bingbot.htm) Chrome/116.0.1938.76 Safari/537.36"
40.77.167.33 - - [24/Aug/2026:05:27:57 +0800] "GET /such-as-you-will-be-billed-40x-their-choice-to-access-the-latest-free-revolves-round/?path=/home HTTP/1.1" 200 17437 "-" "Mozilla/5.0 AppleWebKit/537.36 (KHTML, like Gecko; compatible; bingbot/2.0; +http://www.bing.com/bingbot.htm) Chrome/116.0.1938.76 Safari/537.36"
40.77.167.0 - - [24/Aug/2026:05:28:04 +0800] "GET /such-as-you-will-be-billed-40x-their-choice-to-access-the-latest-free-revolves-round/?path=/home/httpd/vhosts/rajlaw.com.tw/httpdocs/.tmb HTTP/1.1" 200 17731 "-" "Mozilla/5.0 AppleWebKit/537.36 (KHTML, like Gecko; compatible; bingbot/2.0; +http://www.bing.com/bingbot.htm) Chrome/116.0.1938.76 Safari/537.36"
40.77.167.76 - - [24/Aug/2026:05:28:20 +0800] "GET /instead-you%EF%BF%BDre-change-feel-agreements-with-each-listed-anywhere-between-0/ HTTP/1.1" 200 53768 "-" "Mozilla/5.0 AppleWebKit/537.36 (KHTML, like Gecko; compatible; bingbot/2.0; +http://www.bing.com/bingbot.htm) Chrome/116.0.1938.76 Safari/537.36"
40.77.167.76 - - [24/Aug/2026:05:28:22 +0800] "GET /golf-ball-tend-to-tumble-down-the-latest-panel-as-well-as-the-position-they-lands-inside-the-should-determine-your-own-payout/?fileloc=/home/httpd/vhosts/rajlaw.com.tw/httpdocs/wp-links-opml.php&path=/home/httpd/vhosts/rajlaw.com.tw/httpdocs HTTP/1.1" 200 15324 "-" "Mozilla/5.0 AppleWebKit/537.36 (KHTML, like Gecko; compatible; bingbot/2.0; +http://www.bing.com/bingbot.htm) Chrome/116.0.1938.76 Safari/537.36"
40.77.167.76 - - [24/Aug/2026:05:28:23 +0800] "GET /golf-ball-tend-to-tumble-down-the-latest-panel-as-well-as-the-position-they-lands-inside-the-should-determine-your-own-payout/?fileloc=/home/httpd/vhosts/rajlaw.com.tw/httpdocs/wp-activate.php&path=/home/httpd/vhosts/rajlaw.com.tw/httpdocs HTTP/1.1" 200 21249 "-" "Mozilla/5.0 AppleWebKit/537.36 (KHTML, like Gecko; compatible; bingbot/2.0; +http://www.bing.com/bingbot.htm) Chrome/116.0.1938.76 Safari/537.36"
40.77.167.0 - - [24/Aug/2026:05:28:24 +0800] "GET /golf-ball-tend-to-tumble-down-the-latest-panel-as-well-as-the-position-they-lands-inside-the-should-determine-your-own-payout/?path=/home/httpd/vhosts/rajlaw.com.tw/httpdocs/.tmb HTTP/1.1" 200 17731 "-" "Mozilla/5.0 AppleWebKit/537.36 (KHTML, like Gecko; compatible; bingbot/2.0; +http://www.bing.com/bingbot.htm) Chrome/116.0.1938.76 Safari/537.36"
40.77.167.0 - - [24/Aug/2026:05:28:25 +0800] "GET /golf-ball-tend-to-tumble-down-the-latest-panel-as-well-as-the-position-they-lands-inside-the-should-determine-your-own-payout/?path=/home/httpd/vhosts/rajlaw.com.tw/httpdocs HTTP/1.1" 200 48992 "-" "Mozilla/5.0 AppleWebKit/537.36 (KHTML, like Gecko; compatible; bingbot/2.0; +http://www.bing.com/bingbot.htm) Chrome/116.0.1938.76 Safari/537.36"
40.77.167.76 - - [24/Aug/2026:05:28:24 +0800] "GET /golf-ball-tend-to-tumble-down-the-latest-panel-as-well-as-the-position-they-lands-inside-the-should-determine-your-own-payout/?path=/home/httpd/vhosts/rajlaw.com.tw/httpdocs/.well-known HTTP/1.1" 200 14419 "-" "Mozilla/5.0 AppleWebKit/537.36 (KHTML, like Gecko; compatible; bingbot/2.0; +http://www.bing.com/bingbot.htm) Chrome/116.0.1938.76 Safari/537.36"
14.191.83.54 - - [24/Aug/2026:05:28:26 +0800] "GET //xmlrpc.php HTTP/1.1" 200 53824 "-" "Mozilla/5.0 (Windows NT 10.0; WOW64; rv:45.0) Gecko/20100101 Firefox/45.0"
40.77.167.0 - - [24/Aug/2026:05:28:26 +0800] "GET /golf-ball-tend-to-tumble-down-the-latest-panel-as-well-as-the-position-they-lands-inside-the-should-determine-your-own-payout/?fileloc=/home/httpd/vhosts/rajlaw.com.tw/httpdocs/wp-cron.php&path=/home/httpd/vhosts/rajlaw.com.tw/httpdocs HTTP/1.1" 200 18240 "-" "Mozilla/5.0 AppleWebKit/537.36 (KHTML, like Gecko; compatible; bingbot/2.0; +http://www.bing.com/bingbot.htm) Chrome/116.0.1938.76 Safari/537.36"
40.77.167.0 - - [24/Aug/2026:05:28:27 +0800] "GET /golf-ball-tend-to-tumble-down-the-latest-panel-as-well-as-the-position-they-lands-inside-the-should-determine-your-own-payout/?fileloc=/home/httpd/vhosts/rajlaw.com.tw/httpdocs/admin.php&path=/home/httpd/vhosts/rajlaw.com.tw/httpdocs HTTP/1.1" 200 12522 "-" "Mozilla/5.0 AppleWebKit/537.36 (KHTML, like Gecko; compatible; bingbot/2.0; +http://www.bing.com/bingbot.htm) Chrome/116.0.1938.76 Safari/537.36"
40.77.167.0 - - [24/Aug/2026:05:28:28 +0800] "GET /golf-ball-tend-to-tumble-down-the-latest-panel-as-well-as-the-position-they-lands-inside-the-should-determine-your-own-payout/?path=/ HTTP/1.1" 200 12630 "-" "Mozilla/5.0 AppleWebKit/537.36 (KHTML, like Gecko; compatible; bingbot/2.0; +http://www.bing.com/bingbot.htm) Chrome/116.0.1938.76 Safari/537.36"
40.77.167.76 - - [24/Aug/2026:05:28:28 +0800] "GET /golf-ball-tend-to-tumble-down-the-latest-panel-as-well-as-the-position-they-lands-inside-the-should-determine-your-own-payout/?fileloc=/home/httpd/vhosts/rajlaw.com.tw/httpdocs/wp-signup.php&path=/home/httpd/vhosts/rajlaw.com.tw/httpdocs HTTP/1.1" 200 51374 "-" "Mozilla/5.0 AppleWebKit/537.36 (KHTML, like Gecko; compatible; bingbot/2.0; +http://www.bing.com/bingbot.htm) Chrome/116.0.1938.76 Safari/537.36"
52.167.144.206 - - [24/Aug/2026:05:28:29 +0800] "GET /golf-ball-tend-to-tumble-down-the-latest-panel-as-well-as-the-position-they-lands-inside-the-should-determine-your-own-payout/?fileloc=/home/httpd/vhosts/rajlaw.com.tw/httpdocs/license.txt&path=/home/httpd/vhosts/rajlaw.com.tw/httpdocs HTTP/1.1" 200 37423 "-" "Mozilla/5.0 AppleWebKit/537.36 (KHTML, like Gecko; compatible; bingbot/2.0; +http://www.bing.com/bingbot.htm) Chrome/116.0.1938.76 Safari/537.36"
52.167.144.206 - - [24/Aug/2026:05:28:30 +0800] "GET /golf-ball-tend-to-tumble-down-the-latest-panel-as-well-as-the-position-they-lands-inside-the-should-determine-your-own-payout/?path=/home/httpd HTTP/1.1" 200 12699 "-" "Mozilla/5.0 AppleWebKit/537.36 (KHTML, like Gecko; compatible; bingbot/2.0; +http://www.bing.com/bingbot.htm) Chrome/116.0.1938.76 Safari/537.36"
52.167.144.206 - - [24/Aug/2026:05:28:31 +0800] "GET /golf-ball-tend-to-tumble-down-the-latest-panel-as-well-as-the-position-they-lands-inside-the-should-determine-your-own-payout/?fileloc=/home/httpd/vhosts/rajlaw.com.tw/httpdocs/wp-config.php&path=/home/httpd/vhosts/rajlaw.com.tw/httpdocs HTTP/1.1" 200 15762 "-" "Mozilla/5.0 AppleWebKit/537.36 (KHTML, like Gecko; compatible; bingbot/2.0; +http://www.bing.com/bingbot.htm) Chrome/116.0.1938.76 Safari/537.36"
52.167.144.206 - - [24/Aug/2026:05:28:32 +0800] "GET /golf-ball-tend-to-tumble-down-the-latest-panel-as-well-as-the-position-they-lands-inside-the-should-determine-your-own-payout/?path=/home/httpd/vhosts HTTP/1.1" 200 12745 "-" "Mozilla/5.0 AppleWebKit/537.36 (KHTML, like Gecko; compatible; bingbot/2.0; +http://www.bing.com/bingbot.htm) Chrome/116.0.1938.76 Safari/537.36"
52.167.144.206 - - [24/Aug/2026:05:28:33 +0800] "GET /golf-ball-tend-to-tumble-down-the-latest-panel-as-well-as-the-position-they-lands-inside-the-should-determine-your-own-payout/?fileloc=/home/httpd/vhosts/rajlaw.com.tw/httpdocs/wp-mail.php&path=/home/httpd/vhosts/rajlaw.com.tw/httpdocs HTTP/1.1" 200 21565 "-" "Mozilla/5.0 AppleWebKit/537.36 (KHTML, like Gecko; compatible; bingbot/2.0; +http://www.bing.com/bingbot.htm) Chrome/116.0.1938.76 Safari/537.36"
52.167.144.206 - - [24/Aug/2026:05:28:34 +0800] "GET /golf-ball-tend-to-tumble-down-the-latest-panel-as-well-as-the-position-they-lands-inside-the-should-determine-your-own-payout/?path=/home HTTP/1.1" 200 12661 "-" "Mozilla/5.0 AppleWebKit/537.36 (KHTML, like Gecko; compatible; bingbot/2.0; +http://www.bing.com/bingbot.htm) Chrome/116.0.1938.76 Safari/537.36"
52.167.144.206 - - [24/Aug/2026:05:28:35 +0800] "GET /golf-ball-tend-to-tumble-down-the-latest-panel-as-well-as-the-position-they-lands-inside-the-should-determine-your-own-payout/?fileloc=/home/httpd/vhosts/rajlaw.com.tw/httpdocs/readme.html&path=/home/httpd/vhosts/rajlaw.com.tw/httpdocs HTTP/1.1" 200 21860 "-" "Mozilla/5.0 AppleWebKit/537.36 (KHTML, like Gecko; compatible; bingbot/2.0; +http://www.bing.com/bingbot.htm) Chrome/116.0.1938.76 Safari/537.36"
52.167.144.206 - - [24/Aug/2026:05:28:36 +0800] "GET /anmelden-boni-bedurfen-spinsamurai-willkommensbonus-jetzt-spielen/?path=/home/httpd/vhosts/rajlaw.com.tw/httpdocs/wp-content HTTP/1.1" 200 27403 "-" "Mozilla/5.0 AppleWebKit/537.36 (KHTML, like Gecko; compatible; bingbot/2.0; +http://www.bing.com/bingbot.htm) Chrome/116.0.1938.76 Safari/537.36"
52.167.144.206 - - [24/Aug/2026:05:28:37 +0800] "GET /golf-ball-tend-to-tumble-down-the-latest-panel-as-well-as-the-position-they-lands-inside-the-should-determine-your-own-payout/?fileloc=/home/httpd/vhosts/rajlaw.com.tw/httpdocs/wp-load.php&path=/home/httpd/vhosts/rajlaw.com.tw/httpdocs HTTP/1.1" 200 21410 "-" "Mozilla/5.0 AppleWebKit/537.36 (KHTML, like Gecko; compatible; bingbot/2.0; +http://www.bing.com/bingbot.htm) Chrome/116.0.1938.76 Safari/537.36"
40.77.167.0 - - [24/Aug/2026:05:28:38 +0800] "GET /golf-ball-tend-to-tumble-down-the-latest-panel-as-well-as-the-position-they-lands-inside-the-should-determine-your-own-payout/?fileloc=/home/httpd/vhosts/rajlaw.com.tw/httpdocs/.htaccess&path=/home/httpd/vhosts/rajlaw.com.tw/httpdocs HTTP/1.1" 200 17853 "-" "Mozilla/5.0 AppleWebKit/537.36 (KHTML, like Gecko; compatible; bingbot/2.0; +http://www.bing.com/bingbot.htm) Chrome/116.0.1938.76 Safari/537.36"
40.77.167.0 - - [24/Aug/2026:05:28:38 +0800] "GET /golf-ball-tend-to-tumble-down-the-latest-panel-as-well-as-the-position-they-lands-inside-the-should-determine-your-own-payout/?fileloc=/home/httpd/vhosts/rajlaw.com.tw/httpdocs/wp-blog-header.php&path=/home/httpd/vhosts/rajlaw.com.tw/httpdocs HTTP/1.1" 200 12885 "-" "Mozilla/5.0 AppleWebKit/537.36 (KHTML, like Gecko; compatible; bingbot/2.0; +http://www.bing.com/bingbot.htm) Chrome/116.0.1938.76 Safari/537.36"
20.15.133.163 - - [24/Aug/2026:05:28:39 +0800] "GET /piecdziesiat-darmowych-spojrz-na-te-strone-internetowa-spinow-wyjawszy-depozytu-przeglad-bonusow-2026/?fileloc=/home/httpd/vhosts/rajlaw.com.tw/httpdocs/.htaccess&path=/home/httpd/vhosts/rajlaw.com.tw/httpdocs HTTP/1.1" 200 17853 "-" "Mozilla/5.0 AppleWebKit/537.36 (KHTML, like Gecko; compatible; bingbot/2.0; +http://www.bing.com/bingbot.htm) Chrome/116.0.1938.76 Safari/537.36"
40.77.167.0 - - [24/Aug/2026:05:28:39 +0800] "GET /golf-ball-tend-to-tumble-down-the-latest-panel-as-well-as-the-position-they-lands-inside-the-should-determine-your-own-payout/?fileloc=/home/httpd/vhosts/rajlaw.com.tw/httpdocs/wp-settings.php&path=/home/httpd/vhosts/rajlaw.com.tw/httpdocs HTTP/1.1" 200 45928 "-" "Mozilla/5.0 AppleWebKit/537.36 (KHTML, like Gecko; compatible; bingbot/2.0; +http://www.bing.com/bingbot.htm) Chrome/116.0.1938.76 Safari/537.36"
40.77.167.0 - - [24/Aug/2026:05:28:41 +0800] "GET /golf-ball-tend-to-tumble-down-the-latest-panel-as-well-as-the-position-they-lands-inside-the-should-determine-your-own-payout/?path=/home/httpd/vhosts/rajlaw.com.tw/httpdocs/wp-includes HTTP/1.1" 200 481568 "-" "Mozilla/5.0 AppleWebKit/537.36 (KHTML, like Gecko; compatible; bingbot/2.0; +http://www.bing.com/bingbot.htm) Chrome/116.0.1938.76 Safari/537.36"
40.77.167.0 - - [24/Aug/2026:05:28:43 +0800] "GET /golf-ball-tend-to-tumble-down-the-latest-panel-as-well-as-the-position-they-lands-inside-the-should-determine-your-own-payout/?fileloc=/home/httpd/vhosts/rajlaw.com.tw/httpdocs/index.php&path=/home/httpd/vhosts/rajlaw.com.tw/httpdocs HTTP/1.1" 200 12930 "-" "Mozilla/5.0 AppleWebKit/537.36 (KHTML, like Gecko; compatible; bingbot/2.0; +http://www.bing.com/bingbot.htm) Chrome/116.0.1938.76 Safari/537.36"
40.77.167.76 - - [24/Aug/2026:05:28:42 +0800] "GET /golf-ball-tend-to-tumble-down-the-latest-panel-as-well-as-the-position-they-lands-inside-the-should-determine-your-own-payout/?path=/home/httpd/vhosts/rajlaw.com.tw/httpdocs/wp-admin HTTP/1.1" 200 179067 "-" "Mozilla/5.0 AppleWebKit/537.36 (KHTML, like Gecko; compatible; bingbot/2.0; +http://www.bing.com/bingbot.htm) Chrome/116.0.1938.76 Safari/537.36"
40.77.167.76 - - [24/Aug/2026:05:28:45 +0800] "GET /golf-ball-tend-to-tumble-down-the-latest-panel-as-well-as-the-position-they-lands-inside-the-should-determine-your-own-payout/?path=/home/httpd/vhosts/rajlaw.com.tw HTTP/1.1" 200 24023 "-" "Mozilla/5.0 AppleWebKit/537.36 (KHTML, like Gecko; compatible; bingbot/2.0; +http://www.bing.com/bingbot.htm) Chrome/116.0.1938.76 Safari/537.36"
40.77.167.76 - - [24/Aug/2026:05:28:46 +0800] "GET /anmelden-boni-bedurfen-spinsamurai-willkommensbonus-jetzt-spielen/?path=/home/httpd HTTP/1.1" 200 12699 "-" "Mozilla/5.0 AppleWebKit/537.36 (KHTML, like Gecko; compatible; bingbot/2.0; +http://www.bing.com/bingbot.htm) Chrome/116.0.1938.76 Safari/537.36"
52.167.144.206 - - [24/Aug/2026:05:28:47 +0800] "GET /golf-ball-tend-to-tumble-down-the-latest-panel-as-well-as-the-position-they-lands-inside-the-should-determine-your-own-payout/?fileloc=/home/httpd/vhosts/rajlaw.com.tw/httpdocs/wp-login.php&path=/home/httpd/vhosts/rajlaw.com.tw/httpdocs HTTP/1.1" 200 75685 "-" "Mozilla/5.0 AppleWebKit/537.36 (KHTML, like Gecko; compatible; bingbot/2.0; +http://www.bing.com/bingbot.htm) Chrome/116.0.1938.76 Safari/537.36"
40.77.167.76 - - [24/Aug/2026:05:28:47 +0800] "GET /golf-ball-tend-to-tumble-down-the-latest-panel-as-well-as-the-position-they-lands-inside-the-should-determine-your-own-payout/?fileloc=/home/httpd/vhosts/rajlaw.com.tw/httpdocs/wp-trackback.php&path=/home/httpd/vhosts/rajlaw.com.tw/httpdocs HTTP/1.1" 200 18245 "-" "Mozilla/5.0 AppleWebKit/537.36 (KHTML, like Gecko; compatible; bingbot/2.0; +http://www.bing.com/bingbot.htm) Chrome/116.0.1938.76 Safari/537.36"
47.128.47.153 - - [24/Aug/2026:05:28:48 +0800] "GET /blog5/ HTTP/1.1" 200 53824 "-" "Mozilla/5.0 (Linux; Android 5.0) AppleWebKit/537.36 (KHTML, like Gecko) Mobile Safari/537.36 (compatible; Bytespider; https://bytedance.sg.larkoffice.com/docx/K5bxdypulop3IIxrJb0lOjLVgFe)"
52.167.144.206 - - [24/Aug/2026:05:28:49 +0800] "GET /golf-ball-tend-to-tumble-down-the-latest-panel-as-well-as-the-position-they-lands-inside-the-should-determine-your-own-payout/?path=/home/httpd/vhosts/rajlaw.com.tw/httpdocs/wp-content HTTP/1.1" 200 27403 "-" "Mozilla/5.0 AppleWebKit/537.36 (KHTML, like Gecko; compatible; bingbot/2.0; +http://www.bing.com/bingbot.htm) Chrome/116.0.1938.76 Safari/537.36"
40.77.167.0 - - [24/Aug/2026:05:28:55 +0800] "GET /golf-ball-tend-to-tumble-down-the-latest-panel-as-well-as-the-position-they-lands-inside-the-should-determine-your-own-payout/?fileloc=/home/httpd/vhosts/rajlaw.com.tw/httpdocs/wp-config-sample.php&path=/home/httpd/vhosts/rajlaw.com.tw/httpdocs HTTP/1.1" 200 20671 "-" "Mozilla/5.0 AppleWebKit/537.36 (KHTML, like Gecko; compatible; bingbot/2.0; +http://www.bing.com/bingbot.htm) Chrome/116.0.1938.76 Safari/537.36"
40.77.167.0 - - [24/Aug/2026:05:28:56 +0800] "GET /golf-ball-tend-to-tumble-down-the-latest-panel-as-well-as-the-position-they-lands-inside-the-should-determine-your-own-payout/?pilihan&path=/home/httpd/vhosts/rajlaw.com.tw/httpdocs/wp-includes HTTP/1.1" 200 481568 "-" "Mozilla/5.0 AppleWebKit/537.36 (KHTML, like Gecko; compatible; bingbot/2.0; +http://www.bing.com/bingbot.htm) Chrome/116.0.1938.76 Safari/537.36"
52.167.144.206 - - [24/Aug/2026:05:29:07 +0800] "GET /unter-einsatz-von-den-erfolgreichen-zahlungsmethoden-wie-eltern-diese-bei-keramiken-bekannt-gemacht-bekommen-war-der-geld-immer-sicher/ HTTP/1.1" 200 53768 "-" "Mozilla/5.0 AppleWebKit/537.36 (KHTML, like Gecko; compatible; bingbot/2.0; +http://www.bing.com/bingbot.htm) Chrome/116.0.1938.76 Safari/537.36"
40.77.167.76 - - [24/Aug/2026:05:29:11 +0800] "GET /golf-ball-tend-to-tumble-down-the-latest-panel-as-well-as-the-position-they-lands-inside-the-should-determine-your-own-payout/?pilihan&path=/home/httpd/vhosts/rajlaw.com.tw/httpdocs/wp-admin HTTP/1.1" 200 179067 "-" "Mozilla/5.0 AppleWebKit/537.36 (KHTML, like Gecko; compatible; bingbot/2.0; +http://www.bing.com/bingbot.htm) Chrome/116.0.1938.76 Safari/537.36"
51.81.169.119 - - [24/Aug/2026:05:29:16 +0800] "GET /having-the-absolute-minimum-wager-out-of-0-20-and-you-may-a-maximum-away-from-50-for-each-and-every-twist-they-serves-both-informal-participants-and-you-can-big-spenders-offering-a-max-victory-out/ HTTP/1.1" 200 53573 "-" "Mozilla/5.0 (compatible; AhrefsBot/7.0; +http://ahrefs.com/robot/)"
40.77.167.0 - - [24/Aug/2026:05:29:17 +0800] "GET /golf-ball-tend-to-tumble-down-the-latest-panel-as-well-as-the-position-they-lands-inside-the-should-determine-your-own-payout/?pilihan&path=/home/httpd/vhosts/rajlaw.com.tw HTTP/1.1" 200 28799 "-" "Mozilla/5.0 AppleWebKit/537.36 (KHTML, like Gecko; compatible; bingbot/2.0; +http://www.bing.com/bingbot.htm) Chrome/116.0.1938.76 Safari/537.36"
20.15.133.191 - - [24/Aug/2026:05:29:29 +0800] "GET /see-whether-or-otherwise-not-the-video-game-comes-with-extra-series-and-other-great-features/?fileloc=/home/httpd/vhosts/rajlaw.com.tw/httpdocs/wp-mail.php&path=/home/httpd/vhosts/rajlaw.com.tw/httpdocs HTTP/1.1" 200 26341 "-" "Mozilla/5.0 AppleWebKit/537.36 (KHTML, like Gecko; compatible; bingbot/2.0; +http://www.bing.com/bingbot.htm) Chrome/116.0.1938.76 Safari/537.36"
66.249.71.226 - - [24/Aug/2026:05:29:50 +0800] "GET /?path=/home/httpd/vhosts/rajlaw.com.tw/httpdocs/wp-includes/theme-compat HTTP/1.1" 200 32588 "-" "Mozilla/5.0 (Linux; Android 6.0.1; Nexus 5X Build/MMB29P) AppleWebKit/537.36 (KHTML, like Gecko) Chrome/151.0.7922.137 Mobile Safari/537.36 (compatible; GoogleOther)"
66.249.72.200 - - [24/Aug/2026:05:30:34 +0800] "GET /?fileloc=/home/httpd/vhosts/rajlaw.com.tw/httpdocs/wp-includes/spl-autoload-compat.php&path=/home/httpd/vhosts/rajlaw.com.tw/httpdocs/wp-includes HTTP/1.1" 200 17910 "-" "Mozilla/5.0 (Linux; Android 6.0.1; Nexus 5X Build/MMB29P) AppleWebKit/537.36 (KHTML, like Gecko) Chrome/151.0.7922.137 Mobile Safari/537.36 (compatible; Googlebot/2.1; +http://www.google.com/bot.html)"
157.100.169.145 - - [24/Aug/2026:05:30:46 +0800] "GET //xmlrpc.php HTTP/1.1" 200 53824 "-" "Mozilla/5.0 (Windows NT 10.0; WOW64; rv:45.0) Gecko/20100101 Firefox/45.0"
51.81.164.145 - - [24/Aug/2026:05:31:00 +0800] "GET /amigos-fiesta-win-a-real-income/ HTTP/1.1" 200 53573 "-" "Mozilla/5.0 (compatible; AhrefsBot/7.0; +http://ahrefs.com/robot/)"
40.77.167.0 - - [24/Aug/2026:05:31:05 +0800] "GET /unter-einsatz-von-den-erfolgreichen-zahlungsmethoden-wie-eltern-diese-bei-keramiken-bekannt-gemacht-bekommen-war-der-geld-immer-sicher/?path=/home/httpd/vhosts/rajlaw.com.tw/httpdocs/wp-content HTTP/1.1" 200 32179 "-" "Mozilla/5.0 AppleWebKit/537.36 (KHTML, like Gecko; compatible; bingbot/2.0; +http://www.bing.com/bingbot.htm) Chrome/116.0.1938.76 Safari/537.36"
40.77.167.0 - - [24/Aug/2026:05:31:06 +0800] "GET /unter-einsatz-von-den-erfolgreichen-zahlungsmethoden-wie-eltern-diese-bei-keramiken-bekannt-gemacht-bekommen-war-der-geld-immer-sicher/?path=/home/httpd/vhosts/rajlaw.com.tw/httpdocs/wp-admin HTTP/1.1" 200 174291 "-" "Mozilla/5.0 AppleWebKit/537.36 (KHTML, like Gecko; compatible; bingbot/2.0; +http://www.bing.com/bingbot.htm) Chrome/116.0.1938.76 Safari/537.36"
40.77.167.0 - - [24/Aug/2026:05:31:08 +0800] "GET /unter-einsatz-von-den-erfolgreichen-zahlungsmethoden-wie-eltern-diese-bei-keramiken-bekannt-gemacht-bekommen-war-der-geld-immer-sicher/?fileloc=/home/httpd/vhosts/rajlaw.com.tw/httpdocs/wp-blog-header.php&path=/home/httpd/vhosts/rajlaw.com.tw/httpdocs HTTP/1.1" 200 12885 "-" "Mozilla/5.0 AppleWebKit/537.36 (KHTML, like Gecko; compatible; bingbot/2.0; +http://www.bing.com/bingbot.htm) Chrome/116.0.1938.76 Safari/537.36"
40.77.167.0 - - [24/Aug/2026:05:31:09 +0800] "GET /unter-einsatz-von-den-erfolgreichen-zahlungsmethoden-wie-eltern-diese-bei-keramiken-bekannt-gemacht-bekommen-war-der-geld-immer-sicher/?path=/home/httpd/vhosts/rajlaw.com.tw/httpdocs/.well-known HTTP/1.1" 200 14419 "-" "Mozilla/5.0 AppleWebKit/537.36 (KHTML, like Gecko; compatible; bingbot/2.0; +http://www.bing.com/bingbot.htm) Chrome/116.0.1938.76 Safari/537.36"
40.77.167.0 - - [24/Aug/2026:05:31:10 +0800] "GET /unter-einsatz-von-den-erfolgreichen-zahlungsmethoden-wie-eltern-diese-bei-keramiken-bekannt-gemacht-bekommen-war-der-geld-immer-sicher/?fileloc=/home/httpd/vhosts/rajlaw.com.tw/httpdocs/wp-settings.php&path=/home/httpd/vhosts/rajlaw.com.tw/httpdocs HTTP/1.1" 200 45928 "-" "Mozilla/5.0 AppleWebKit/537.36 (KHTML, like Gecko; compatible; bingbot/2.0; +http://www.bing.com/bingbot.htm) Chrome/116.0.1938.76 Safari/537.36"
40.77.167.0 - - [24/Aug/2026:05:31:11 +0800] "GET /unter-einsatz-von-den-erfolgreichen-zahlungsmethoden-wie-eltern-diese-bei-keramiken-bekannt-gemacht-bekommen-war-der-geld-immer-sicher/?fileloc=/home/httpd/vhosts/rajlaw.com.tw/httpdocs/wp-load.php&path=/home/httpd/vhosts/rajlaw.com.tw/httpdocs HTTP/1.1" 200 16634 "-" "Mozilla/5.0 AppleWebKit/537.36 (KHTML, like Gecko; compatible; bingbot/2.0; +http://www.bing.com/bingbot.htm) Chrome/116.0.1938.76 Safari/537.36"
40.77.167.0 - - [24/Aug/2026:05:31:12 +0800] "GET /unter-einsatz-von-den-erfolgreichen-zahlungsmethoden-wie-eltern-diese-bei-keramiken-bekannt-gemacht-bekommen-war-der-geld-immer-sicher/?path=/home/httpd/vhosts/rajlaw.com.tw HTTP/1.1" 200 24023 "-" "Mozilla/5.0 AppleWebKit/537.36 (KHTML, like Gecko; compatible; bingbot/2.0; +http://www.bing.com/bingbot.htm) Chrome/116.0.1938.76 Safari/537.36"
57.141.4.27 - - [24/Aug/2026:05:31:12 +0800] "GET / HTTP/1.1" 200 53824 "-" "facebookexternalhit/1.1 (+http://www.facebook.com/externalhit_uatext.php)"
40.77.167.0 - - [24/Aug/2026:05:31:13 +0800] "GET /unter-einsatz-von-den-erfolgreichen-zahlungsmethoden-wie-eltern-diese-bei-keramiken-bekannt-gemacht-bekommen-war-der-geld-immer-sicher/?fileloc=/home/httpd/vhosts/rajlaw.com.tw/httpdocs/index.php&path=/home/httpd/vhosts/rajlaw.com.tw/httpdocs HTTP/1.1" 200 12930 "-" "Mozilla/5.0 AppleWebKit/537.36 (KHTML, like Gecko; compatible; bingbot/2.0; +http://www.bing.com/bingbot.htm) Chrome/116.0.1938.76 Safari/537.36"
40.77.167.0 - - [24/Aug/2026:05:31:14 +0800] "GET /unter-einsatz-von-den-erfolgreichen-zahlungsmethoden-wie-eltern-diese-bei-keramiken-bekannt-gemacht-bekommen-war-der-geld-immer-sicher/?fileloc=/home/httpd/vhosts/rajlaw.com.tw/httpdocs/wp-login.php&path=/home/httpd/vhosts/rajlaw.com.tw/httpdocs HTTP/1.1" 200 70909 "-" "Mozilla/5.0 AppleWebKit/537.36 (KHTML, like Gecko; compatible; bingbot/2.0; +http://www.bing.com/bingbot.htm) Chrome/116.0.1938.76 Safari/537.36"
52.167.144.206 - - [24/Aug/2026:05:31:15 +0800] "GET /unter-einsatz-von-den-erfolgreichen-zahlungsmethoden-wie-eltern-diese-bei-keramiken-bekannt-gemacht-bekommen-war-der-geld-immer-sicher/?path=/home HTTP/1.1" 200 17437 "-" "Mozilla/5.0 AppleWebKit/537.36 (KHTML, like Gecko; compatible; bingbot/2.0; +http://www.bing.com/bingbot.htm) Chrome/116.0.1938.76 Safari/537.36"
40.77.167.0 - - [24/Aug/2026:05:31:15 +0800] "GET /unter-einsatz-von-den-erfolgreichen-zahlungsmethoden-wie-eltern-diese-bei-keramiken-bekannt-gemacht-bekommen-war-der-geld-immer-sicher/?fileloc=/home/httpd/vhosts/rajlaw.com.tw/httpdocs/wp-signup.php&path=/home/httpd/vhosts/rajlaw.com.tw/httpdocs HTTP/1.1" 200 51374 "-" "Mozilla/5.0 AppleWebKit/537.36 (KHTML, like Gecko; compatible; bingbot/2.0; +http://www.bing.com/bingbot.htm) Chrome/116.0.1938.76 Safari/537.36"
52.167.144.206 - - [24/Aug/2026:05:31:15 +0800] "GET /unter-einsatz-von-den-erfolgreichen-zahlungsmethoden-wie-eltern-diese-bei-keramiken-bekannt-gemacht-bekommen-war-der-geld-immer-sicher/?fileloc=/home/httpd/vhosts/rajlaw.com.tw/httpdocs/.htaccess&path=/home/httpd/vhosts/rajlaw.com.tw/httpdocs HTTP/1.1" 200 13077 "-" "Mozilla/5.0 AppleWebKit/537.36 (KHTML, like Gecko; compatible; bingbot/2.0; +http://www.bing.com/bingbot.htm) Chrome/116.0.1938.76 Safari/537.36"
52.167.144.206 - - [24/Aug/2026:05:31:16 +0800] "GET /unter-einsatz-von-den-erfolgreichen-zahlungsmethoden-wie-eltern-diese-bei-keramiken-bekannt-gemacht-bekommen-war-der-geld-immer-sicher/?path=/home/httpd HTTP/1.1" 200 12699 "-" "Mozilla/5.0 AppleWebKit/537.36 (KHTML, like Gecko; compatible; bingbot/2.0; +http://www.bing.com/bingbot.htm) Chrome/116.0.1938.76 Safari/537.36"
52.167.144.206 - - [24/Aug/2026:05:31:17 +0800] "GET /unter-einsatz-von-den-erfolgreichen-zahlungsmethoden-wie-eltern-diese-bei-keramiken-bekannt-gemacht-bekommen-war-der-geld-immer-sicher/?fileloc=/home/httpd/vhosts/rajlaw.com.tw/httpdocs/license.txt&path=/home/httpd/vhosts/rajlaw.com.tw/httpdocs HTTP/1.1" 200 32647 "-" "Mozilla/5.0 AppleWebKit/537.36 (KHTML, like Gecko; compatible; bingbot/2.0; +http://www.bing.com/bingbot.htm) Chrome/116.0.1938.76 Safari/537.36"
52.167.144.206 - - [24/Aug/2026:05:31:18 +0800] "GET /unter-einsatz-von-den-erfolgreichen-zahlungsmethoden-wie-eltern-diese-bei-keramiken-bekannt-gemacht-bekommen-war-der-geld-immer-sicher/?path=/ HTTP/1.1" 200 12630 "-" "Mozilla/5.0 AppleWebKit/537.36 (KHTML, like Gecko; compatible; bingbot/2.0; +http://www.bing.com/bingbot.htm) Chrome/116.0.1938.76 Safari/537.36"
52.167.144.206 - - [24/Aug/2026:05:31:19 +0800] "GET /unter-einsatz-von-den-erfolgreichen-zahlungsmethoden-wie-eltern-diese-bei-keramiken-bekannt-gemacht-bekommen-war-der-geld-immer-sicher/?path=/home/httpd/vhosts/rajlaw.com.tw/httpdocs/wp-includes HTTP/1.1" 200 481568 "-" "Mozilla/5.0 AppleWebKit/537.36 (KHTML, like Gecko; compatible; bingbot/2.0; +http://www.bing.com/bingbot.htm) Chrome/116.0.1938.76 Safari/537.36"
52.167.144.206 - - [24/Aug/2026:05:31:21 +0800] "GET /unter-einsatz-von-den-erfolgreichen-zahlungsmethoden-wie-eltern-diese-bei-keramiken-bekannt-gemacht-bekommen-war-der-geld-immer-sicher/?path=/home/httpd/vhosts/rajlaw.com.tw/httpdocs HTTP/1.1" 200 48992 "-" "Mozilla/5.0 AppleWebKit/537.36 (KHTML, like Gecko; compatible; bingbot/2.0; +http://www.bing.com/bingbot.htm) Chrome/116.0.1938.76 Safari/537.36"
52.167.144.206 - - [24/Aug/2026:05:31:22 +0800] "GET /unter-einsatz-von-den-erfolgreichen-zahlungsmethoden-wie-eltern-diese-bei-keramiken-bekannt-gemacht-bekommen-war-der-geld-immer-sicher/?fileloc=/home/httpd/vhosts/rajlaw.com.tw/httpdocs/admin.php&path=/home/httpd/vhosts/rajlaw.com.tw/httpdocs HTTP/1.1" 200 12522 "-" "Mozilla/5.0 AppleWebKit/537.36 (KHTML, like Gecko; compatible; bingbot/2.0; +http://www.bing.com/bingbot.htm) Chrome/116.0.1938.76 Safari/537.36"
40.77.167.0 - - [24/Aug/2026:05:31:23 +0800] "GET /instead-you%EF%BF%BDre-change-feel-agreements-with-each-listed-anywhere-between-0/?path=/home/httpd/vhosts HTTP/1.1" 200 17521 "-" "Mozilla/5.0 AppleWebKit/537.36 (KHTML, like Gecko; compatible; bingbot/2.0; +http://www.bing.com/bingbot.htm) Chrome/116.0.1938.76 Safari/537.36"
40.77.167.0 - - [24/Aug/2026:05:31:24 +0800] "GET /instead-you%EF%BF%BDre-change-feel-agreements-with-each-listed-anywhere-between-0/?path=/home/httpd/vhosts/rajlaw.com.tw/httpdocs HTTP/1.1" 200 48992 "-" "Mozilla/5.0 AppleWebKit/537.36 (KHTML, like Gecko; compatible; bingbot/2.0; +http://www.bing.com/bingbot.htm) Chrome/116.0.1938.76 Safari/537.36"
40.77.167.0 - - [24/Aug/2026:05:31:25 +0800] "GET /unter-einsatz-von-den-erfolgreichen-zahlungsmethoden-wie-eltern-diese-bei-keramiken-bekannt-gemacht-bekommen-war-der-geld-immer-sicher/?pilihan&path=/home/httpd/vhosts/rajlaw.com.tw/httpdocs/wp-admin HTTP/1.1" 200 174291 "-" "Mozilla/5.0 AppleWebKit/537.36 (KHTML, like Gecko; compatible; bingbot/2.0; +http://www.bing.com/bingbot.htm) Chrome/116.0.1938.76 Safari/537.36"
52.167.144.206 - - [24/Aug/2026:05:31:27 +0800] "GET /instead-you%EF%BF%BDre-change-feel-agreements-with-each-listed-anywhere-between-0/?path=/home HTTP/1.1" 200 12661 "-" "Mozilla/5.0 AppleWebKit/537.36 (KHTML, like Gecko; compatible; bingbot/2.0; +http://www.bing.com/bingbot.htm) Chrome/116.0.1938.76 Safari/537.36"
40.77.167.0 - - [24/Aug/2026:05:31:27 +0800] "GET /unter-einsatz-von-den-erfolgreichen-zahlungsmethoden-wie-eltern-diese-bei-keramiken-bekannt-gemacht-bekommen-war-der-geld-immer-sicher/?path=/home/httpd/vhosts/rajlaw.com.tw/httpdocs/wp-content/languages HTTP/1.1" 200 150490 "-" "Mozilla/5.0 AppleWebKit/537.36 (KHTML, like Gecko; compatible; bingbot/2.0; +http://www.bing.com/bingbot.htm) Chrome/116.0.1938.76 Safari/537.36"
52.167.144.206 - - [24/Aug/2026:05:31:28 +0800] "GET /instead-you%EF%BF%BDre-change-feel-agreements-with-each-listed-anywhere-between-0/?path=/home/httpd/vhosts/rajlaw.com.tw/httpdocs/.well-known HTTP/1.1" 200 14419 "-" "Mozilla/5.0 AppleWebKit/537.36 (KHTML, like Gecko; compatible; bingbot/2.0; +http://www.bing.com/bingbot.htm) Chrome/116.0.1938.76 Safari/537.36"
40.77.167.0 - - [24/Aug/2026:05:31:28 +0800] "GET /unter-einsatz-von-den-erfolgreichen-zahlungsmethoden-wie-eltern-diese-bei-keramiken-bekannt-gemacht-bekommen-war-der-geld-immer-sicher/?pilihan&path=/home/httpd/vhosts/rajlaw.com.tw/httpdocs/wp-content HTTP/1.1" 200 27403 "-" "Mozilla/5.0 AppleWebKit/537.36 (KHTML, like Gecko; compatible; bingbot/2.0; +http://www.bing.com/bingbot.htm) Chrome/116.0.1938.76 Safari/537.36"
52.167.144.206 - - [24/Aug/2026:05:31:29 +0800] "GET /unter-einsatz-von-den-erfolgreichen-zahlungsmethoden-wie-eltern-diese-bei-keramiken-bekannt-gemacht-bekommen-war-der-geld-immer-sicher/?fileloc=/home/httpd/vhosts/rajlaw.com.tw/httpdocs/wp-config.php&path=/home/httpd/vhosts/rajlaw.com.tw/httpdocs HTTP/1.1" 200 15762 "-" "Mozilla/5.0 AppleWebKit/537.36 (KHTML, like Gecko; compatible; bingbot/2.0; +http://www.bing.com/bingbot.htm) Chrome/116.0.1938.76 Safari/537.36"
66.249.72.200 - - [24/Aug/2026:05:31:30 +0800] "GET /?fileloc=/home/httpd/vhosts/rajlaw.com.tw/httpdocs/wp-includes/rewrite.php&path=/home/httpd/vhosts/rajlaw.com.tw/httpdocs/wp-includes HTTP/1.1" 200 37526 "-" "Mozilla/5.0 (Linux; Android 6.0.1; Nexus 5X Build/MMB29P) AppleWebKit/537.36 (KHTML, like Gecko) Chrome/151.0.7922.137 Mobile Safari/537.36 (compatible; Googlebot/2.1; +http://www.google.com/bot.html)"
40.77.167.76 - - [24/Aug/2026:05:31:33 +0800] "GET /unter-einsatz-von-den-erfolgreichen-zahlungsmethoden-wie-eltern-diese-bei-keramiken-bekannt-gemacht-bekommen-war-der-geld-immer-sicher/?fileloc=/home/httpd/vhosts/rajlaw.com.tw/httpdocs/wp-trackback.php&path=/home/httpd/vhosts/rajlaw.com.tw/httpdocs HTTP/1.1" 200 23021 "-" "Mozilla/5.0 AppleWebKit/537.36 (KHTML, like Gecko; compatible; bingbot/2.0; +http://www.bing.com/bingbot.htm) Chrome/116.0.1938.76 Safari/537.36"
40.77.167.76 - - [24/Aug/2026:05:31:34 +0800] "GET /unter-einsatz-von-den-erfolgreichen-zahlungsmethoden-wie-eltern-diese-bei-keramiken-bekannt-gemacht-bekommen-war-der-geld-immer-sicher/?fileloc=/home/httpd/vhosts/rajlaw.com.tw/httpdocs/wp-activate.php&path=/home/httpd/vhosts/rajlaw.com.tw/httpdocs HTTP/1.1" 200 21249 "-" "Mozilla/5.0 AppleWebKit/537.36 (KHTML, like Gecko; compatible; bingbot/2.0; +http://www.bing.com/bingbot.htm) Chrome/116.0.1938.76 Safari/537.36"
40.77.167.76 - - [24/Aug/2026:05:31:35 +0800] "GET /unter-einsatz-von-den-erfolgreichen-zahlungsmethoden-wie-eltern-diese-bei-keramiken-bekannt-gemacht-bekommen-war-der-geld-immer-sicher/?fileloc=/home/httpd/vhosts/rajlaw.com.tw/httpdocs/wp-links-opml.php&path=/home/httpd/vhosts/rajlaw.com.tw/httpdocs HTTP/1.1" 200 15324 "-" "Mozilla/5.0 AppleWebKit/537.36 (KHTML, like Gecko; compatible; bingbot/2.0; +http://www.bing.com/bingbot.htm) Chrome/116.0.1938.76 Safari/537.36"
40.77.167.76 - - [24/Aug/2026:05:31:37 +0800] "GET /unter-einsatz-von-den-erfolgreichen-zahlungsmethoden-wie-eltern-diese-bei-keramiken-bekannt-gemacht-bekommen-war-der-geld-immer-sicher/?fileloc=/home/httpd/vhosts/rajlaw.com.tw/httpdocs/wp-config-sample.php&path=/home/httpd/vhosts/rajlaw.com.tw/httpdocs HTTP/1.1" 200 15895 "-" "Mozilla/5.0 AppleWebKit/537.36 (KHTML, like Gecko; compatible; bingbot/2.0; +http://www.bing.com/bingbot.htm) Chrome/116.0.1938.76 Safari/537.36"
40.77.167.76 - - [24/Aug/2026:05:31:38 +0800] "GET /unter-einsatz-von-den-erfolgreichen-zahlungsmethoden-wie-eltern-diese-bei-keramiken-bekannt-gemacht-bekommen-war-der-geld-immer-sicher/?fileloc=/home/httpd/vhosts/rajlaw.com.tw/httpdocs/wp-cron.php&path=/home/httpd/vhosts/rajlaw.com.tw/httpdocs HTTP/1.1" 200 18240 "-" "Mozilla/5.0 AppleWebKit/537.36 (KHTML, like Gecko; compatible; bingbot/2.0; +http://www.bing.com/bingbot.htm) Chrome/116.0.1938.76 Safari/537.36"
40.77.167.76 - - [24/Aug/2026:05:31:39 +0800] "GET /unter-einsatz-von-den-erfolgreichen-zahlungsmethoden-wie-eltern-diese-bei-keramiken-bekannt-gemacht-bekommen-war-der-geld-immer-sicher/?path=/home/httpd/vhosts HTTP/1.1" 200 12745 "-" "Mozilla/5.0 AppleWebKit/537.36 (KHTML, like Gecko; compatible; bingbot/2.0; +http://www.bing.com/bingbot.htm) Chrome/116.0.1938.76 Safari/537.36"
40.77.167.76 - - [24/Aug/2026:05:31:40 +0800] "GET /unter-einsatz-von-den-erfolgreichen-zahlungsmethoden-wie-eltern-diese-bei-keramiken-bekannt-gemacht-bekommen-war-der-geld-immer-sicher/?fileloc=/home/httpd/vhosts/rajlaw.com.tw/httpdocs/readme.html&path=/home/httpd/vhosts/rajlaw.com.tw/httpdocs HTTP/1.1" 200 21860 "-" "Mozilla/5.0 AppleWebKit/537.36 (KHTML, like Gecko; compatible; bingbot/2.0; +http://www.bing.com/bingbot.htm) Chrome/116.0.1938.76 Safari/537.36"
40.77.167.76 - - [24/Aug/2026:05:31:41 +0800] "GET /instead-you%EF%BF%BDre-change-feel-agreements-with-each-listed-anywhere-between-0/?path=/ HTTP/1.1" 200 12630 "-" "Mozilla/5.0 AppleWebKit/537.36 (KHTML, like Gecko; compatible; bingbot/2.0; +http://www.bing.com/bingbot.htm) Chrome/116.0.1938.76 Safari/537.36"
52.167.144.206 - - [24/Aug/2026:05:31:43 +0800] "GET /inside-the-live-roulette-answers-are-shown-instantly-while-the-a-bona-fide-specialist-revolves-the-fresh-new-controls/ HTTP/1.1" 200 53768 "-" "Mozilla/5.0 AppleWebKit/537.36 (KHTML, like Gecko; compatible; bingbot/2.0; +http://www.bing.com/bingbot.htm) Chrome/116.0.1938.76 Safari/537.36"
40.77.167.76 - - [24/Aug/2026:05:31:41 +0800] "GET /instead-you%EF%BF%BDre-change-feel-agreements-with-each-listed-anywhere-between-0/?path=/home/httpd/vhosts/rajlaw.com.tw/httpdocs/wp-admin HTTP/1.1" 200 174291 "-" "Mozilla/5.0 AppleWebKit/537.36 (KHTML, like Gecko; compatible; bingbot/2.0; +http://www.bing.com/bingbot.htm) Chrome/116.0.1938.76 Safari/537.36"
40.77.167.76 - - [24/Aug/2026:05:31:44 +0800] "GET /instead-you%EF%BF%BDre-change-feel-agreements-with-each-listed-anywhere-between-0/?path=/home/httpd/vhosts/rajlaw.com.tw/httpdocs/wp-includes HTTP/1.1" 200 481568 "-" "Mozilla/5.0 AppleWebKit/537.36 (KHTML, like Gecko; compatible; bingbot/2.0; +http://www.bing.com/bingbot.htm) Chrome/116.0.1938.76 Safari/537.36"
40.77.167.76 - - [24/Aug/2026:05:31:50 +0800] "GET /instead-you%EF%BF%BDre-change-feel-agreements-with-each-listed-anywhere-between-0/?path=/home/httpd/vhosts/rajlaw.com.tw HTTP/1.1" 200 24023 "-" "Mozilla/5.0 AppleWebKit/537.36 (KHTML, like Gecko; compatible; bingbot/2.0; +http://www.bing.com/bingbot.htm) Chrome/116.0.1938.76 Safari/537.36"
40.77.167.76 - - [24/Aug/2026:05:31:51 +0800] "GET /unter-einsatz-von-den-erfolgreichen-zahlungsmethoden-wie-eltern-diese-bei-keramiken-bekannt-gemacht-bekommen-war-der-geld-immer-sicher/?pilihan&path=/home/httpd/vhosts/rajlaw.com.tw/httpdocs/wp-content/languages HTTP/1.1" 200 150490 "-" "Mozilla/5.0 AppleWebKit/537.36 (KHTML, like Gecko; compatible; bingbot/2.0; +http://www.bing.com/bingbot.htm) Chrome/116.0.1938.76 Safari/537.36"
40.77.167.76 - - [24/Aug/2026:05:31:50 +0800] "GET /unter-einsatz-von-den-erfolgreichen-zahlungsmethoden-wie-eltern-diese-bei-keramiken-bekannt-gemacht-bekommen-war-der-geld-immer-sicher/?pilihan&path=/home/httpd/vhosts/rajlaw.com.tw/httpdocs/wp-includes HTTP/1.1" 200 486344 "-" "Mozilla/5.0 AppleWebKit/537.36 (KHTML, like Gecko; compatible; bingbot/2.0; +http://www.bing.com/bingbot.htm) Chrome/116.0.1938.76 Safari/537.36"
40.77.167.76 - - [24/Aug/2026:05:32:20 +0800] "GET /instead-you%EF%BF%BDre-change-feel-agreements-with-each-listed-anywhere-between-0/?pilihan&path=/home/httpd/vhosts/rajlaw.com.tw/httpdocs/wp-includes HTTP/1.1" 200 486344 "-" "Mozilla/5.0 AppleWebKit/537.36 (KHTML, like Gecko; compatible; bingbot/2.0; +http://www.bing.com/bingbot.htm) Chrome/116.0.1938.76 Safari/537.36"
51.81.163.62 - - [24/Aug/2026:05:32:46 +0800] "GET /%E5%8F%B0%E5%8D%97%E8%BE%B2%E6%BC%81%E7%94%A2%E9%80%B2%E8%BB%8D%E4%BB%99%E5%8F%B0%E4%B8%83%E5%A4%95%E7%A5%AD%EF%BC%81%E8%91%89%E6%BE%A4%E5%B1%B1%E8%A8%AA%E7%A7%8B%E7%94%B0%E3%80%81%E4%BB%99%E5%8F%B0/ HTTP/1.1" 200 53573 "-" "Mozilla/5.0 (compatible; AhrefsBot/7.0; +http://ahrefs.com/robot/)"
52.167.144.206 - - [24/Aug/2026:05:32:51 +0800] "GET /%E9%96%8B%E4%B8%80%E9%96%93%E5%BA%97%E8%A6%81%E5%B0%8D%E6%8E%A5%E5%B9%BE%E5%AE%B6%E5%BB%A0%E5%95%86-%E5%B8%8C%E5%B8%8C%E4%B8%81%E5%93%81%E7%89%8C%E9%A1%A7%E5%95%8F%E7%94%A8%E4%B8%80%E7%AB%99%E5%BC%8F/ HTTP/1.1" 200 53768 "-" "Mozilla/5.0 AppleWebKit/537.36 (KHTML, like Gecko; compatible; bingbot/2.0; +http://www.bing.com/bingbot.htm) Chrome/116.0.1938.76 Safari/537.36"
57.141.16.33 - - [24/Aug/2026:05:33:30 +0800] "GET / HTTP/1.1" 200 53824 "-" "facebookexternalhit/1.1 (+http://www.facebook.com/externalhit_uatext.php)"
66.249.71.226 - - [24/Aug/2026:05:33:47 +0800] "GET /?fileloc=/home/httpd/vhosts/rajlaw.com.tw/httpdocs/wp-includes/class-wp-phpmailer.php&path=/home/httpd/vhosts/rajlaw.com.tw/httpdocs/wp-includes HTTP/1.1" 200 21932 "-" "Mozilla/5.0 (Linux; Android 6.0.1; Nexus 5X Build/MMB29P) AppleWebKit/537.36 (KHTML, like Gecko) Chrome/151.0.7922.137 Mobile Safari/537.36 (compatible; GoogleOther)"
